{"id":48437,"date":"2025-08-30T10:49:07","date_gmt":"2025-08-30T10:49:07","guid":{"rendered":"https:\/\/burkinistar.com\/?product=armes-leopar-desen-biye-detay-havuz-tankini"},"modified":"2025-08-30T10:49:32","modified_gmt":"2025-08-30T10:49:32","slug":"armes-leopar-desen-biye-detay-havuz-tankini","status":"publish","type":"product","link":"https:\/\/burkinistar.com\/?product=armes-leopar-desen-biye-detay-havuz-tankini","title":{"rendered":"Armes Leopar Desen Biye Detay Havuz Tankini"},"content":{"rendered":"<h2>Armes Leopar Desen Taytl\u0131 Tankini<\/h2>\n<ul>\n<li>\u00dcr\u00fcn\u00fcm\u00fcz 2 par\u00e7ad\u0131r, tayt k\u0131sm\u0131 desenli de\u011fil siyah kuma\u015ft\u0131r.<\/li>\n<li>Kuma\u015f t\u00fcr\u00fc Likral\u0131 Kuma\u015ft\u0131r.<\/li>\n<li>Manken Bedeni 38.<\/li>\n<li>Beden \u00d6l\u00e7\u00fcleri; Tayt Uzunluk:45cm\/\u00dcst Uzunluk:85cm<\/li>\n<\/ul>\n","protected":false},"excerpt":{"rendered":"<p>Armes Leopar Desen Taytl\u0131 Tankini \u00dcr\u00fcn\u00fcm\u00fcz 2 par\u00e7ad\u0131r, tayt k\u0131sm\u0131 desenli de\u011fil siyah kuma\u015ft\u0131r. Kuma\u015f&hellip;<\/p>\n","protected":false},"featured_media":48440,"comment_status":"closed","ping_status":"open","template":"","meta":[],"product_brand":[2555],"product_cat":[2567],"product_tag":[],"class_list":{"0":"post-48437","1":"product","2":"type-product","3":"status-publish","4":"has-post-thumbnail","6":"product_brand-armes","7":"product_cat-elbise-mayo","8":"pa_color-desenli","9":"pa_size-2581","10":"pa_size-2582","12":"first","13":"instock","14":"shipping-taxable","15":"purchasable","16":"product-type-variable","17":"layout-style-2","18":"col-md-4 col-sm-4 col-xs-6","19":"col-lg-4","20":"product-style-slider"},"yoast_head":"<!-- This site is optimized with the Yoast SEO plugin v25.8 - https:\/\/yoast.com\/wordpress\/plugins\/seo\/ -->\n<title>Armes Leopar Desen Biye Detay Havuz Tankini - BURKINISTAR<\/title>\n<meta name=\"robots\" content=\"index, follow, max-snippet:-1, max-image-preview:large, max-video-preview:-1\" \/>\n<link rel=\"canonical\" href=\"https:\/\/burkinistar.com\/?product=armes-leopar-desen-biye-detay-havuz-tankini\" \/>\n<meta property=\"og:locale\" content=\"en_US\" \/>\n<meta property=\"og:type\" content=\"article\" \/>\n<meta property=\"og:title\" content=\"Armes Leopar Desen Biye Detay Havuz Tankini - BURKINISTAR\" \/>\n<meta property=\"og:description\" content=\"Armes Leopar Desen Taytl\u0131 Tankini \u00dcr\u00fcn\u00fcm\u00fcz 2 par\u00e7ad\u0131r, tayt k\u0131sm\u0131 desenli de\u011fil siyah kuma\u015ft\u0131r. Kuma\u015f&hellip;\" \/>\n<meta property=\"og:url\" content=\"https:\/\/burkinistar.com\/?product=armes-leopar-desen-biye-detay-havuz-tankini\" \/>\n<meta property=\"og:site_name\" content=\"BURKINISTAR\" \/>\n<meta property=\"article:modified_time\" content=\"2025-08-30T10:49:32+00:00\" \/>\n<meta property=\"og:image\" content=\"https:\/\/burkinistar.com\/wp-content\/uploads\/2025\/08\/elbise-mayoarmes-leopar-desen-biye-det-a0a-3b.jpg\" \/>\n\t<meta property=\"og:image:width\" content=\"600\" \/>\n\t<meta property=\"og:image:height\" content=\"876\" \/>\n\t<meta property=\"og:image:type\" content=\"image\/jpeg\" \/>\n<meta name=\"twitter:card\" content=\"summary_large_image\" \/>\n<script type=\"application\/ld+json\" class=\"yoast-schema-graph\">{\"@context\":\"https:\/\/schema.org\",\"@graph\":[{\"@type\":\"WebPage\",\"@id\":\"https:\/\/burkinistar.com\/?product=armes-leopar-desen-biye-detay-havuz-tankini\",\"url\":\"https:\/\/burkinistar.com\/?product=armes-leopar-desen-biye-detay-havuz-tankini\",\"name\":\"Armes Leopar Desen Biye Detay Havuz Tankini - BURKINISTAR\",\"isPartOf\":{\"@id\":\"https:\/\/burkinistar.com\/#website\"},\"primaryImageOfPage\":{\"@id\":\"https:\/\/burkinistar.com\/?product=armes-leopar-desen-biye-detay-havuz-tankini#primaryimage\"},\"image\":{\"@id\":\"https:\/\/burkinistar.com\/?product=armes-leopar-desen-biye-detay-havuz-tankini#primaryimage\"},\"thumbnailUrl\":\"https:\/\/burkinistar.com\/wp-content\/uploads\/2025\/08\/elbise-mayoarmes-leopar-desen-biye-det-a0a-3b.jpg\",\"datePublished\":\"2025-08-30T10:49:07+00:00\",\"dateModified\":\"2025-08-30T10:49:32+00:00\",\"breadcrumb\":{\"@id\":\"https:\/\/burkinistar.com\/?product=armes-leopar-desen-biye-detay-havuz-tankini#breadcrumb\"},\"inLanguage\":\"en-US\",\"potentialAction\":[{\"@type\":\"ReadAction\",\"target\":[\"https:\/\/burkinistar.com\/?product=armes-leopar-desen-biye-detay-havuz-tankini\"]}]},{\"@type\":\"ImageObject\",\"inLanguage\":\"en-US\",\"@id\":\"https:\/\/burkinistar.com\/?product=armes-leopar-desen-biye-detay-havuz-tankini#primaryimage\",\"url\":\"https:\/\/burkinistar.com\/wp-content\/uploads\/2025\/08\/elbise-mayoarmes-leopar-desen-biye-det-a0a-3b.jpg\",\"contentUrl\":\"https:\/\/burkinistar.com\/wp-content\/uploads\/2025\/08\/elbise-mayoarmes-leopar-desen-biye-det-a0a-3b.jpg\",\"width\":600,\"height\":876},{\"@type\":\"BreadcrumbList\",\"@id\":\"https:\/\/burkinistar.com\/?product=armes-leopar-desen-biye-detay-havuz-tankini#breadcrumb\",\"itemListElement\":[{\"@type\":\"ListItem\",\"position\":1,\"name\":\"Homepage\",\"item\":\"https:\/\/burkinistar.com\/\"},{\"@type\":\"ListItem\",\"position\":2,\"name\":\"All Products\",\"item\":\"https:\/\/burkinistar.com\/?page_id=8\"},{\"@type\":\"ListItem\",\"position\":3,\"name\":\"Armes Leopar Desen Biye Detay Havuz Tankini\"}]},{\"@type\":\"WebSite\",\"@id\":\"https:\/\/burkinistar.com\/#website\",\"url\":\"https:\/\/burkinistar.com\/\",\"name\":\"BURKINISTAR\",\"description\":\"The Best Modest Swimwear and Bikini Store | Burkinistar\",\"potentialAction\":[{\"@type\":\"SearchAction\",\"target\":{\"@type\":\"EntryPoint\",\"urlTemplate\":\"https:\/\/burkinistar.com\/?s={search_term_string}\"},\"query-input\":{\"@type\":\"PropertyValueSpecification\",\"valueRequired\":true,\"valueName\":\"search_term_string\"}}],\"inLanguage\":\"en-US\"}]}<\/script>\n<!-- \/ Yoast SEO plugin. -->","yoast_head_json":{"title":"Armes Leopar Desen Biye Detay Havuz Tankini - BURKINISTAR","robots":{"index":"index","follow":"follow","max-snippet":"max-snippet:-1","max-image-preview":"max-image-preview:large","max-video-preview":"max-video-preview:-1"},"canonical":"https:\/\/burkinistar.com\/?product=armes-leopar-desen-biye-detay-havuz-tankini","og_locale":"en_US","og_type":"article","og_title":"Armes Leopar Desen Biye Detay Havuz Tankini - BURKINISTAR","og_description":"Armes Leopar Desen Taytl\u0131 Tankini \u00dcr\u00fcn\u00fcm\u00fcz 2 par\u00e7ad\u0131r, tayt k\u0131sm\u0131 desenli de\u011fil siyah kuma\u015ft\u0131r. Kuma\u015f&hellip;","og_url":"https:\/\/burkinistar.com\/?product=armes-leopar-desen-biye-detay-havuz-tankini","og_site_name":"BURKINISTAR","article_modified_time":"2025-08-30T10:49:32+00:00","og_image":[{"width":600,"height":876,"url":"https:\/\/burkinistar.com\/wp-content\/uploads\/2025\/08\/elbise-mayoarmes-leopar-desen-biye-det-a0a-3b.jpg","type":"image\/jpeg"}],"twitter_card":"summary_large_image","schema":{"@context":"https:\/\/schema.org","@graph":[{"@type":"WebPage","@id":"https:\/\/burkinistar.com\/?product=armes-leopar-desen-biye-detay-havuz-tankini","url":"https:\/\/burkinistar.com\/?product=armes-leopar-desen-biye-detay-havuz-tankini","name":"Armes Leopar Desen Biye Detay Havuz Tankini - BURKINISTAR","isPartOf":{"@id":"https:\/\/burkinistar.com\/#website"},"primaryImageOfPage":{"@id":"https:\/\/burkinistar.com\/?product=armes-leopar-desen-biye-detay-havuz-tankini#primaryimage"},"image":{"@id":"https:\/\/burkinistar.com\/?product=armes-leopar-desen-biye-detay-havuz-tankini#primaryimage"},"thumbnailUrl":"https:\/\/burkinistar.com\/wp-content\/uploads\/2025\/08\/elbise-mayoarmes-leopar-desen-biye-det-a0a-3b.jpg","datePublished":"2025-08-30T10:49:07+00:00","dateModified":"2025-08-30T10:49:32+00:00","breadcrumb":{"@id":"https:\/\/burkinistar.com\/?product=armes-leopar-desen-biye-detay-havuz-tankini#breadcrumb"},"inLanguage":"en-US","potentialAction":[{"@type":"ReadAction","target":["https:\/\/burkinistar.com\/?product=armes-leopar-desen-biye-detay-havuz-tankini"]}]},{"@type":"ImageObject","inLanguage":"en-US","@id":"https:\/\/burkinistar.com\/?product=armes-leopar-desen-biye-detay-havuz-tankini#primaryimage","url":"https:\/\/burkinistar.com\/wp-content\/uploads\/2025\/08\/elbise-mayoarmes-leopar-desen-biye-det-a0a-3b.jpg","contentUrl":"https:\/\/burkinistar.com\/wp-content\/uploads\/2025\/08\/elbise-mayoarmes-leopar-desen-biye-det-a0a-3b.jpg","width":600,"height":876},{"@type":"BreadcrumbList","@id":"https:\/\/burkinistar.com\/?product=armes-leopar-desen-biye-detay-havuz-tankini#breadcrumb","itemListElement":[{"@type":"ListItem","position":1,"name":"Homepage","item":"https:\/\/burkinistar.com\/"},{"@type":"ListItem","position":2,"name":"All Products","item":"https:\/\/burkinistar.com\/?page_id=8"},{"@type":"ListItem","position":3,"name":"Armes Leopar Desen Biye Detay Havuz Tankini"}]},{"@type":"WebSite","@id":"https:\/\/burkinistar.com\/#website","url":"https:\/\/burkinistar.com\/","name":"BURKINISTAR","description":"The Best Modest Swimwear and Bikini Store | Burkinistar","potentialAction":[{"@type":"SearchAction","target":{"@type":"EntryPoint","urlTemplate":"https:\/\/burkinistar.com\/?s={search_term_string}"},"query-input":{"@type":"PropertyValueSpecification","valueRequired":true,"valueName":"search_term_string"}}],"inLanguage":"en-US"}]}},"_links":{"self":[{"href":"https:\/\/burkinistar.com\/index.php?rest_route=\/wp\/v2\/product\/48437","targetHints":{"allow":["GET"]}}],"collection":[{"href":"https:\/\/burkinistar.com\/index.php?rest_route=\/wp\/v2\/product"}],"about":[{"href":"https:\/\/burkinistar.com\/index.php?rest_route=\/wp\/v2\/types\/product"}],"replies":[{"embeddable":true,"href":"https:\/\/burkinistar.com\/index.php?rest_route=%2Fwp%2Fv2%2Fcomments&post=48437"}],"version-history":[{"count":1,"href":"https:\/\/burkinistar.com\/index.php?rest_route=\/wp\/v2\/product\/48437\/revisions"}],"predecessor-version":[{"id":48438,"href":"https:\/\/burkinistar.com\/index.php?rest_route=\/wp\/v2\/product\/48437\/revisions\/48438"}],"wp:featuredmedia":[{"embeddable":true,"href":"https:\/\/burkinistar.com\/index.php?rest_route=\/wp\/v2\/media\/48440"}],"wp:attachment":[{"href":"https:\/\/burkinistar.com\/index.php?rest_route=%2Fwp%2Fv2%2Fmedia&parent=48437"}],"wp:term":[{"taxonomy":"product_brand","embeddable":true,"href":"https:\/\/burkinistar.com\/index.php?rest_route=%2Fwp%2Fv2%2Fproduct_brand&post=48437"},{"taxonomy":"product_cat","embeddable":true,"href":"https:\/\/burkinistar.com\/index.php?rest_route=%2Fwp%2Fv2%2Fproduct_cat&post=48437"},{"taxonomy":"product_tag","embeddable":true,"href":"https:\/\/burkinistar.com\/index.php?rest_route=%2Fwp%2Fv2%2Fproduct_tag&post=48437"}],"curies":[{"name":"wp","href":"https:\/\/api.w.org\/{rel}","templated":true}]}}