{"id":48448,"date":"2025-08-30T10:49:07","date_gmt":"2025-08-30T10:49:07","guid":{"rendered":"https:\/\/burkinistar.com\/?product=starinci-mayo-sporcu-bady-bikini-ust"},"modified":"2025-08-30T10:49:32","modified_gmt":"2025-08-30T10:49:32","slug":"starinci-mayo-sporcu-bady-bikini-ust","status":"publish","type":"product","link":"https:\/\/burkinistar.com\/?product=starinci-mayo-sporcu-bady-bikini-ust","title":{"rendered":"Starinci Mayo Sporcu Bady Bikini \u00dcst"},"content":{"rendered":"<h2>Starinci Mayo Sporcu Bady Bikini<\/h2>\n<ul>\n<li>Manken Bedeni M&#8217;dir.<\/li>\n<li>\u00dcr\u00fcn Kuma\u015f\u0131 Likrad\u0131r.<\/li>\n<li>\u00dcr\u00fcn 1 adetden olu\u015fmaktad\u0131r.<\/li>\n<\/ul>\n","protected":false},"excerpt":{"rendered":"<p>Starinci Mayo Sporcu Bady Bikini Manken Bedeni M&#8217;dir. \u00dcr\u00fcn Kuma\u015f\u0131 Likrad\u0131r. \u00dcr\u00fcn 1 adetden olu\u015fmaktad\u0131r.<\/p>\n","protected":false},"featured_media":48451,"comment_status":"closed","ping_status":"open","template":"","meta":[],"product_brand":[2562],"product_cat":[2503],"product_tag":[],"class_list":{"0":"post-48448","1":"product","2":"type-product","3":"status-publish","4":"has-post-thumbnail","6":"product_brand-starinci-mayo","7":"product_cat-bikini","8":"pa_color-siyah","9":"pa_size-xs","11":"first","12":"instock","13":"shipping-taxable","14":"purchasable","15":"product-type-variable","16":"layout-style-2","17":"col-md-4 col-sm-4 col-xs-6","18":"col-lg-4","19":"product-has-gallery","20":"product-style-slider"},"yoast_head":"<!-- This site is optimized with the Yoast SEO plugin v25.8 - https:\/\/yoast.com\/wordpress\/plugins\/seo\/ -->\n<title>Starinci Mayo Sporcu Bady Bikini \u00dcst - BURKINISTAR<\/title>\n<meta name=\"robots\" content=\"index, follow, max-snippet:-1, max-image-preview:large, max-video-preview:-1\" \/>\n<link rel=\"canonical\" href=\"https:\/\/burkinistar.com\/?product=starinci-mayo-sporcu-bady-bikini-ust\" \/>\n<meta property=\"og:locale\" content=\"en_US\" \/>\n<meta property=\"og:type\" content=\"article\" \/>\n<meta property=\"og:title\" content=\"Starinci Mayo Sporcu Bady Bikini \u00dcst - BURKINISTAR\" \/>\n<meta property=\"og:description\" content=\"Starinci Mayo Sporcu Bady Bikini Manken Bedeni M&#8217;dir. \u00dcr\u00fcn Kuma\u015f\u0131 Likrad\u0131r. \u00dcr\u00fcn 1 adetden olu\u015fmaktad\u0131r.\" \/>\n<meta property=\"og:url\" content=\"https:\/\/burkinistar.com\/?product=starinci-mayo-sporcu-bady-bikini-ust\" \/>\n<meta property=\"og:site_name\" content=\"BURKINISTAR\" \/>\n<meta property=\"article:modified_time\" content=\"2025-08-30T10:49:32+00:00\" \/>\n<meta property=\"og:image\" content=\"https:\/\/burkinistar.com\/wp-content\/uploads\/2025\/08\/bikinistarinci-mayo-sporcu-bady-bikini-cc-67b.jpg\" \/>\n\t<meta property=\"og:image:width\" content=\"600\" \/>\n\t<meta property=\"og:image:height\" content=\"900\" \/>\n\t<meta property=\"og:image:type\" content=\"image\/jpeg\" \/>\n<meta name=\"twitter:card\" content=\"summary_large_image\" \/>\n<script type=\"application\/ld+json\" class=\"yoast-schema-graph\">{\"@context\":\"https:\/\/schema.org\",\"@graph\":[{\"@type\":\"WebPage\",\"@id\":\"https:\/\/burkinistar.com\/?product=starinci-mayo-sporcu-bady-bikini-ust\",\"url\":\"https:\/\/burkinistar.com\/?product=starinci-mayo-sporcu-bady-bikini-ust\",\"name\":\"Starinci Mayo Sporcu Bady Bikini \u00dcst - BURKINISTAR\",\"isPartOf\":{\"@id\":\"https:\/\/burkinistar.com\/#website\"},\"primaryImageOfPage\":{\"@id\":\"https:\/\/burkinistar.com\/?product=starinci-mayo-sporcu-bady-bikini-ust#primaryimage\"},\"image\":{\"@id\":\"https:\/\/burkinistar.com\/?product=starinci-mayo-sporcu-bady-bikini-ust#primaryimage\"},\"thumbnailUrl\":\"https:\/\/burkinistar.com\/wp-content\/uploads\/2025\/08\/bikinistarinci-mayo-sporcu-bady-bikini-cc-67b.jpg\",\"datePublished\":\"2025-08-30T10:49:07+00:00\",\"dateModified\":\"2025-08-30T10:49:32+00:00\",\"breadcrumb\":{\"@id\":\"https:\/\/burkinistar.com\/?product=starinci-mayo-sporcu-bady-bikini-ust#breadcrumb\"},\"inLanguage\":\"en-US\",\"potentialAction\":[{\"@type\":\"ReadAction\",\"target\":[\"https:\/\/burkinistar.com\/?product=starinci-mayo-sporcu-bady-bikini-ust\"]}]},{\"@type\":\"ImageObject\",\"inLanguage\":\"en-US\",\"@id\":\"https:\/\/burkinistar.com\/?product=starinci-mayo-sporcu-bady-bikini-ust#primaryimage\",\"url\":\"https:\/\/burkinistar.com\/wp-content\/uploads\/2025\/08\/bikinistarinci-mayo-sporcu-bady-bikini-cc-67b.jpg\",\"contentUrl\":\"https:\/\/burkinistar.com\/wp-content\/uploads\/2025\/08\/bikinistarinci-mayo-sporcu-bady-bikini-cc-67b.jpg\",\"width\":600,\"height\":900},{\"@type\":\"BreadcrumbList\",\"@id\":\"https:\/\/burkinistar.com\/?product=starinci-mayo-sporcu-bady-bikini-ust#breadcrumb\",\"itemListElement\":[{\"@type\":\"ListItem\",\"position\":1,\"name\":\"Homepage\",\"item\":\"https:\/\/burkinistar.com\/\"},{\"@type\":\"ListItem\",\"position\":2,\"name\":\"All Products\",\"item\":\"https:\/\/burkinistar.com\/?page_id=8\"},{\"@type\":\"ListItem\",\"position\":3,\"name\":\"Starinci Mayo Sporcu Bady Bikini \u00dcst\"}]},{\"@type\":\"WebSite\",\"@id\":\"https:\/\/burkinistar.com\/#website\",\"url\":\"https:\/\/burkinistar.com\/\",\"name\":\"BURKINISTAR\",\"description\":\"The Best Modest Swimwear and Bikini Store | Burkinistar\",\"potentialAction\":[{\"@type\":\"SearchAction\",\"target\":{\"@type\":\"EntryPoint\",\"urlTemplate\":\"https:\/\/burkinistar.com\/?s={search_term_string}\"},\"query-input\":{\"@type\":\"PropertyValueSpecification\",\"valueRequired\":true,\"valueName\":\"search_term_string\"}}],\"inLanguage\":\"en-US\"}]}<\/script>\n<!-- \/ Yoast SEO plugin. -->","yoast_head_json":{"title":"Starinci Mayo Sporcu Bady Bikini \u00dcst - BURKINISTAR","robots":{"index":"index","follow":"follow","max-snippet":"max-snippet:-1","max-image-preview":"max-image-preview:large","max-video-preview":"max-video-preview:-1"},"canonical":"https:\/\/burkinistar.com\/?product=starinci-mayo-sporcu-bady-bikini-ust","og_locale":"en_US","og_type":"article","og_title":"Starinci Mayo Sporcu Bady Bikini \u00dcst - BURKINISTAR","og_description":"Starinci Mayo Sporcu Bady Bikini Manken Bedeni M&#8217;dir. \u00dcr\u00fcn Kuma\u015f\u0131 Likrad\u0131r. \u00dcr\u00fcn 1 adetden olu\u015fmaktad\u0131r.","og_url":"https:\/\/burkinistar.com\/?product=starinci-mayo-sporcu-bady-bikini-ust","og_site_name":"BURKINISTAR","article_modified_time":"2025-08-30T10:49:32+00:00","og_image":[{"width":600,"height":900,"url":"https:\/\/burkinistar.com\/wp-content\/uploads\/2025\/08\/bikinistarinci-mayo-sporcu-bady-bikini-cc-67b.jpg","type":"image\/jpeg"}],"twitter_card":"summary_large_image","schema":{"@context":"https:\/\/schema.org","@graph":[{"@type":"WebPage","@id":"https:\/\/burkinistar.com\/?product=starinci-mayo-sporcu-bady-bikini-ust","url":"https:\/\/burkinistar.com\/?product=starinci-mayo-sporcu-bady-bikini-ust","name":"Starinci Mayo Sporcu Bady Bikini \u00dcst - BURKINISTAR","isPartOf":{"@id":"https:\/\/burkinistar.com\/#website"},"primaryImageOfPage":{"@id":"https:\/\/burkinistar.com\/?product=starinci-mayo-sporcu-bady-bikini-ust#primaryimage"},"image":{"@id":"https:\/\/burkinistar.com\/?product=starinci-mayo-sporcu-bady-bikini-ust#primaryimage"},"thumbnailUrl":"https:\/\/burkinistar.com\/wp-content\/uploads\/2025\/08\/bikinistarinci-mayo-sporcu-bady-bikini-cc-67b.jpg","datePublished":"2025-08-30T10:49:07+00:00","dateModified":"2025-08-30T10:49:32+00:00","breadcrumb":{"@id":"https:\/\/burkinistar.com\/?product=starinci-mayo-sporcu-bady-bikini-ust#breadcrumb"},"inLanguage":"en-US","potentialAction":[{"@type":"ReadAction","target":["https:\/\/burkinistar.com\/?product=starinci-mayo-sporcu-bady-bikini-ust"]}]},{"@type":"ImageObject","inLanguage":"en-US","@id":"https:\/\/burkinistar.com\/?product=starinci-mayo-sporcu-bady-bikini-ust#primaryimage","url":"https:\/\/burkinistar.com\/wp-content\/uploads\/2025\/08\/bikinistarinci-mayo-sporcu-bady-bikini-cc-67b.jpg","contentUrl":"https:\/\/burkinistar.com\/wp-content\/uploads\/2025\/08\/bikinistarinci-mayo-sporcu-bady-bikini-cc-67b.jpg","width":600,"height":900},{"@type":"BreadcrumbList","@id":"https:\/\/burkinistar.com\/?product=starinci-mayo-sporcu-bady-bikini-ust#breadcrumb","itemListElement":[{"@type":"ListItem","position":1,"name":"Homepage","item":"https:\/\/burkinistar.com\/"},{"@type":"ListItem","position":2,"name":"All Products","item":"https:\/\/burkinistar.com\/?page_id=8"},{"@type":"ListItem","position":3,"name":"Starinci Mayo Sporcu Bady Bikini \u00dcst"}]},{"@type":"WebSite","@id":"https:\/\/burkinistar.com\/#website","url":"https:\/\/burkinistar.com\/","name":"BURKINISTAR","description":"The Best Modest Swimwear and Bikini Store | Burkinistar","potentialAction":[{"@type":"SearchAction","target":{"@type":"EntryPoint","urlTemplate":"https:\/\/burkinistar.com\/?s={search_term_string}"},"query-input":{"@type":"PropertyValueSpecification","valueRequired":true,"valueName":"search_term_string"}}],"inLanguage":"en-US"}]}},"_links":{"self":[{"href":"https:\/\/burkinistar.com\/index.php?rest_route=\/wp\/v2\/product\/48448","targetHints":{"allow":["GET"]}}],"collection":[{"href":"https:\/\/burkinistar.com\/index.php?rest_route=\/wp\/v2\/product"}],"about":[{"href":"https:\/\/burkinistar.com\/index.php?rest_route=\/wp\/v2\/types\/product"}],"replies":[{"embeddable":true,"href":"https:\/\/burkinistar.com\/index.php?rest_route=%2Fwp%2Fv2%2Fcomments&post=48448"}],"version-history":[{"count":1,"href":"https:\/\/burkinistar.com\/index.php?rest_route=\/wp\/v2\/product\/48448\/revisions"}],"predecessor-version":[{"id":48449,"href":"https:\/\/burkinistar.com\/index.php?rest_route=\/wp\/v2\/product\/48448\/revisions\/48449"}],"wp:featuredmedia":[{"embeddable":true,"href":"https:\/\/burkinistar.com\/index.php?rest_route=\/wp\/v2\/media\/48451"}],"wp:attachment":[{"href":"https:\/\/burkinistar.com\/index.php?rest_route=%2Fwp%2Fv2%2Fmedia&parent=48448"}],"wp:term":[{"taxonomy":"product_brand","embeddable":true,"href":"https:\/\/burkinistar.com\/index.php?rest_route=%2Fwp%2Fv2%2Fproduct_brand&post=48448"},{"taxonomy":"product_cat","embeddable":true,"href":"https:\/\/burkinistar.com\/index.php?rest_route=%2Fwp%2Fv2%2Fproduct_cat&post=48448"},{"taxonomy":"product_tag","embeddable":true,"href":"https:\/\/burkinistar.com\/index.php?rest_route=%2Fwp%2Fv2%2Fproduct_tag&post=48448"}],"curies":[{"name":"wp","href":"https:\/\/api.w.org\/{rel}","templated":true}]}}