{"id":48548,"date":"2025-08-30T10:49:33","date_gmt":"2025-08-30T10:49:33","guid":{"rendered":"https:\/\/burkinistar.com\/?product=starinci-tam-kapali-tesettur-mayo-hakim-yaka-duz-siyah"},"modified":"2025-08-30T10:50:03","modified_gmt":"2025-08-30T10:50:03","slug":"starinci-tam-kapali-tesettur-mayo-hakim-yaka-duz-siyah","status":"publish","type":"product","link":"https:\/\/burkinistar.com\/?product=starinci-tam-kapali-tesettur-mayo-hakim-yaka-duz-siyah","title":{"rendered":"Starinci Tam Kapal\u0131 Tesett\u00fcr Mayo Hakim Yaka D\u00fcz Siyah"},"content":{"rendered":"<p>Starinci Uzun Kol D\u00fcz Siyah Tesett\u00fcr Mayo D\u00fcz Siyah mayo tayt, bone, b\u00fcstiyer ve tunik olmak \u00fczere d\u00f6rt par\u00e7ad\u0131r. G\u00f6vde k\u0131sm\u0131 h\u0131zl\u0131 kuruyan polyester kuma\u015ftan \u00fcretilmi\u015ftir. Tayt, bone ve b\u00fcstiyer likral\u0131 kuma\u015ftan \u00fcretilmi\u015ftir. H\u0131zl\u0131 kuruma \u00f6zelli\u011fi sayesinde sudan \u00e7\u0131k\u0131nca \u00fczerinize yap\u0131\u015fmaz. Para\u015f\u00fct kuma\u015fl\u0131 tesett\u00fcr mayonun g\u00f6vde k\u0131sm\u0131 suyu tutmad\u0131\u011f\u0131ndan y\u00fczerken rahat hareket etmenizi sa\u011flar. Tuni\u011fin bel k\u0131sm\u0131nda ayarlanabilir stoper lasti\u011fi bulunmaktad\u0131r. Stoper lasti\u011fi sayesinde tuni\u011fi belinize g\u00f6re ayarlayabilirsiniz. Manken \u00fczerindeki \u00fcr\u00fcn 38 bedendir. 38 beden tesett\u00fcr mayonun \u00f6l\u00e7\u00fcleri: G\u00f6\u011f\u00fcs:100cm Bel:98cm Tunik boyu:110cm Tayt Boyu:95cm Manken \u00f6l\u00e7\u00fcleri: Boy:178cm G\u00f6\u011f\u00fcs:87cm Bel:62cm Kal\u00e7a:92cm<\/p>\n","protected":false},"excerpt":{"rendered":"<p>Starinci Uzun Kol D\u00fcz Siyah Tesett\u00fcr Mayo D\u00fcz Siyah mayo tayt, bone, b\u00fcstiyer ve tunik&hellip;<\/p>\n","protected":false},"featured_media":31909,"comment_status":"closed","ping_status":"open","template":"","meta":[],"product_brand":[2562],"product_cat":[2563,2556],"product_tag":[],"class_list":{"0":"post-48548","1":"product","2":"type-product","3":"status-publish","4":"has-post-thumbnail","6":"product_brand-starinci-mayo","7":"product_cat-tam-kapali-tesettur-mayo","8":"product_cat-tesettur-mayo","9":"pa_color-siyah","10":"pa_size-2582","11":"pa_size-2583","12":"pa_size-2584","13":"pa_size-2588","14":"pa_size-2589","15":"pa_size-2590","16":"pa_size-2617","17":"pa_size-2618","19":"first","20":"instock","21":"shipping-taxable","22":"purchasable","23":"product-type-variable","24":"layout-style-2","25":"col-md-4 col-sm-4 col-xs-6","26":"col-lg-4","27":"product-has-gallery","28":"product-style-slider"},"yoast_head":"<!-- This site is optimized with the Yoast SEO plugin v25.8 - https:\/\/yoast.com\/wordpress\/plugins\/seo\/ -->\n<title>Starinci Tam Kapal\u0131 Tesett\u00fcr Mayo Hakim Yaka D\u00fcz Siyah - BURKINISTAR<\/title>\n<meta name=\"robots\" content=\"index, follow, max-snippet:-1, max-image-preview:large, max-video-preview:-1\" \/>\n<link rel=\"canonical\" href=\"https:\/\/burkinistar.com\/?product=starinci-tam-kapali-tesettur-mayo-hakim-yaka-duz-siyah\" \/>\n<meta property=\"og:locale\" content=\"en_US\" \/>\n<meta property=\"og:type\" content=\"article\" \/>\n<meta property=\"og:title\" content=\"Starinci Tam Kapal\u0131 Tesett\u00fcr Mayo Hakim Yaka D\u00fcz Siyah - BURKINISTAR\" \/>\n<meta property=\"og:description\" content=\"Starinci Uzun Kol D\u00fcz Siyah Tesett\u00fcr Mayo D\u00fcz Siyah mayo tayt, bone, b\u00fcstiyer ve tunik&hellip;\" \/>\n<meta property=\"og:url\" content=\"https:\/\/burkinistar.com\/?product=starinci-tam-kapali-tesettur-mayo-hakim-yaka-duz-siyah\" \/>\n<meta property=\"og:site_name\" content=\"BURKINISTAR\" \/>\n<meta property=\"article:modified_time\" content=\"2025-08-30T10:50:03+00:00\" \/>\n<meta property=\"og:image\" content=\"https:\/\/burkinistar.com\/wp-content\/uploads\/2025\/08\/tam-kapali-tesettur-mayostarinci-tam-k-fa83a8-1.jpg\" \/>\n\t<meta property=\"og:image:width\" content=\"600\" \/>\n\t<meta property=\"og:image:height\" content=\"900\" \/>\n\t<meta property=\"og:image:type\" content=\"image\/jpeg\" \/>\n<meta name=\"twitter:card\" content=\"summary_large_image\" \/>\n<meta name=\"twitter:label1\" content=\"Est. reading time\" \/>\n\t<meta name=\"twitter:data1\" content=\"1 minute\" \/>\n<script type=\"application\/ld+json\" class=\"yoast-schema-graph\">{\"@context\":\"https:\/\/schema.org\",\"@graph\":[{\"@type\":\"WebPage\",\"@id\":\"https:\/\/burkinistar.com\/?product=starinci-tam-kapali-tesettur-mayo-hakim-yaka-duz-siyah\",\"url\":\"https:\/\/burkinistar.com\/?product=starinci-tam-kapali-tesettur-mayo-hakim-yaka-duz-siyah\",\"name\":\"Starinci Tam Kapal\u0131 Tesett\u00fcr Mayo Hakim Yaka D\u00fcz Siyah - BURKINISTAR\",\"isPartOf\":{\"@id\":\"https:\/\/burkinistar.com\/#website\"},\"primaryImageOfPage\":{\"@id\":\"https:\/\/burkinistar.com\/?product=starinci-tam-kapali-tesettur-mayo-hakim-yaka-duz-siyah#primaryimage\"},\"image\":{\"@id\":\"https:\/\/burkinistar.com\/?product=starinci-tam-kapali-tesettur-mayo-hakim-yaka-duz-siyah#primaryimage\"},\"thumbnailUrl\":\"https:\/\/burkinistar.com\/wp-content\/uploads\/2025\/08\/tam-kapali-tesettur-mayostarinci-tam-k-fa83a8-1.jpg\",\"datePublished\":\"2025-08-30T10:49:33+00:00\",\"dateModified\":\"2025-08-30T10:50:03+00:00\",\"breadcrumb\":{\"@id\":\"https:\/\/burkinistar.com\/?product=starinci-tam-kapali-tesettur-mayo-hakim-yaka-duz-siyah#breadcrumb\"},\"inLanguage\":\"en-US\",\"potentialAction\":[{\"@type\":\"ReadAction\",\"target\":[\"https:\/\/burkinistar.com\/?product=starinci-tam-kapali-tesettur-mayo-hakim-yaka-duz-siyah\"]}]},{\"@type\":\"ImageObject\",\"inLanguage\":\"en-US\",\"@id\":\"https:\/\/burkinistar.com\/?product=starinci-tam-kapali-tesettur-mayo-hakim-yaka-duz-siyah#primaryimage\",\"url\":\"https:\/\/burkinistar.com\/wp-content\/uploads\/2025\/08\/tam-kapali-tesettur-mayostarinci-tam-k-fa83a8-1.jpg\",\"contentUrl\":\"https:\/\/burkinistar.com\/wp-content\/uploads\/2025\/08\/tam-kapali-tesettur-mayostarinci-tam-k-fa83a8-1.jpg\",\"width\":600,\"height\":900},{\"@type\":\"BreadcrumbList\",\"@id\":\"https:\/\/burkinistar.com\/?product=starinci-tam-kapali-tesettur-mayo-hakim-yaka-duz-siyah#breadcrumb\",\"itemListElement\":[{\"@type\":\"ListItem\",\"position\":1,\"name\":\"Homepage\",\"item\":\"https:\/\/burkinistar.com\/\"},{\"@type\":\"ListItem\",\"position\":2,\"name\":\"All Products\",\"item\":\"https:\/\/burkinistar.com\/?page_id=8\"},{\"@type\":\"ListItem\",\"position\":3,\"name\":\"Starinci Tam Kapal\u0131 Tesett\u00fcr Mayo Hakim Yaka D\u00fcz Siyah\"}]},{\"@type\":\"WebSite\",\"@id\":\"https:\/\/burkinistar.com\/#website\",\"url\":\"https:\/\/burkinistar.com\/\",\"name\":\"BURKINISTAR\",\"description\":\"The Best Modest Swimwear and Bikini Store | Burkinistar\",\"potentialAction\":[{\"@type\":\"SearchAction\",\"target\":{\"@type\":\"EntryPoint\",\"urlTemplate\":\"https:\/\/burkinistar.com\/?s={search_term_string}\"},\"query-input\":{\"@type\":\"PropertyValueSpecification\",\"valueRequired\":true,\"valueName\":\"search_term_string\"}}],\"inLanguage\":\"en-US\"}]}<\/script>\n<!-- \/ Yoast SEO plugin. -->","yoast_head_json":{"title":"Starinci Tam Kapal\u0131 Tesett\u00fcr Mayo Hakim Yaka D\u00fcz Siyah - BURKINISTAR","robots":{"index":"index","follow":"follow","max-snippet":"max-snippet:-1","max-image-preview":"max-image-preview:large","max-video-preview":"max-video-preview:-1"},"canonical":"https:\/\/burkinistar.com\/?product=starinci-tam-kapali-tesettur-mayo-hakim-yaka-duz-siyah","og_locale":"en_US","og_type":"article","og_title":"Starinci Tam Kapal\u0131 Tesett\u00fcr Mayo Hakim Yaka D\u00fcz Siyah - BURKINISTAR","og_description":"Starinci Uzun Kol D\u00fcz Siyah Tesett\u00fcr Mayo D\u00fcz Siyah mayo tayt, bone, b\u00fcstiyer ve tunik&hellip;","og_url":"https:\/\/burkinistar.com\/?product=starinci-tam-kapali-tesettur-mayo-hakim-yaka-duz-siyah","og_site_name":"BURKINISTAR","article_modified_time":"2025-08-30T10:50:03+00:00","og_image":[{"width":600,"height":900,"url":"https:\/\/burkinistar.com\/wp-content\/uploads\/2025\/08\/tam-kapali-tesettur-mayostarinci-tam-k-fa83a8-1.jpg","type":"image\/jpeg"}],"twitter_card":"summary_large_image","twitter_misc":{"Est. reading time":"1 minute"},"schema":{"@context":"https:\/\/schema.org","@graph":[{"@type":"WebPage","@id":"https:\/\/burkinistar.com\/?product=starinci-tam-kapali-tesettur-mayo-hakim-yaka-duz-siyah","url":"https:\/\/burkinistar.com\/?product=starinci-tam-kapali-tesettur-mayo-hakim-yaka-duz-siyah","name":"Starinci Tam Kapal\u0131 Tesett\u00fcr Mayo Hakim Yaka D\u00fcz Siyah - BURKINISTAR","isPartOf":{"@id":"https:\/\/burkinistar.com\/#website"},"primaryImageOfPage":{"@id":"https:\/\/burkinistar.com\/?product=starinci-tam-kapali-tesettur-mayo-hakim-yaka-duz-siyah#primaryimage"},"image":{"@id":"https:\/\/burkinistar.com\/?product=starinci-tam-kapali-tesettur-mayo-hakim-yaka-duz-siyah#primaryimage"},"thumbnailUrl":"https:\/\/burkinistar.com\/wp-content\/uploads\/2025\/08\/tam-kapali-tesettur-mayostarinci-tam-k-fa83a8-1.jpg","datePublished":"2025-08-30T10:49:33+00:00","dateModified":"2025-08-30T10:50:03+00:00","breadcrumb":{"@id":"https:\/\/burkinistar.com\/?product=starinci-tam-kapali-tesettur-mayo-hakim-yaka-duz-siyah#breadcrumb"},"inLanguage":"en-US","potentialAction":[{"@type":"ReadAction","target":["https:\/\/burkinistar.com\/?product=starinci-tam-kapali-tesettur-mayo-hakim-yaka-duz-siyah"]}]},{"@type":"ImageObject","inLanguage":"en-US","@id":"https:\/\/burkinistar.com\/?product=starinci-tam-kapali-tesettur-mayo-hakim-yaka-duz-siyah#primaryimage","url":"https:\/\/burkinistar.com\/wp-content\/uploads\/2025\/08\/tam-kapali-tesettur-mayostarinci-tam-k-fa83a8-1.jpg","contentUrl":"https:\/\/burkinistar.com\/wp-content\/uploads\/2025\/08\/tam-kapali-tesettur-mayostarinci-tam-k-fa83a8-1.jpg","width":600,"height":900},{"@type":"BreadcrumbList","@id":"https:\/\/burkinistar.com\/?product=starinci-tam-kapali-tesettur-mayo-hakim-yaka-duz-siyah#breadcrumb","itemListElement":[{"@type":"ListItem","position":1,"name":"Homepage","item":"https:\/\/burkinistar.com\/"},{"@type":"ListItem","position":2,"name":"All Products","item":"https:\/\/burkinistar.com\/?page_id=8"},{"@type":"ListItem","position":3,"name":"Starinci Tam Kapal\u0131 Tesett\u00fcr Mayo Hakim Yaka D\u00fcz Siyah"}]},{"@type":"WebSite","@id":"https:\/\/burkinistar.com\/#website","url":"https:\/\/burkinistar.com\/","name":"BURKINISTAR","description":"The Best Modest Swimwear and Bikini Store | Burkinistar","potentialAction":[{"@type":"SearchAction","target":{"@type":"EntryPoint","urlTemplate":"https:\/\/burkinistar.com\/?s={search_term_string}"},"query-input":{"@type":"PropertyValueSpecification","valueRequired":true,"valueName":"search_term_string"}}],"inLanguage":"en-US"}]}},"_links":{"self":[{"href":"https:\/\/burkinistar.com\/index.php?rest_route=\/wp\/v2\/product\/48548","targetHints":{"allow":["GET"]}}],"collection":[{"href":"https:\/\/burkinistar.com\/index.php?rest_route=\/wp\/v2\/product"}],"about":[{"href":"https:\/\/burkinistar.com\/index.php?rest_route=\/wp\/v2\/types\/product"}],"replies":[{"embeddable":true,"href":"https:\/\/burkinistar.com\/index.php?rest_route=%2Fwp%2Fv2%2Fcomments&post=48548"}],"version-history":[{"count":1,"href":"https:\/\/burkinistar.com\/index.php?rest_route=\/wp\/v2\/product\/48548\/revisions"}],"predecessor-version":[{"id":48549,"href":"https:\/\/burkinistar.com\/index.php?rest_route=\/wp\/v2\/product\/48548\/revisions\/48549"}],"wp:featuredmedia":[{"embeddable":true,"href":"https:\/\/burkinistar.com\/index.php?rest_route=\/wp\/v2\/media\/31909"}],"wp:attachment":[{"href":"https:\/\/burkinistar.com\/index.php?rest_route=%2Fwp%2Fv2%2Fmedia&parent=48548"}],"wp:term":[{"taxonomy":"product_brand","embeddable":true,"href":"https:\/\/burkinistar.com\/index.php?rest_route=%2Fwp%2Fv2%2Fproduct_brand&post=48548"},{"taxonomy":"product_cat","embeddable":true,"href":"https:\/\/burkinistar.com\/index.php?rest_route=%2Fwp%2Fv2%2Fproduct_cat&post=48548"},{"taxonomy":"product_tag","embeddable":true,"href":"https:\/\/burkinistar.com\/index.php?rest_route=%2Fwp%2Fv2%2Fproduct_tag&post=48548"}],"curies":[{"name":"wp","href":"https:\/\/api.w.org\/{rel}","templated":true}]}}