{"id":48574,"date":"2025-08-30T10:49:33","date_gmt":"2025-08-30T10:49:33","guid":{"rendered":"https:\/\/burkinistar.com\/?product=starinci-yarim-kol-tesettur-mayo-siyah-palmiye-yapragi-desenli"},"modified":"2025-08-30T10:50:03","modified_gmt":"2025-08-30T10:50:03","slug":"starinci-yarim-kol-tesettur-mayo-siyah-palmiye-yapragi-desenli","status":"publish","type":"product","link":"https:\/\/burkinistar.com\/?product=starinci-yarim-kol-tesettur-mayo-siyah-palmiye-yapragi-desenli","title":{"rendered":"Starinci Yar\u0131m Kol Tesett\u00fcr Mayo Siyah Palmiye Yapra\u011f\u0131 Desenli"},"content":{"rendered":"<h2>Starinci Yar\u0131 Kapal\u0131 MayoSiyah Palmiye Desenli<\/h2>\n<ul>\n<li>Yar\u0131 kapal\u0131 mayo tayt, tunik ve bone olmak \u00fczere \u00fc\u00e7 par\u00e7ad\u0131r.<\/li>\n<li>H\u0131zl\u0131 kuruyan likral\u0131 kuma\u015ftan \u00fcretilmi\u015ftir.<\/li>\n<li>Elastik yap\u0131s\u0131 sayesinde suda rahat hareket etmenizi sa\u011flar.<\/li>\n<li>Manken \u00fczerindeki \u00fcr\u00fcn 38 bedendir.<\/li>\n<li>Manken \u00f6l\u00e7\u00fcleri: Boy uzunlu\u011fu:173cm G\u00f6\u011f\u00fcs:91cm Bel:67cm Kal\u00e7a:98cm<\/li>\n<li>38 beden mayonun \u00f6l\u00e7\u00fcleri:G\u00f6\u011f\u00fcs:88cm Bel:82cm Kal\u00e7a:46cm Omuzdan boy:90cm<\/li>\n<li>Tunik k\u0131sm\u0131nda b\u00fcstiyer \u00fcr\u00fcne dikilidir.<\/li>\n<li>B\u00fcstiyer \u00fczerinde g\u00f6\u011f\u00fcs pedi vard\u0131r.<\/li>\n<\/ul>\n","protected":false},"excerpt":{"rendered":"<p>Starinci Yar\u0131 Kapal\u0131 MayoSiyah Palmiye Desenli Yar\u0131 kapal\u0131 mayo tayt, tunik ve bone olmak \u00fczere&hellip;<\/p>\n","protected":false},"featured_media":48577,"comment_status":"closed","ping_status":"open","template":"","meta":[],"product_brand":[2562],"product_cat":[2556,2557],"product_tag":[],"class_list":{"0":"post-48574","1":"product","2":"type-product","3":"status-publish","4":"has-post-thumbnail","6":"product_brand-starinci-mayo","7":"product_cat-tesettur-mayo","8":"product_cat-yari-kapali-tesettur-mayo","9":"pa_color-siyah","10":"pa_size-2581","12":"first","13":"instock","14":"shipping-taxable","15":"purchasable","16":"product-type-variable","17":"layout-style-2","18":"col-md-4 col-sm-4 col-xs-6","19":"col-lg-4","20":"product-has-gallery","21":"product-style-slider"},"yoast_head":"<!-- This site is optimized with the Yoast SEO plugin v25.8 - https:\/\/yoast.com\/wordpress\/plugins\/seo\/ -->\n<title>Starinci Yar\u0131m Kol Tesett\u00fcr Mayo Siyah Palmiye Yapra\u011f\u0131 Desenli - BURKINISTAR<\/title>\n<meta name=\"robots\" content=\"index, follow, max-snippet:-1, max-image-preview:large, max-video-preview:-1\" \/>\n<link rel=\"canonical\" href=\"https:\/\/burkinistar.com\/?product=starinci-yarim-kol-tesettur-mayo-siyah-palmiye-yapragi-desenli\" \/>\n<meta property=\"og:locale\" content=\"en_US\" \/>\n<meta property=\"og:type\" content=\"article\" \/>\n<meta property=\"og:title\" content=\"Starinci Yar\u0131m Kol Tesett\u00fcr Mayo Siyah Palmiye Yapra\u011f\u0131 Desenli - BURKINISTAR\" \/>\n<meta property=\"og:description\" content=\"Starinci Yar\u0131 Kapal\u0131 MayoSiyah Palmiye Desenli Yar\u0131 kapal\u0131 mayo tayt, tunik ve bone olmak \u00fczere&hellip;\" \/>\n<meta property=\"og:url\" content=\"https:\/\/burkinistar.com\/?product=starinci-yarim-kol-tesettur-mayo-siyah-palmiye-yapragi-desenli\" \/>\n<meta property=\"og:site_name\" content=\"BURKINISTAR\" \/>\n<meta property=\"article:modified_time\" content=\"2025-08-30T10:50:03+00:00\" \/>\n<meta property=\"og:image\" content=\"https:\/\/burkinistar.com\/wp-content\/uploads\/2025\/08\/yari-kapali-tesettur-mayostarinci-yari-18b5-c.jpg\" \/>\n\t<meta property=\"og:image:width\" content=\"600\" \/>\n\t<meta property=\"og:image:height\" content=\"900\" \/>\n\t<meta property=\"og:image:type\" content=\"image\/jpeg\" \/>\n<meta name=\"twitter:card\" content=\"summary_large_image\" \/>\n<script type=\"application\/ld+json\" class=\"yoast-schema-graph\">{\"@context\":\"https:\/\/schema.org\",\"@graph\":[{\"@type\":\"WebPage\",\"@id\":\"https:\/\/burkinistar.com\/?product=starinci-yarim-kol-tesettur-mayo-siyah-palmiye-yapragi-desenli\",\"url\":\"https:\/\/burkinistar.com\/?product=starinci-yarim-kol-tesettur-mayo-siyah-palmiye-yapragi-desenli\",\"name\":\"Starinci Yar\u0131m Kol Tesett\u00fcr Mayo Siyah Palmiye Yapra\u011f\u0131 Desenli - BURKINISTAR\",\"isPartOf\":{\"@id\":\"https:\/\/burkinistar.com\/#website\"},\"primaryImageOfPage\":{\"@id\":\"https:\/\/burkinistar.com\/?product=starinci-yarim-kol-tesettur-mayo-siyah-palmiye-yapragi-desenli#primaryimage\"},\"image\":{\"@id\":\"https:\/\/burkinistar.com\/?product=starinci-yarim-kol-tesettur-mayo-siyah-palmiye-yapragi-desenli#primaryimage\"},\"thumbnailUrl\":\"https:\/\/burkinistar.com\/wp-content\/uploads\/2025\/08\/yari-kapali-tesettur-mayostarinci-yari-18b5-c.jpg\",\"datePublished\":\"2025-08-30T10:49:33+00:00\",\"dateModified\":\"2025-08-30T10:50:03+00:00\",\"breadcrumb\":{\"@id\":\"https:\/\/burkinistar.com\/?product=starinci-yarim-kol-tesettur-mayo-siyah-palmiye-yapragi-desenli#breadcrumb\"},\"inLanguage\":\"en-US\",\"potentialAction\":[{\"@type\":\"ReadAction\",\"target\":[\"https:\/\/burkinistar.com\/?product=starinci-yarim-kol-tesettur-mayo-siyah-palmiye-yapragi-desenli\"]}]},{\"@type\":\"ImageObject\",\"inLanguage\":\"en-US\",\"@id\":\"https:\/\/burkinistar.com\/?product=starinci-yarim-kol-tesettur-mayo-siyah-palmiye-yapragi-desenli#primaryimage\",\"url\":\"https:\/\/burkinistar.com\/wp-content\/uploads\/2025\/08\/yari-kapali-tesettur-mayostarinci-yari-18b5-c.jpg\",\"contentUrl\":\"https:\/\/burkinistar.com\/wp-content\/uploads\/2025\/08\/yari-kapali-tesettur-mayostarinci-yari-18b5-c.jpg\",\"width\":600,\"height\":900},{\"@type\":\"BreadcrumbList\",\"@id\":\"https:\/\/burkinistar.com\/?product=starinci-yarim-kol-tesettur-mayo-siyah-palmiye-yapragi-desenli#breadcrumb\",\"itemListElement\":[{\"@type\":\"ListItem\",\"position\":1,\"name\":\"Homepage\",\"item\":\"https:\/\/burkinistar.com\/\"},{\"@type\":\"ListItem\",\"position\":2,\"name\":\"All Products\",\"item\":\"https:\/\/burkinistar.com\/?page_id=8\"},{\"@type\":\"ListItem\",\"position\":3,\"name\":\"Starinci Yar\u0131m Kol Tesett\u00fcr Mayo Siyah Palmiye Yapra\u011f\u0131 Desenli\"}]},{\"@type\":\"WebSite\",\"@id\":\"https:\/\/burkinistar.com\/#website\",\"url\":\"https:\/\/burkinistar.com\/\",\"name\":\"BURKINISTAR\",\"description\":\"The Best Modest Swimwear and Bikini Store | Burkinistar\",\"potentialAction\":[{\"@type\":\"SearchAction\",\"target\":{\"@type\":\"EntryPoint\",\"urlTemplate\":\"https:\/\/burkinistar.com\/?s={search_term_string}\"},\"query-input\":{\"@type\":\"PropertyValueSpecification\",\"valueRequired\":true,\"valueName\":\"search_term_string\"}}],\"inLanguage\":\"en-US\"}]}<\/script>\n<!-- \/ Yoast SEO plugin. -->","yoast_head_json":{"title":"Starinci Yar\u0131m Kol Tesett\u00fcr Mayo Siyah Palmiye Yapra\u011f\u0131 Desenli - BURKINISTAR","robots":{"index":"index","follow":"follow","max-snippet":"max-snippet:-1","max-image-preview":"max-image-preview:large","max-video-preview":"max-video-preview:-1"},"canonical":"https:\/\/burkinistar.com\/?product=starinci-yarim-kol-tesettur-mayo-siyah-palmiye-yapragi-desenli","og_locale":"en_US","og_type":"article","og_title":"Starinci Yar\u0131m Kol Tesett\u00fcr Mayo Siyah Palmiye Yapra\u011f\u0131 Desenli - BURKINISTAR","og_description":"Starinci Yar\u0131 Kapal\u0131 MayoSiyah Palmiye Desenli Yar\u0131 kapal\u0131 mayo tayt, tunik ve bone olmak \u00fczere&hellip;","og_url":"https:\/\/burkinistar.com\/?product=starinci-yarim-kol-tesettur-mayo-siyah-palmiye-yapragi-desenli","og_site_name":"BURKINISTAR","article_modified_time":"2025-08-30T10:50:03+00:00","og_image":[{"width":600,"height":900,"url":"https:\/\/burkinistar.com\/wp-content\/uploads\/2025\/08\/yari-kapali-tesettur-mayostarinci-yari-18b5-c.jpg","type":"image\/jpeg"}],"twitter_card":"summary_large_image","schema":{"@context":"https:\/\/schema.org","@graph":[{"@type":"WebPage","@id":"https:\/\/burkinistar.com\/?product=starinci-yarim-kol-tesettur-mayo-siyah-palmiye-yapragi-desenli","url":"https:\/\/burkinistar.com\/?product=starinci-yarim-kol-tesettur-mayo-siyah-palmiye-yapragi-desenli","name":"Starinci Yar\u0131m Kol Tesett\u00fcr Mayo Siyah Palmiye Yapra\u011f\u0131 Desenli - BURKINISTAR","isPartOf":{"@id":"https:\/\/burkinistar.com\/#website"},"primaryImageOfPage":{"@id":"https:\/\/burkinistar.com\/?product=starinci-yarim-kol-tesettur-mayo-siyah-palmiye-yapragi-desenli#primaryimage"},"image":{"@id":"https:\/\/burkinistar.com\/?product=starinci-yarim-kol-tesettur-mayo-siyah-palmiye-yapragi-desenli#primaryimage"},"thumbnailUrl":"https:\/\/burkinistar.com\/wp-content\/uploads\/2025\/08\/yari-kapali-tesettur-mayostarinci-yari-18b5-c.jpg","datePublished":"2025-08-30T10:49:33+00:00","dateModified":"2025-08-30T10:50:03+00:00","breadcrumb":{"@id":"https:\/\/burkinistar.com\/?product=starinci-yarim-kol-tesettur-mayo-siyah-palmiye-yapragi-desenli#breadcrumb"},"inLanguage":"en-US","potentialAction":[{"@type":"ReadAction","target":["https:\/\/burkinistar.com\/?product=starinci-yarim-kol-tesettur-mayo-siyah-palmiye-yapragi-desenli"]}]},{"@type":"ImageObject","inLanguage":"en-US","@id":"https:\/\/burkinistar.com\/?product=starinci-yarim-kol-tesettur-mayo-siyah-palmiye-yapragi-desenli#primaryimage","url":"https:\/\/burkinistar.com\/wp-content\/uploads\/2025\/08\/yari-kapali-tesettur-mayostarinci-yari-18b5-c.jpg","contentUrl":"https:\/\/burkinistar.com\/wp-content\/uploads\/2025\/08\/yari-kapali-tesettur-mayostarinci-yari-18b5-c.jpg","width":600,"height":900},{"@type":"BreadcrumbList","@id":"https:\/\/burkinistar.com\/?product=starinci-yarim-kol-tesettur-mayo-siyah-palmiye-yapragi-desenli#breadcrumb","itemListElement":[{"@type":"ListItem","position":1,"name":"Homepage","item":"https:\/\/burkinistar.com\/"},{"@type":"ListItem","position":2,"name":"All Products","item":"https:\/\/burkinistar.com\/?page_id=8"},{"@type":"ListItem","position":3,"name":"Starinci Yar\u0131m Kol Tesett\u00fcr Mayo Siyah Palmiye Yapra\u011f\u0131 Desenli"}]},{"@type":"WebSite","@id":"https:\/\/burkinistar.com\/#website","url":"https:\/\/burkinistar.com\/","name":"BURKINISTAR","description":"The Best Modest Swimwear and Bikini Store | Burkinistar","potentialAction":[{"@type":"SearchAction","target":{"@type":"EntryPoint","urlTemplate":"https:\/\/burkinistar.com\/?s={search_term_string}"},"query-input":{"@type":"PropertyValueSpecification","valueRequired":true,"valueName":"search_term_string"}}],"inLanguage":"en-US"}]}},"_links":{"self":[{"href":"https:\/\/burkinistar.com\/index.php?rest_route=\/wp\/v2\/product\/48574","targetHints":{"allow":["GET"]}}],"collection":[{"href":"https:\/\/burkinistar.com\/index.php?rest_route=\/wp\/v2\/product"}],"about":[{"href":"https:\/\/burkinistar.com\/index.php?rest_route=\/wp\/v2\/types\/product"}],"replies":[{"embeddable":true,"href":"https:\/\/burkinistar.com\/index.php?rest_route=%2Fwp%2Fv2%2Fcomments&post=48574"}],"version-history":[{"count":1,"href":"https:\/\/burkinistar.com\/index.php?rest_route=\/wp\/v2\/product\/48574\/revisions"}],"predecessor-version":[{"id":48575,"href":"https:\/\/burkinistar.com\/index.php?rest_route=\/wp\/v2\/product\/48574\/revisions\/48575"}],"wp:featuredmedia":[{"embeddable":true,"href":"https:\/\/burkinistar.com\/index.php?rest_route=\/wp\/v2\/media\/48577"}],"wp:attachment":[{"href":"https:\/\/burkinistar.com\/index.php?rest_route=%2Fwp%2Fv2%2Fmedia&parent=48574"}],"wp:term":[{"taxonomy":"product_brand","embeddable":true,"href":"https:\/\/burkinistar.com\/index.php?rest_route=%2Fwp%2Fv2%2Fproduct_brand&post=48574"},{"taxonomy":"product_cat","embeddable":true,"href":"https:\/\/burkinistar.com\/index.php?rest_route=%2Fwp%2Fv2%2Fproduct_cat&post=48574"},{"taxonomy":"product_tag","embeddable":true,"href":"https:\/\/burkinistar.com\/index.php?rest_route=%2Fwp%2Fv2%2Fproduct_tag&post=48574"}],"curies":[{"name":"wp","href":"https:\/\/api.w.org\/{rel}","templated":true}]}}