{"id":50644,"date":"2025-08-30T11:02:13","date_gmt":"2025-08-30T11:02:13","guid":{"rendered":"https:\/\/burkinistar.com\/?product=likrali-volan-detayli-tam-kapali-tesettur-mayo-fulya"},"modified":"2025-08-30T11:02:34","modified_gmt":"2025-08-30T11:02:34","slug":"likrali-volan-detayli-tam-kapali-tesettur-mayo-fulya","status":"publish","type":"product","link":"https:\/\/burkinistar.com\/?product=likrali-volan-detayli-tam-kapali-tesettur-mayo-fulya","title":{"rendered":"Likral\u0131 Volan Detayl\u0131 Tam Kapal\u0131 Tesett\u00fcr Mayo Fulya"},"content":{"rendered":"<p>Kad\u0131n Tam Kapal\u0131 Tesett\u00fcr Mayo Fulya Model Likral\u0131 kuma\u015ftan \u00fcretilen \u00fcr\u00fcnm\u00fcz\u00fcn paket i\u00e7eri\u011fi \u015fu \u015fekildedir; Bone, b\u00fcstiyer, tunik ve tayt olmak \u00fczere 4 par\u00e7adan olu\u015fmaktad\u0131r. Tunik k\u0131sm\u0131nda \u00e7ift kat volan etek detay\u0131 vard\u0131r.Etek detay\u0131 sayesinde sudan \u00e7\u0131kt\u0131ktan sonra v\u00fccut hatlar\u0131n\u0131 belli etmez. S\u0131rt k\u0131sm\u0131nda gizli fermuar vard\u0131r. Kollarda vatka detay\u0131 vard\u0131r.Tayt k\u0131sm\u0131 likral\u0131 ve lastiklidir. Lastik sayesinde suda d\u00fc\u015fme yapmaz. Bone k\u0131sm\u0131nda arka ve \u00f6n taraf\u0131nda lastikli diki\u015f sayesinde su i\u00e7erisinde d\u00fc\u015fme yapmaz. Manken \u00fczerindeki \u00fcr\u00fcn beden, 38&#8217;dir Manken \u00d6l\u00e7\u00fcleri; G\u00f6\u011f\u00fcs:80\/Bel:63\/Basen:93 170cm\/54kg<\/p>\n<p>&nbsp;<\/p>\n<p>&nbsp;<\/p>\n<p>&nbsp;<\/p>\n<p>&nbsp;<\/p>\n<p>&nbsp;<\/p>\n<p>&nbsp;<\/p>\n","protected":false},"excerpt":{"rendered":"<p>Kad\u0131n Tam Kapal\u0131 Tesett\u00fcr Mayo Fulya Model Likral\u0131 kuma\u015ftan \u00fcretilen \u00fcr\u00fcnm\u00fcz\u00fcn paket i\u00e7eri\u011fi \u015fu \u015fekildedir;&hellip;<\/p>\n","protected":false},"featured_media":50647,"comment_status":"closed","ping_status":"open","template":"","meta":[],"product_brand":[2562],"product_cat":[2575,2556],"product_tag":[],"class_list":{"0":"post-50644","1":"product","2":"type-product","3":"status-publish","4":"has-post-thumbnail","6":"product_brand-starinci-mayo","7":"product_cat-likrali-tesettur-mayo","8":"product_cat-tesettur-mayo","9":"pa_color-bordo","10":"pa_size-2587","11":"pa_size-2582","12":"pa_size-2584","13":"pa_size-2585","15":"first","16":"instock","17":"shipping-taxable","18":"purchasable","19":"product-type-variable","20":"layout-style-2","21":"col-md-4 col-sm-4 col-xs-6","22":"col-lg-4","23":"product-has-gallery","24":"product-style-slider"},"yoast_head":"<!-- This site is optimized with the Yoast SEO plugin v25.8 - https:\/\/yoast.com\/wordpress\/plugins\/seo\/ -->\n<title>Likral\u0131 Volan Detayl\u0131 Tam Kapal\u0131 Tesett\u00fcr Mayo Fulya - BURKINISTAR<\/title>\n<meta name=\"robots\" content=\"index, follow, max-snippet:-1, max-image-preview:large, max-video-preview:-1\" \/>\n<link rel=\"canonical\" href=\"https:\/\/burkinistar.com\/?product=likrali-volan-detayli-tam-kapali-tesettur-mayo-fulya\" \/>\n<meta property=\"og:locale\" content=\"en_US\" \/>\n<meta property=\"og:type\" content=\"article\" \/>\n<meta property=\"og:title\" content=\"Likral\u0131 Volan Detayl\u0131 Tam Kapal\u0131 Tesett\u00fcr Mayo Fulya - BURKINISTAR\" \/>\n<meta property=\"og:description\" content=\"Kad\u0131n Tam Kapal\u0131 Tesett\u00fcr Mayo Fulya Model Likral\u0131 kuma\u015ftan \u00fcretilen \u00fcr\u00fcnm\u00fcz\u00fcn paket i\u00e7eri\u011fi \u015fu \u015fekildedir;&hellip;\" \/>\n<meta property=\"og:url\" content=\"https:\/\/burkinistar.com\/?product=likrali-volan-detayli-tam-kapali-tesettur-mayo-fulya\" \/>\n<meta property=\"og:site_name\" content=\"BURKINISTAR\" \/>\n<meta property=\"article:modified_time\" content=\"2025-08-30T11:02:34+00:00\" \/>\n<meta property=\"og:image\" content=\"https:\/\/burkinistar.com\/wp-content\/uploads\/2025\/08\/hasemalikrali-volan-detayli-tam-kapali-d-47d5.jpg\" \/>\n\t<meta property=\"og:image:width\" content=\"600\" \/>\n\t<meta property=\"og:image:height\" content=\"900\" \/>\n\t<meta property=\"og:image:type\" content=\"image\/jpeg\" \/>\n<meta name=\"twitter:card\" content=\"summary_large_image\" \/>\n<meta name=\"twitter:label1\" content=\"Est. reading time\" \/>\n\t<meta name=\"twitter:data1\" content=\"1 minute\" \/>\n<script type=\"application\/ld+json\" class=\"yoast-schema-graph\">{\"@context\":\"https:\/\/schema.org\",\"@graph\":[{\"@type\":\"WebPage\",\"@id\":\"https:\/\/burkinistar.com\/?product=likrali-volan-detayli-tam-kapali-tesettur-mayo-fulya\",\"url\":\"https:\/\/burkinistar.com\/?product=likrali-volan-detayli-tam-kapali-tesettur-mayo-fulya\",\"name\":\"Likral\u0131 Volan Detayl\u0131 Tam Kapal\u0131 Tesett\u00fcr Mayo Fulya - BURKINISTAR\",\"isPartOf\":{\"@id\":\"https:\/\/burkinistar.com\/#website\"},\"primaryImageOfPage\":{\"@id\":\"https:\/\/burkinistar.com\/?product=likrali-volan-detayli-tam-kapali-tesettur-mayo-fulya#primaryimage\"},\"image\":{\"@id\":\"https:\/\/burkinistar.com\/?product=likrali-volan-detayli-tam-kapali-tesettur-mayo-fulya#primaryimage\"},\"thumbnailUrl\":\"https:\/\/burkinistar.com\/wp-content\/uploads\/2025\/08\/hasemalikrali-volan-detayli-tam-kapali-d-47d5.jpg\",\"datePublished\":\"2025-08-30T11:02:13+00:00\",\"dateModified\":\"2025-08-30T11:02:34+00:00\",\"breadcrumb\":{\"@id\":\"https:\/\/burkinistar.com\/?product=likrali-volan-detayli-tam-kapali-tesettur-mayo-fulya#breadcrumb\"},\"inLanguage\":\"en-US\",\"potentialAction\":[{\"@type\":\"ReadAction\",\"target\":[\"https:\/\/burkinistar.com\/?product=likrali-volan-detayli-tam-kapali-tesettur-mayo-fulya\"]}]},{\"@type\":\"ImageObject\",\"inLanguage\":\"en-US\",\"@id\":\"https:\/\/burkinistar.com\/?product=likrali-volan-detayli-tam-kapali-tesettur-mayo-fulya#primaryimage\",\"url\":\"https:\/\/burkinistar.com\/wp-content\/uploads\/2025\/08\/hasemalikrali-volan-detayli-tam-kapali-d-47d5.jpg\",\"contentUrl\":\"https:\/\/burkinistar.com\/wp-content\/uploads\/2025\/08\/hasemalikrali-volan-detayli-tam-kapali-d-47d5.jpg\",\"width\":600,\"height\":900},{\"@type\":\"BreadcrumbList\",\"@id\":\"https:\/\/burkinistar.com\/?product=likrali-volan-detayli-tam-kapali-tesettur-mayo-fulya#breadcrumb\",\"itemListElement\":[{\"@type\":\"ListItem\",\"position\":1,\"name\":\"Homepage\",\"item\":\"https:\/\/burkinistar.com\/\"},{\"@type\":\"ListItem\",\"position\":2,\"name\":\"All Products\",\"item\":\"https:\/\/burkinistar.com\/?page_id=8\"},{\"@type\":\"ListItem\",\"position\":3,\"name\":\"Likral\u0131 Volan Detayl\u0131 Tam Kapal\u0131 Tesett\u00fcr Mayo Fulya\"}]},{\"@type\":\"WebSite\",\"@id\":\"https:\/\/burkinistar.com\/#website\",\"url\":\"https:\/\/burkinistar.com\/\",\"name\":\"BURKINISTAR\",\"description\":\"The Best Modest Swimwear and Bikini Store | Burkinistar\",\"potentialAction\":[{\"@type\":\"SearchAction\",\"target\":{\"@type\":\"EntryPoint\",\"urlTemplate\":\"https:\/\/burkinistar.com\/?s={search_term_string}\"},\"query-input\":{\"@type\":\"PropertyValueSpecification\",\"valueRequired\":true,\"valueName\":\"search_term_string\"}}],\"inLanguage\":\"en-US\"}]}<\/script>\n<!-- \/ Yoast SEO plugin. -->","yoast_head_json":{"title":"Likral\u0131 Volan Detayl\u0131 Tam Kapal\u0131 Tesett\u00fcr Mayo Fulya - BURKINISTAR","robots":{"index":"index","follow":"follow","max-snippet":"max-snippet:-1","max-image-preview":"max-image-preview:large","max-video-preview":"max-video-preview:-1"},"canonical":"https:\/\/burkinistar.com\/?product=likrali-volan-detayli-tam-kapali-tesettur-mayo-fulya","og_locale":"en_US","og_type":"article","og_title":"Likral\u0131 Volan Detayl\u0131 Tam Kapal\u0131 Tesett\u00fcr Mayo Fulya - BURKINISTAR","og_description":"Kad\u0131n Tam Kapal\u0131 Tesett\u00fcr Mayo Fulya Model Likral\u0131 kuma\u015ftan \u00fcretilen \u00fcr\u00fcnm\u00fcz\u00fcn paket i\u00e7eri\u011fi \u015fu \u015fekildedir;&hellip;","og_url":"https:\/\/burkinistar.com\/?product=likrali-volan-detayli-tam-kapali-tesettur-mayo-fulya","og_site_name":"BURKINISTAR","article_modified_time":"2025-08-30T11:02:34+00:00","og_image":[{"width":600,"height":900,"url":"https:\/\/burkinistar.com\/wp-content\/uploads\/2025\/08\/hasemalikrali-volan-detayli-tam-kapali-d-47d5.jpg","type":"image\/jpeg"}],"twitter_card":"summary_large_image","twitter_misc":{"Est. reading time":"1 minute"},"schema":{"@context":"https:\/\/schema.org","@graph":[{"@type":"WebPage","@id":"https:\/\/burkinistar.com\/?product=likrali-volan-detayli-tam-kapali-tesettur-mayo-fulya","url":"https:\/\/burkinistar.com\/?product=likrali-volan-detayli-tam-kapali-tesettur-mayo-fulya","name":"Likral\u0131 Volan Detayl\u0131 Tam Kapal\u0131 Tesett\u00fcr Mayo Fulya - BURKINISTAR","isPartOf":{"@id":"https:\/\/burkinistar.com\/#website"},"primaryImageOfPage":{"@id":"https:\/\/burkinistar.com\/?product=likrali-volan-detayli-tam-kapali-tesettur-mayo-fulya#primaryimage"},"image":{"@id":"https:\/\/burkinistar.com\/?product=likrali-volan-detayli-tam-kapali-tesettur-mayo-fulya#primaryimage"},"thumbnailUrl":"https:\/\/burkinistar.com\/wp-content\/uploads\/2025\/08\/hasemalikrali-volan-detayli-tam-kapali-d-47d5.jpg","datePublished":"2025-08-30T11:02:13+00:00","dateModified":"2025-08-30T11:02:34+00:00","breadcrumb":{"@id":"https:\/\/burkinistar.com\/?product=likrali-volan-detayli-tam-kapali-tesettur-mayo-fulya#breadcrumb"},"inLanguage":"en-US","potentialAction":[{"@type":"ReadAction","target":["https:\/\/burkinistar.com\/?product=likrali-volan-detayli-tam-kapali-tesettur-mayo-fulya"]}]},{"@type":"ImageObject","inLanguage":"en-US","@id":"https:\/\/burkinistar.com\/?product=likrali-volan-detayli-tam-kapali-tesettur-mayo-fulya#primaryimage","url":"https:\/\/burkinistar.com\/wp-content\/uploads\/2025\/08\/hasemalikrali-volan-detayli-tam-kapali-d-47d5.jpg","contentUrl":"https:\/\/burkinistar.com\/wp-content\/uploads\/2025\/08\/hasemalikrali-volan-detayli-tam-kapali-d-47d5.jpg","width":600,"height":900},{"@type":"BreadcrumbList","@id":"https:\/\/burkinistar.com\/?product=likrali-volan-detayli-tam-kapali-tesettur-mayo-fulya#breadcrumb","itemListElement":[{"@type":"ListItem","position":1,"name":"Homepage","item":"https:\/\/burkinistar.com\/"},{"@type":"ListItem","position":2,"name":"All Products","item":"https:\/\/burkinistar.com\/?page_id=8"},{"@type":"ListItem","position":3,"name":"Likral\u0131 Volan Detayl\u0131 Tam Kapal\u0131 Tesett\u00fcr Mayo Fulya"}]},{"@type":"WebSite","@id":"https:\/\/burkinistar.com\/#website","url":"https:\/\/burkinistar.com\/","name":"BURKINISTAR","description":"The Best Modest Swimwear and Bikini Store | Burkinistar","potentialAction":[{"@type":"SearchAction","target":{"@type":"EntryPoint","urlTemplate":"https:\/\/burkinistar.com\/?s={search_term_string}"},"query-input":{"@type":"PropertyValueSpecification","valueRequired":true,"valueName":"search_term_string"}}],"inLanguage":"en-US"}]}},"_links":{"self":[{"href":"https:\/\/burkinistar.com\/index.php?rest_route=\/wp\/v2\/product\/50644","targetHints":{"allow":["GET"]}}],"collection":[{"href":"https:\/\/burkinistar.com\/index.php?rest_route=\/wp\/v2\/product"}],"about":[{"href":"https:\/\/burkinistar.com\/index.php?rest_route=\/wp\/v2\/types\/product"}],"replies":[{"embeddable":true,"href":"https:\/\/burkinistar.com\/index.php?rest_route=%2Fwp%2Fv2%2Fcomments&post=50644"}],"version-history":[{"count":1,"href":"https:\/\/burkinistar.com\/index.php?rest_route=\/wp\/v2\/product\/50644\/revisions"}],"predecessor-version":[{"id":50645,"href":"https:\/\/burkinistar.com\/index.php?rest_route=\/wp\/v2\/product\/50644\/revisions\/50645"}],"wp:featuredmedia":[{"embeddable":true,"href":"https:\/\/burkinistar.com\/index.php?rest_route=\/wp\/v2\/media\/50647"}],"wp:attachment":[{"href":"https:\/\/burkinistar.com\/index.php?rest_route=%2Fwp%2Fv2%2Fmedia&parent=50644"}],"wp:term":[{"taxonomy":"product_brand","embeddable":true,"href":"https:\/\/burkinistar.com\/index.php?rest_route=%2Fwp%2Fv2%2Fproduct_brand&post=50644"},{"taxonomy":"product_cat","embeddable":true,"href":"https:\/\/burkinistar.com\/index.php?rest_route=%2Fwp%2Fv2%2Fproduct_cat&post=50644"},{"taxonomy":"product_tag","embeddable":true,"href":"https:\/\/burkinistar.com\/index.php?rest_route=%2Fwp%2Fv2%2Fproduct_tag&post=50644"}],"curies":[{"name":"wp","href":"https:\/\/api.w.org\/{rel}","templated":true}]}}