{"id":50656,"date":"2025-08-30T11:02:13","date_gmt":"2025-08-30T11:02:13","guid":{"rendered":"https:\/\/burkinistar.com\/?product=uzunkol-tesettur-mayo-likra-gogus-detayli-pembe"},"modified":"2025-08-30T11:02:34","modified_gmt":"2025-08-30T11:02:34","slug":"uzunkol-tesettur-mayo-likra-gogus-detayli-pembe","status":"publish","type":"product","link":"https:\/\/burkinistar.com\/?product=uzunkol-tesettur-mayo-likra-gogus-detayli-pembe","title":{"rendered":"Uzunkol Tesett\u00fcr Mayo Likra G\u00f6\u011f\u00fcs Detayl\u0131 Pembe"},"content":{"rendered":"<h2>Starinci Likral\u0131 Tam Kapal\u0131 Mayo Pembe Tam kapal\u0131<\/h2>\n<ul>\n<li>mayo pantolon, tunik ve boneden olu\u015fmaktad\u0131r.<\/li>\n<li>Tunik rengi g\u00fcl kurusu, tayt bone ise antasittir.<\/li>\n<li>G\u00f6\u011f\u00fcs detay\u0131ndaki b\u00fczg\u00fcs\u00fc ile tarz\u0131n\u0131zda tasar\u0131m \u015f\u0131kl\u0131\u011f\u0131 yaratacak \u00fcr\u00fcn\u00fcm\u00fcz\u00fcn kuma\u015f\u0131;<\/li>\n<li>H\u0131zl\u0131 kuruyan esnek likral\u0131 mayo kuma\u015f\u0131ndan \u00fcretilmi\u015ftir.<\/li>\n<li>B\u00fcstiyer \u00fcr\u00fcne dikili \u015fekilde tasarlanm\u0131\u015ft\u0131r. \u00dcr\u00fcnde cup mevcuttur.<\/li>\n<li>Bone i\u00e7indeki lastik diki\u015fler sayesinde suda d\u00fc\u015fme yapmaz<\/li>\n<li>Model \u00e7ekiminde 38 beden kullan\u0131ld\u0131.<\/li>\n<li>Manken \u00d6l\u00e7\u00fcleri; G\u00f6\u011f\u00fcs:80\/Bel:63\/Basen:93 170cm\/54kg<\/li>\n<\/ul>\n<p>&nbsp;<\/p>\n<p>&nbsp;<\/p>\n<p>&nbsp;<\/p>\n<p>&nbsp;<\/p>\n<p>&nbsp;<\/p>\n<p>&nbsp;<\/p>\n","protected":false},"excerpt":{"rendered":"<p>Starinci Likral\u0131 Tam Kapal\u0131 Mayo Pembe Tam kapal\u0131 mayo pantolon, tunik ve boneden olu\u015fmaktad\u0131r. Tunik&hellip;<\/p>\n","protected":false},"featured_media":50659,"comment_status":"closed","ping_status":"open","template":"","meta":[],"product_brand":[2562],"product_cat":[2575,2556],"product_tag":[],"class_list":{"0":"post-50656","1":"product","2":"type-product","3":"status-publish","4":"has-post-thumbnail","6":"product_brand-starinci-mayo","7":"product_cat-likrali-tesettur-mayo","8":"product_cat-tesettur-mayo","9":"pa_color-pembe","10":"pa_size-2581","11":"pa_size-2582","12":"pa_size-2583","13":"pa_size-2584","14":"pa_size-2585","16":"first","17":"instock","18":"shipping-taxable","19":"purchasable","20":"product-type-variable","21":"layout-style-2","22":"col-md-4 col-sm-4 col-xs-6","23":"col-lg-4","24":"product-has-gallery","25":"product-style-slider"},"yoast_head":"<!-- This site is optimized with the Yoast SEO plugin v25.8 - https:\/\/yoast.com\/wordpress\/plugins\/seo\/ -->\n<title>Uzunkol Tesett\u00fcr Mayo Likra G\u00f6\u011f\u00fcs Detayl\u0131 Pembe - BURKINISTAR<\/title>\n<meta name=\"robots\" content=\"index, follow, max-snippet:-1, max-image-preview:large, max-video-preview:-1\" \/>\n<link rel=\"canonical\" href=\"https:\/\/burkinistar.com\/?product=uzunkol-tesettur-mayo-likra-gogus-detayli-pembe\" \/>\n<meta property=\"og:locale\" content=\"en_US\" \/>\n<meta property=\"og:type\" content=\"article\" \/>\n<meta property=\"og:title\" content=\"Uzunkol Tesett\u00fcr Mayo Likra G\u00f6\u011f\u00fcs Detayl\u0131 Pembe - BURKINISTAR\" \/>\n<meta property=\"og:description\" content=\"Starinci Likral\u0131 Tam Kapal\u0131 Mayo Pembe Tam kapal\u0131 mayo pantolon, tunik ve boneden olu\u015fmaktad\u0131r. Tunik&hellip;\" \/>\n<meta property=\"og:url\" content=\"https:\/\/burkinistar.com\/?product=uzunkol-tesettur-mayo-likra-gogus-detayli-pembe\" \/>\n<meta property=\"og:site_name\" content=\"BURKINISTAR\" \/>\n<meta property=\"article:modified_time\" content=\"2025-08-30T11:02:34+00:00\" \/>\n<meta property=\"og:image\" content=\"https:\/\/burkinistar.com\/wp-content\/uploads\/2025\/08\/hasemauzunkol-tesettur-mayo-likra-gogu-dc2f18.jpg\" \/>\n\t<meta property=\"og:image:width\" content=\"600\" \/>\n\t<meta property=\"og:image:height\" content=\"900\" \/>\n\t<meta property=\"og:image:type\" content=\"image\/jpeg\" \/>\n<meta name=\"twitter:card\" content=\"summary_large_image\" \/>\n<meta name=\"twitter:label1\" content=\"Est. reading time\" \/>\n\t<meta name=\"twitter:data1\" content=\"1 minute\" \/>\n<script type=\"application\/ld+json\" class=\"yoast-schema-graph\">{\"@context\":\"https:\/\/schema.org\",\"@graph\":[{\"@type\":\"WebPage\",\"@id\":\"https:\/\/burkinistar.com\/?product=uzunkol-tesettur-mayo-likra-gogus-detayli-pembe\",\"url\":\"https:\/\/burkinistar.com\/?product=uzunkol-tesettur-mayo-likra-gogus-detayli-pembe\",\"name\":\"Uzunkol Tesett\u00fcr Mayo Likra G\u00f6\u011f\u00fcs Detayl\u0131 Pembe - BURKINISTAR\",\"isPartOf\":{\"@id\":\"https:\/\/burkinistar.com\/#website\"},\"primaryImageOfPage\":{\"@id\":\"https:\/\/burkinistar.com\/?product=uzunkol-tesettur-mayo-likra-gogus-detayli-pembe#primaryimage\"},\"image\":{\"@id\":\"https:\/\/burkinistar.com\/?product=uzunkol-tesettur-mayo-likra-gogus-detayli-pembe#primaryimage\"},\"thumbnailUrl\":\"https:\/\/burkinistar.com\/wp-content\/uploads\/2025\/08\/hasemauzunkol-tesettur-mayo-likra-gogu-dc2f18.jpg\",\"datePublished\":\"2025-08-30T11:02:13+00:00\",\"dateModified\":\"2025-08-30T11:02:34+00:00\",\"breadcrumb\":{\"@id\":\"https:\/\/burkinistar.com\/?product=uzunkol-tesettur-mayo-likra-gogus-detayli-pembe#breadcrumb\"},\"inLanguage\":\"en-US\",\"potentialAction\":[{\"@type\":\"ReadAction\",\"target\":[\"https:\/\/burkinistar.com\/?product=uzunkol-tesettur-mayo-likra-gogus-detayli-pembe\"]}]},{\"@type\":\"ImageObject\",\"inLanguage\":\"en-US\",\"@id\":\"https:\/\/burkinistar.com\/?product=uzunkol-tesettur-mayo-likra-gogus-detayli-pembe#primaryimage\",\"url\":\"https:\/\/burkinistar.com\/wp-content\/uploads\/2025\/08\/hasemauzunkol-tesettur-mayo-likra-gogu-dc2f18.jpg\",\"contentUrl\":\"https:\/\/burkinistar.com\/wp-content\/uploads\/2025\/08\/hasemauzunkol-tesettur-mayo-likra-gogu-dc2f18.jpg\",\"width\":600,\"height\":900},{\"@type\":\"BreadcrumbList\",\"@id\":\"https:\/\/burkinistar.com\/?product=uzunkol-tesettur-mayo-likra-gogus-detayli-pembe#breadcrumb\",\"itemListElement\":[{\"@type\":\"ListItem\",\"position\":1,\"name\":\"Homepage\",\"item\":\"https:\/\/burkinistar.com\/\"},{\"@type\":\"ListItem\",\"position\":2,\"name\":\"All Products\",\"item\":\"https:\/\/burkinistar.com\/?page_id=8\"},{\"@type\":\"ListItem\",\"position\":3,\"name\":\"Uzunkol Tesett\u00fcr Mayo Likra G\u00f6\u011f\u00fcs Detayl\u0131 Pembe\"}]},{\"@type\":\"WebSite\",\"@id\":\"https:\/\/burkinistar.com\/#website\",\"url\":\"https:\/\/burkinistar.com\/\",\"name\":\"BURKINISTAR\",\"description\":\"The Best Modest Swimwear and Bikini Store | Burkinistar\",\"potentialAction\":[{\"@type\":\"SearchAction\",\"target\":{\"@type\":\"EntryPoint\",\"urlTemplate\":\"https:\/\/burkinistar.com\/?s={search_term_string}\"},\"query-input\":{\"@type\":\"PropertyValueSpecification\",\"valueRequired\":true,\"valueName\":\"search_term_string\"}}],\"inLanguage\":\"en-US\"}]}<\/script>\n<!-- \/ Yoast SEO plugin. -->","yoast_head_json":{"title":"Uzunkol Tesett\u00fcr Mayo Likra G\u00f6\u011f\u00fcs Detayl\u0131 Pembe - BURKINISTAR","robots":{"index":"index","follow":"follow","max-snippet":"max-snippet:-1","max-image-preview":"max-image-preview:large","max-video-preview":"max-video-preview:-1"},"canonical":"https:\/\/burkinistar.com\/?product=uzunkol-tesettur-mayo-likra-gogus-detayli-pembe","og_locale":"en_US","og_type":"article","og_title":"Uzunkol Tesett\u00fcr Mayo Likra G\u00f6\u011f\u00fcs Detayl\u0131 Pembe - BURKINISTAR","og_description":"Starinci Likral\u0131 Tam Kapal\u0131 Mayo Pembe Tam kapal\u0131 mayo pantolon, tunik ve boneden olu\u015fmaktad\u0131r. Tunik&hellip;","og_url":"https:\/\/burkinistar.com\/?product=uzunkol-tesettur-mayo-likra-gogus-detayli-pembe","og_site_name":"BURKINISTAR","article_modified_time":"2025-08-30T11:02:34+00:00","og_image":[{"width":600,"height":900,"url":"https:\/\/burkinistar.com\/wp-content\/uploads\/2025\/08\/hasemauzunkol-tesettur-mayo-likra-gogu-dc2f18.jpg","type":"image\/jpeg"}],"twitter_card":"summary_large_image","twitter_misc":{"Est. reading time":"1 minute"},"schema":{"@context":"https:\/\/schema.org","@graph":[{"@type":"WebPage","@id":"https:\/\/burkinistar.com\/?product=uzunkol-tesettur-mayo-likra-gogus-detayli-pembe","url":"https:\/\/burkinistar.com\/?product=uzunkol-tesettur-mayo-likra-gogus-detayli-pembe","name":"Uzunkol Tesett\u00fcr Mayo Likra G\u00f6\u011f\u00fcs Detayl\u0131 Pembe - BURKINISTAR","isPartOf":{"@id":"https:\/\/burkinistar.com\/#website"},"primaryImageOfPage":{"@id":"https:\/\/burkinistar.com\/?product=uzunkol-tesettur-mayo-likra-gogus-detayli-pembe#primaryimage"},"image":{"@id":"https:\/\/burkinistar.com\/?product=uzunkol-tesettur-mayo-likra-gogus-detayli-pembe#primaryimage"},"thumbnailUrl":"https:\/\/burkinistar.com\/wp-content\/uploads\/2025\/08\/hasemauzunkol-tesettur-mayo-likra-gogu-dc2f18.jpg","datePublished":"2025-08-30T11:02:13+00:00","dateModified":"2025-08-30T11:02:34+00:00","breadcrumb":{"@id":"https:\/\/burkinistar.com\/?product=uzunkol-tesettur-mayo-likra-gogus-detayli-pembe#breadcrumb"},"inLanguage":"en-US","potentialAction":[{"@type":"ReadAction","target":["https:\/\/burkinistar.com\/?product=uzunkol-tesettur-mayo-likra-gogus-detayli-pembe"]}]},{"@type":"ImageObject","inLanguage":"en-US","@id":"https:\/\/burkinistar.com\/?product=uzunkol-tesettur-mayo-likra-gogus-detayli-pembe#primaryimage","url":"https:\/\/burkinistar.com\/wp-content\/uploads\/2025\/08\/hasemauzunkol-tesettur-mayo-likra-gogu-dc2f18.jpg","contentUrl":"https:\/\/burkinistar.com\/wp-content\/uploads\/2025\/08\/hasemauzunkol-tesettur-mayo-likra-gogu-dc2f18.jpg","width":600,"height":900},{"@type":"BreadcrumbList","@id":"https:\/\/burkinistar.com\/?product=uzunkol-tesettur-mayo-likra-gogus-detayli-pembe#breadcrumb","itemListElement":[{"@type":"ListItem","position":1,"name":"Homepage","item":"https:\/\/burkinistar.com\/"},{"@type":"ListItem","position":2,"name":"All Products","item":"https:\/\/burkinistar.com\/?page_id=8"},{"@type":"ListItem","position":3,"name":"Uzunkol Tesett\u00fcr Mayo Likra G\u00f6\u011f\u00fcs Detayl\u0131 Pembe"}]},{"@type":"WebSite","@id":"https:\/\/burkinistar.com\/#website","url":"https:\/\/burkinistar.com\/","name":"BURKINISTAR","description":"The Best Modest Swimwear and Bikini Store | Burkinistar","potentialAction":[{"@type":"SearchAction","target":{"@type":"EntryPoint","urlTemplate":"https:\/\/burkinistar.com\/?s={search_term_string}"},"query-input":{"@type":"PropertyValueSpecification","valueRequired":true,"valueName":"search_term_string"}}],"inLanguage":"en-US"}]}},"_links":{"self":[{"href":"https:\/\/burkinistar.com\/index.php?rest_route=\/wp\/v2\/product\/50656","targetHints":{"allow":["GET"]}}],"collection":[{"href":"https:\/\/burkinistar.com\/index.php?rest_route=\/wp\/v2\/product"}],"about":[{"href":"https:\/\/burkinistar.com\/index.php?rest_route=\/wp\/v2\/types\/product"}],"replies":[{"embeddable":true,"href":"https:\/\/burkinistar.com\/index.php?rest_route=%2Fwp%2Fv2%2Fcomments&post=50656"}],"version-history":[{"count":1,"href":"https:\/\/burkinistar.com\/index.php?rest_route=\/wp\/v2\/product\/50656\/revisions"}],"predecessor-version":[{"id":50657,"href":"https:\/\/burkinistar.com\/index.php?rest_route=\/wp\/v2\/product\/50656\/revisions\/50657"}],"wp:featuredmedia":[{"embeddable":true,"href":"https:\/\/burkinistar.com\/index.php?rest_route=\/wp\/v2\/media\/50659"}],"wp:attachment":[{"href":"https:\/\/burkinistar.com\/index.php?rest_route=%2Fwp%2Fv2%2Fmedia&parent=50656"}],"wp:term":[{"taxonomy":"product_brand","embeddable":true,"href":"https:\/\/burkinistar.com\/index.php?rest_route=%2Fwp%2Fv2%2Fproduct_brand&post=50656"},{"taxonomy":"product_cat","embeddable":true,"href":"https:\/\/burkinistar.com\/index.php?rest_route=%2Fwp%2Fv2%2Fproduct_cat&post=50656"},{"taxonomy":"product_tag","embeddable":true,"href":"https:\/\/burkinistar.com\/index.php?rest_route=%2Fwp%2Fv2%2Fproduct_tag&post=50656"}],"curies":[{"name":"wp","href":"https:\/\/api.w.org\/{rel}","templated":true}]}}