{"id":50866,"date":"2025-08-30T11:28:13","date_gmt":"2025-08-30T11:28:13","guid":{"rendered":"https:\/\/burkinistar.com\/?product=kadin-elbiseli-tayli-mayo-petrol-yesili"},"modified":"2025-08-30T11:28:26","modified_gmt":"2025-08-30T11:28:26","slug":"kadin-elbiseli-tayli-mayo-petrol-yesili","status":"publish","type":"product","link":"https:\/\/burkinistar.com\/?product=kadin-elbiseli-tayli-mayo-petrol-yesili","title":{"rendered":"Kad\u0131n Elbiseli Tayl\u0131 Mayo Petrol Ye\u015fili"},"content":{"rendered":"<p>Kad\u0131n D\u00fcz Taytl\u0131 Elbiseli Mayo \u00dcr\u00fcn\u00fcm\u00fcz Tayt ve Elbise olmak \u00fczere 2 par\u00e7adan olu\u015fmaktad\u0131r. \u00dcr\u00fcn kuma\u015f\u0131 likral\u0131 s\u00fcprem kuma\u015ft\u0131r. Elbisenin g\u00f6\u011f\u00fcs k\u0131sm\u0131nda astar ve cup mevcuttur. Cup astara dikilidir. Kol a\u011f\u0131zlar\u0131nda, g\u00f6\u011f\u00fcs ve s\u0131rt dekoltesinde lastikli diki\u015f mevcuttur, bu sayede su i\u00e7erisinde a\u00e7\u0131lma veya d\u00fc\u015fme yapmaz. Manken \u00fczerindeki \u00fcr\u00fcn\u00fcn bedeni 38&#8217;dir, Manken \u00f6l\u00e7\u00fcleri, 178 cm\/59kg Havuz ve Termal Kullan\u0131m\u0131 i\u00e7in uygundur.<\/p>\n","protected":false},"excerpt":{"rendered":"<p>Kad\u0131n D\u00fcz Taytl\u0131 Elbiseli Mayo \u00dcr\u00fcn\u00fcm\u00fcz Tayt ve Elbise olmak \u00fczere 2 par\u00e7adan olu\u015fmaktad\u0131r. \u00dcr\u00fcn&hellip;<\/p>\n","protected":false},"featured_media":50869,"comment_status":"closed","ping_status":"open","template":"","meta":[],"product_brand":[2562],"product_cat":[2567],"product_tag":[],"class_list":{"0":"post-50866","1":"product","2":"type-product","3":"status-publish","4":"has-post-thumbnail","6":"product_brand-starinci-mayo","7":"product_cat-elbise-mayo","8":"pa_color-petrol-yesili","9":"pa_size-2581","10":"pa_size-2583","11":"pa_size-2584","12":"pa_size-2585","13":"pa_size-2588","14":"pa_size-2589","15":"pa_size-2590","17":"first","18":"instock","19":"shipping-taxable","20":"purchasable","21":"product-type-variable","22":"layout-style-2","23":"col-md-4 col-sm-4 col-xs-6","24":"col-lg-4","25":"product-has-gallery","26":"product-style-slider"},"yoast_head":"<!-- This site is optimized with the Yoast SEO plugin v25.8 - https:\/\/yoast.com\/wordpress\/plugins\/seo\/ -->\n<title>Kad\u0131n Elbiseli Tayl\u0131 Mayo Petrol Ye\u015fili - BURKINISTAR<\/title>\n<meta name=\"robots\" content=\"index, follow, max-snippet:-1, max-image-preview:large, max-video-preview:-1\" \/>\n<link rel=\"canonical\" href=\"https:\/\/burkinistar.com\/?product=kadin-elbiseli-tayli-mayo-petrol-yesili\" \/>\n<meta property=\"og:locale\" content=\"en_US\" \/>\n<meta property=\"og:type\" content=\"article\" \/>\n<meta property=\"og:title\" content=\"Kad\u0131n Elbiseli Tayl\u0131 Mayo Petrol Ye\u015fili - BURKINISTAR\" \/>\n<meta property=\"og:description\" content=\"Kad\u0131n D\u00fcz Taytl\u0131 Elbiseli Mayo \u00dcr\u00fcn\u00fcm\u00fcz Tayt ve Elbise olmak \u00fczere 2 par\u00e7adan olu\u015fmaktad\u0131r. \u00dcr\u00fcn&hellip;\" \/>\n<meta property=\"og:url\" content=\"https:\/\/burkinistar.com\/?product=kadin-elbiseli-tayli-mayo-petrol-yesili\" \/>\n<meta property=\"og:site_name\" content=\"BURKINISTAR\" \/>\n<meta property=\"article:modified_time\" content=\"2025-08-30T11:28:26+00:00\" \/>\n<meta property=\"og:image\" content=\"https:\/\/burkinistar.com\/wp-content\/uploads\/2025\/08\/elbise-mayokadin-elbiseli-tayli-mayo-p-e840f6.jpg\" \/>\n\t<meta property=\"og:image:width\" content=\"600\" \/>\n\t<meta property=\"og:image:height\" content=\"900\" \/>\n\t<meta property=\"og:image:type\" content=\"image\/jpeg\" \/>\n<meta name=\"twitter:card\" content=\"summary_large_image\" \/>\n<script type=\"application\/ld+json\" class=\"yoast-schema-graph\">{\"@context\":\"https:\/\/schema.org\",\"@graph\":[{\"@type\":\"WebPage\",\"@id\":\"https:\/\/burkinistar.com\/?product=kadin-elbiseli-tayli-mayo-petrol-yesili\",\"url\":\"https:\/\/burkinistar.com\/?product=kadin-elbiseli-tayli-mayo-petrol-yesili\",\"name\":\"Kad\u0131n Elbiseli Tayl\u0131 Mayo Petrol Ye\u015fili - BURKINISTAR\",\"isPartOf\":{\"@id\":\"https:\/\/burkinistar.com\/#website\"},\"primaryImageOfPage\":{\"@id\":\"https:\/\/burkinistar.com\/?product=kadin-elbiseli-tayli-mayo-petrol-yesili#primaryimage\"},\"image\":{\"@id\":\"https:\/\/burkinistar.com\/?product=kadin-elbiseli-tayli-mayo-petrol-yesili#primaryimage\"},\"thumbnailUrl\":\"https:\/\/burkinistar.com\/wp-content\/uploads\/2025\/08\/elbise-mayokadin-elbiseli-tayli-mayo-p-e840f6.jpg\",\"datePublished\":\"2025-08-30T11:28:13+00:00\",\"dateModified\":\"2025-08-30T11:28:26+00:00\",\"breadcrumb\":{\"@id\":\"https:\/\/burkinistar.com\/?product=kadin-elbiseli-tayli-mayo-petrol-yesili#breadcrumb\"},\"inLanguage\":\"en-US\",\"potentialAction\":[{\"@type\":\"ReadAction\",\"target\":[\"https:\/\/burkinistar.com\/?product=kadin-elbiseli-tayli-mayo-petrol-yesili\"]}]},{\"@type\":\"ImageObject\",\"inLanguage\":\"en-US\",\"@id\":\"https:\/\/burkinistar.com\/?product=kadin-elbiseli-tayli-mayo-petrol-yesili#primaryimage\",\"url\":\"https:\/\/burkinistar.com\/wp-content\/uploads\/2025\/08\/elbise-mayokadin-elbiseli-tayli-mayo-p-e840f6.jpg\",\"contentUrl\":\"https:\/\/burkinistar.com\/wp-content\/uploads\/2025\/08\/elbise-mayokadin-elbiseli-tayli-mayo-p-e840f6.jpg\",\"width\":600,\"height\":900},{\"@type\":\"BreadcrumbList\",\"@id\":\"https:\/\/burkinistar.com\/?product=kadin-elbiseli-tayli-mayo-petrol-yesili#breadcrumb\",\"itemListElement\":[{\"@type\":\"ListItem\",\"position\":1,\"name\":\"Homepage\",\"item\":\"https:\/\/burkinistar.com\/\"},{\"@type\":\"ListItem\",\"position\":2,\"name\":\"All Products\",\"item\":\"https:\/\/burkinistar.com\/?page_id=8\"},{\"@type\":\"ListItem\",\"position\":3,\"name\":\"Kad\u0131n Elbiseli Tayl\u0131 Mayo Petrol Ye\u015fili\"}]},{\"@type\":\"WebSite\",\"@id\":\"https:\/\/burkinistar.com\/#website\",\"url\":\"https:\/\/burkinistar.com\/\",\"name\":\"BURKINISTAR\",\"description\":\"The Best Modest Swimwear and Bikini Store | Burkinistar\",\"potentialAction\":[{\"@type\":\"SearchAction\",\"target\":{\"@type\":\"EntryPoint\",\"urlTemplate\":\"https:\/\/burkinistar.com\/?s={search_term_string}\"},\"query-input\":{\"@type\":\"PropertyValueSpecification\",\"valueRequired\":true,\"valueName\":\"search_term_string\"}}],\"inLanguage\":\"en-US\"}]}<\/script>\n<!-- \/ Yoast SEO plugin. -->","yoast_head_json":{"title":"Kad\u0131n Elbiseli Tayl\u0131 Mayo Petrol Ye\u015fili - BURKINISTAR","robots":{"index":"index","follow":"follow","max-snippet":"max-snippet:-1","max-image-preview":"max-image-preview:large","max-video-preview":"max-video-preview:-1"},"canonical":"https:\/\/burkinistar.com\/?product=kadin-elbiseli-tayli-mayo-petrol-yesili","og_locale":"en_US","og_type":"article","og_title":"Kad\u0131n Elbiseli Tayl\u0131 Mayo Petrol Ye\u015fili - BURKINISTAR","og_description":"Kad\u0131n D\u00fcz Taytl\u0131 Elbiseli Mayo \u00dcr\u00fcn\u00fcm\u00fcz Tayt ve Elbise olmak \u00fczere 2 par\u00e7adan olu\u015fmaktad\u0131r. \u00dcr\u00fcn&hellip;","og_url":"https:\/\/burkinistar.com\/?product=kadin-elbiseli-tayli-mayo-petrol-yesili","og_site_name":"BURKINISTAR","article_modified_time":"2025-08-30T11:28:26+00:00","og_image":[{"width":600,"height":900,"url":"https:\/\/burkinistar.com\/wp-content\/uploads\/2025\/08\/elbise-mayokadin-elbiseli-tayli-mayo-p-e840f6.jpg","type":"image\/jpeg"}],"twitter_card":"summary_large_image","schema":{"@context":"https:\/\/schema.org","@graph":[{"@type":"WebPage","@id":"https:\/\/burkinistar.com\/?product=kadin-elbiseli-tayli-mayo-petrol-yesili","url":"https:\/\/burkinistar.com\/?product=kadin-elbiseli-tayli-mayo-petrol-yesili","name":"Kad\u0131n Elbiseli Tayl\u0131 Mayo Petrol Ye\u015fili - BURKINISTAR","isPartOf":{"@id":"https:\/\/burkinistar.com\/#website"},"primaryImageOfPage":{"@id":"https:\/\/burkinistar.com\/?product=kadin-elbiseli-tayli-mayo-petrol-yesili#primaryimage"},"image":{"@id":"https:\/\/burkinistar.com\/?product=kadin-elbiseli-tayli-mayo-petrol-yesili#primaryimage"},"thumbnailUrl":"https:\/\/burkinistar.com\/wp-content\/uploads\/2025\/08\/elbise-mayokadin-elbiseli-tayli-mayo-p-e840f6.jpg","datePublished":"2025-08-30T11:28:13+00:00","dateModified":"2025-08-30T11:28:26+00:00","breadcrumb":{"@id":"https:\/\/burkinistar.com\/?product=kadin-elbiseli-tayli-mayo-petrol-yesili#breadcrumb"},"inLanguage":"en-US","potentialAction":[{"@type":"ReadAction","target":["https:\/\/burkinistar.com\/?product=kadin-elbiseli-tayli-mayo-petrol-yesili"]}]},{"@type":"ImageObject","inLanguage":"en-US","@id":"https:\/\/burkinistar.com\/?product=kadin-elbiseli-tayli-mayo-petrol-yesili#primaryimage","url":"https:\/\/burkinistar.com\/wp-content\/uploads\/2025\/08\/elbise-mayokadin-elbiseli-tayli-mayo-p-e840f6.jpg","contentUrl":"https:\/\/burkinistar.com\/wp-content\/uploads\/2025\/08\/elbise-mayokadin-elbiseli-tayli-mayo-p-e840f6.jpg","width":600,"height":900},{"@type":"BreadcrumbList","@id":"https:\/\/burkinistar.com\/?product=kadin-elbiseli-tayli-mayo-petrol-yesili#breadcrumb","itemListElement":[{"@type":"ListItem","position":1,"name":"Homepage","item":"https:\/\/burkinistar.com\/"},{"@type":"ListItem","position":2,"name":"All Products","item":"https:\/\/burkinistar.com\/?page_id=8"},{"@type":"ListItem","position":3,"name":"Kad\u0131n Elbiseli Tayl\u0131 Mayo Petrol Ye\u015fili"}]},{"@type":"WebSite","@id":"https:\/\/burkinistar.com\/#website","url":"https:\/\/burkinistar.com\/","name":"BURKINISTAR","description":"The Best Modest Swimwear and Bikini Store | Burkinistar","potentialAction":[{"@type":"SearchAction","target":{"@type":"EntryPoint","urlTemplate":"https:\/\/burkinistar.com\/?s={search_term_string}"},"query-input":{"@type":"PropertyValueSpecification","valueRequired":true,"valueName":"search_term_string"}}],"inLanguage":"en-US"}]}},"_links":{"self":[{"href":"https:\/\/burkinistar.com\/index.php?rest_route=\/wp\/v2\/product\/50866","targetHints":{"allow":["GET"]}}],"collection":[{"href":"https:\/\/burkinistar.com\/index.php?rest_route=\/wp\/v2\/product"}],"about":[{"href":"https:\/\/burkinistar.com\/index.php?rest_route=\/wp\/v2\/types\/product"}],"replies":[{"embeddable":true,"href":"https:\/\/burkinistar.com\/index.php?rest_route=%2Fwp%2Fv2%2Fcomments&post=50866"}],"version-history":[{"count":1,"href":"https:\/\/burkinistar.com\/index.php?rest_route=\/wp\/v2\/product\/50866\/revisions"}],"predecessor-version":[{"id":50867,"href":"https:\/\/burkinistar.com\/index.php?rest_route=\/wp\/v2\/product\/50866\/revisions\/50867"}],"wp:featuredmedia":[{"embeddable":true,"href":"https:\/\/burkinistar.com\/index.php?rest_route=\/wp\/v2\/media\/50869"}],"wp:attachment":[{"href":"https:\/\/burkinistar.com\/index.php?rest_route=%2Fwp%2Fv2%2Fmedia&parent=50866"}],"wp:term":[{"taxonomy":"product_brand","embeddable":true,"href":"https:\/\/burkinistar.com\/index.php?rest_route=%2Fwp%2Fv2%2Fproduct_brand&post=50866"},{"taxonomy":"product_cat","embeddable":true,"href":"https:\/\/burkinistar.com\/index.php?rest_route=%2Fwp%2Fv2%2Fproduct_cat&post=50866"},{"taxonomy":"product_tag","embeddable":true,"href":"https:\/\/burkinistar.com\/index.php?rest_route=%2Fwp%2Fv2%2Fproduct_tag&post=50866"}],"curies":[{"name":"wp","href":"https:\/\/api.w.org\/{rel}","templated":true}]}}