{"id":50989,"date":"2025-08-30T11:28:56","date_gmt":"2025-08-30T11:28:56","guid":{"rendered":"https:\/\/burkinistar.com\/?product=yuzucu-tulum-mayo-sortlu-cocuk-yengec-desenli"},"modified":"2025-08-30T11:29:04","modified_gmt":"2025-08-30T11:29:04","slug":"yuzucu-tulum-mayo-sortlu-cocuk-yengec-desenli","status":"publish","type":"product","link":"https:\/\/burkinistar.com\/?product=yuzucu-tulum-mayo-sortlu-cocuk-yengec-desenli","title":{"rendered":"Y\u00fcz\u00fcc\u00fc Tulum Mayo \u015eortlu \u00c7ocuk Yenge\u00e7 Desenli"},"content":{"rendered":"<h2>Starinci Mayo \u00c7ocuk Tulum Y\u00fcz\u00fcc\u00fc Yenge\u00e7 Desenli<\/h2>\n<ul>\n<li>\u00dcr\u00fcn\u00fcm\u00fcz Full Likra Kuma\u015ftan \u00fcretilmi\u015ftir.<\/li>\n<li>S\u0131rt k\u0131sm\u0131nda 30 cm gizli diki\u015f fermuar mevcuttur.<\/li>\n<li>Fermuar arkas\u0131nda Pat oldu\u011fundan dolay\u0131 v\u00fccudu rahats\u0131z etmez.<\/li>\n<li>bacak k\u0131sm\u0131nda a\u011f mevcuttur, re\u00e7me diki\u015fi sayesinde v\u00fccuda rahats\u0131zl\u0131k etkisi yapmaz.<\/li>\n<li>\u00dcr\u00fcn \u00d6l\u00e7\u00fcleri: 12\/18ay<\/li>\n<li>Omuzdan Boy:49cm G\u00f6\u011f\u00fcs:50cm Bel:24cm Kol Uzunlu\u011fu:18cm Yaka A\u00e7\u0131kl\u0131\u011f\u0131:14cm<\/li>\n<li>G\u00f6rseldeki resim 3-4 ya\u015f \u00fcr\u00fcne aittir.<\/li>\n<li>Akma solma gibi durumlar s\u00f6z konusu de\u011fildir.<\/li>\n<li>Termal kullan\u0131m\u0131na uygundur.<\/li>\n<\/ul>\n","protected":false},"excerpt":{"rendered":"<p>Starinci Mayo \u00c7ocuk Tulum Y\u00fcz\u00fcc\u00fc Yenge\u00e7 Desenli \u00dcr\u00fcn\u00fcm\u00fcz Full Likra Kuma\u015ftan \u00fcretilmi\u015ftir. S\u0131rt k\u0131sm\u0131nda 30&hellip;<\/p>\n","protected":false},"featured_media":50992,"comment_status":"closed","ping_status":"open","template":"","meta":[],"product_brand":[2562],"product_cat":[2572,2573],"product_tag":[],"class_list":{"0":"post-50989","1":"product","2":"type-product","3":"status-publish","4":"has-post-thumbnail","6":"product_brand-starinci-mayo","7":"product_cat-cocuk","8":"product_cat-cocuk-mayo","9":"pa_color-desenli","10":"pa_size-1-2yas","11":"pa_size-12-18ay","12":"pa_size-3-4yas","13":"pa_size-5-6yas","14":"pa_size-6-12-ay","16":"first","17":"instock","18":"shipping-taxable","19":"purchasable","20":"product-type-variable","21":"layout-style-2","22":"col-md-4 col-sm-4 col-xs-6","23":"col-lg-4","24":"product-style-slider"},"yoast_head":"<!-- This site is optimized with the Yoast SEO plugin v25.8 - https:\/\/yoast.com\/wordpress\/plugins\/seo\/ -->\n<title>Y\u00fcz\u00fcc\u00fc Tulum Mayo \u015eortlu \u00c7ocuk Yenge\u00e7 Desenli - BURKINISTAR<\/title>\n<meta name=\"robots\" content=\"index, follow, max-snippet:-1, max-image-preview:large, max-video-preview:-1\" \/>\n<link rel=\"canonical\" href=\"https:\/\/burkinistar.com\/?product=yuzucu-tulum-mayo-sortlu-cocuk-yengec-desenli\" \/>\n<meta property=\"og:locale\" content=\"en_US\" \/>\n<meta property=\"og:type\" content=\"article\" \/>\n<meta property=\"og:title\" content=\"Y\u00fcz\u00fcc\u00fc Tulum Mayo \u015eortlu \u00c7ocuk Yenge\u00e7 Desenli - BURKINISTAR\" \/>\n<meta property=\"og:description\" content=\"Starinci Mayo \u00c7ocuk Tulum Y\u00fcz\u00fcc\u00fc Yenge\u00e7 Desenli \u00dcr\u00fcn\u00fcm\u00fcz Full Likra Kuma\u015ftan \u00fcretilmi\u015ftir. S\u0131rt k\u0131sm\u0131nda 30&hellip;\" \/>\n<meta property=\"og:url\" content=\"https:\/\/burkinistar.com\/?product=yuzucu-tulum-mayo-sortlu-cocuk-yengec-desenli\" \/>\n<meta property=\"og:site_name\" content=\"BURKINISTAR\" \/>\n<meta property=\"article:modified_time\" content=\"2025-08-30T11:29:04+00:00\" \/>\n<meta property=\"og:image\" content=\"https:\/\/burkinistar.com\/wp-content\/uploads\/2025\/08\/cocuk-mayostarinci-yuzucu-tulum-mayo-s-0f8-9c.jpg\" \/>\n\t<meta property=\"og:image:width\" content=\"600\" \/>\n\t<meta property=\"og:image:height\" content=\"900\" \/>\n\t<meta property=\"og:image:type\" content=\"image\/jpeg\" \/>\n<meta name=\"twitter:card\" content=\"summary_large_image\" \/>\n<meta name=\"twitter:label1\" content=\"Est. reading time\" \/>\n\t<meta name=\"twitter:data1\" content=\"1 minute\" \/>\n<script type=\"application\/ld+json\" class=\"yoast-schema-graph\">{\"@context\":\"https:\/\/schema.org\",\"@graph\":[{\"@type\":\"WebPage\",\"@id\":\"https:\/\/burkinistar.com\/?product=yuzucu-tulum-mayo-sortlu-cocuk-yengec-desenli\",\"url\":\"https:\/\/burkinistar.com\/?product=yuzucu-tulum-mayo-sortlu-cocuk-yengec-desenli\",\"name\":\"Y\u00fcz\u00fcc\u00fc Tulum Mayo \u015eortlu \u00c7ocuk Yenge\u00e7 Desenli - BURKINISTAR\",\"isPartOf\":{\"@id\":\"https:\/\/burkinistar.com\/#website\"},\"primaryImageOfPage\":{\"@id\":\"https:\/\/burkinistar.com\/?product=yuzucu-tulum-mayo-sortlu-cocuk-yengec-desenli#primaryimage\"},\"image\":{\"@id\":\"https:\/\/burkinistar.com\/?product=yuzucu-tulum-mayo-sortlu-cocuk-yengec-desenli#primaryimage\"},\"thumbnailUrl\":\"https:\/\/burkinistar.com\/wp-content\/uploads\/2025\/08\/cocuk-mayostarinci-yuzucu-tulum-mayo-s-0f8-9c.jpg\",\"datePublished\":\"2025-08-30T11:28:56+00:00\",\"dateModified\":\"2025-08-30T11:29:04+00:00\",\"breadcrumb\":{\"@id\":\"https:\/\/burkinistar.com\/?product=yuzucu-tulum-mayo-sortlu-cocuk-yengec-desenli#breadcrumb\"},\"inLanguage\":\"en-US\",\"potentialAction\":[{\"@type\":\"ReadAction\",\"target\":[\"https:\/\/burkinistar.com\/?product=yuzucu-tulum-mayo-sortlu-cocuk-yengec-desenli\"]}]},{\"@type\":\"ImageObject\",\"inLanguage\":\"en-US\",\"@id\":\"https:\/\/burkinistar.com\/?product=yuzucu-tulum-mayo-sortlu-cocuk-yengec-desenli#primaryimage\",\"url\":\"https:\/\/burkinistar.com\/wp-content\/uploads\/2025\/08\/cocuk-mayostarinci-yuzucu-tulum-mayo-s-0f8-9c.jpg\",\"contentUrl\":\"https:\/\/burkinistar.com\/wp-content\/uploads\/2025\/08\/cocuk-mayostarinci-yuzucu-tulum-mayo-s-0f8-9c.jpg\",\"width\":600,\"height\":900},{\"@type\":\"BreadcrumbList\",\"@id\":\"https:\/\/burkinistar.com\/?product=yuzucu-tulum-mayo-sortlu-cocuk-yengec-desenli#breadcrumb\",\"itemListElement\":[{\"@type\":\"ListItem\",\"position\":1,\"name\":\"Homepage\",\"item\":\"https:\/\/burkinistar.com\/\"},{\"@type\":\"ListItem\",\"position\":2,\"name\":\"All Products\",\"item\":\"https:\/\/burkinistar.com\/?page_id=8\"},{\"@type\":\"ListItem\",\"position\":3,\"name\":\"Y\u00fcz\u00fcc\u00fc Tulum Mayo \u015eortlu \u00c7ocuk Yenge\u00e7 Desenli\"}]},{\"@type\":\"WebSite\",\"@id\":\"https:\/\/burkinistar.com\/#website\",\"url\":\"https:\/\/burkinistar.com\/\",\"name\":\"BURKINISTAR\",\"description\":\"The Best Modest Swimwear and Bikini Store | Burkinistar\",\"potentialAction\":[{\"@type\":\"SearchAction\",\"target\":{\"@type\":\"EntryPoint\",\"urlTemplate\":\"https:\/\/burkinistar.com\/?s={search_term_string}\"},\"query-input\":{\"@type\":\"PropertyValueSpecification\",\"valueRequired\":true,\"valueName\":\"search_term_string\"}}],\"inLanguage\":\"en-US\"}]}<\/script>\n<!-- \/ Yoast SEO plugin. -->","yoast_head_json":{"title":"Y\u00fcz\u00fcc\u00fc Tulum Mayo \u015eortlu \u00c7ocuk Yenge\u00e7 Desenli - BURKINISTAR","robots":{"index":"index","follow":"follow","max-snippet":"max-snippet:-1","max-image-preview":"max-image-preview:large","max-video-preview":"max-video-preview:-1"},"canonical":"https:\/\/burkinistar.com\/?product=yuzucu-tulum-mayo-sortlu-cocuk-yengec-desenli","og_locale":"en_US","og_type":"article","og_title":"Y\u00fcz\u00fcc\u00fc Tulum Mayo \u015eortlu \u00c7ocuk Yenge\u00e7 Desenli - BURKINISTAR","og_description":"Starinci Mayo \u00c7ocuk Tulum Y\u00fcz\u00fcc\u00fc Yenge\u00e7 Desenli \u00dcr\u00fcn\u00fcm\u00fcz Full Likra Kuma\u015ftan \u00fcretilmi\u015ftir. S\u0131rt k\u0131sm\u0131nda 30&hellip;","og_url":"https:\/\/burkinistar.com\/?product=yuzucu-tulum-mayo-sortlu-cocuk-yengec-desenli","og_site_name":"BURKINISTAR","article_modified_time":"2025-08-30T11:29:04+00:00","og_image":[{"width":600,"height":900,"url":"https:\/\/burkinistar.com\/wp-content\/uploads\/2025\/08\/cocuk-mayostarinci-yuzucu-tulum-mayo-s-0f8-9c.jpg","type":"image\/jpeg"}],"twitter_card":"summary_large_image","twitter_misc":{"Est. reading time":"1 minute"},"schema":{"@context":"https:\/\/schema.org","@graph":[{"@type":"WebPage","@id":"https:\/\/burkinistar.com\/?product=yuzucu-tulum-mayo-sortlu-cocuk-yengec-desenli","url":"https:\/\/burkinistar.com\/?product=yuzucu-tulum-mayo-sortlu-cocuk-yengec-desenli","name":"Y\u00fcz\u00fcc\u00fc Tulum Mayo \u015eortlu \u00c7ocuk Yenge\u00e7 Desenli - BURKINISTAR","isPartOf":{"@id":"https:\/\/burkinistar.com\/#website"},"primaryImageOfPage":{"@id":"https:\/\/burkinistar.com\/?product=yuzucu-tulum-mayo-sortlu-cocuk-yengec-desenli#primaryimage"},"image":{"@id":"https:\/\/burkinistar.com\/?product=yuzucu-tulum-mayo-sortlu-cocuk-yengec-desenli#primaryimage"},"thumbnailUrl":"https:\/\/burkinistar.com\/wp-content\/uploads\/2025\/08\/cocuk-mayostarinci-yuzucu-tulum-mayo-s-0f8-9c.jpg","datePublished":"2025-08-30T11:28:56+00:00","dateModified":"2025-08-30T11:29:04+00:00","breadcrumb":{"@id":"https:\/\/burkinistar.com\/?product=yuzucu-tulum-mayo-sortlu-cocuk-yengec-desenli#breadcrumb"},"inLanguage":"en-US","potentialAction":[{"@type":"ReadAction","target":["https:\/\/burkinistar.com\/?product=yuzucu-tulum-mayo-sortlu-cocuk-yengec-desenli"]}]},{"@type":"ImageObject","inLanguage":"en-US","@id":"https:\/\/burkinistar.com\/?product=yuzucu-tulum-mayo-sortlu-cocuk-yengec-desenli#primaryimage","url":"https:\/\/burkinistar.com\/wp-content\/uploads\/2025\/08\/cocuk-mayostarinci-yuzucu-tulum-mayo-s-0f8-9c.jpg","contentUrl":"https:\/\/burkinistar.com\/wp-content\/uploads\/2025\/08\/cocuk-mayostarinci-yuzucu-tulum-mayo-s-0f8-9c.jpg","width":600,"height":900},{"@type":"BreadcrumbList","@id":"https:\/\/burkinistar.com\/?product=yuzucu-tulum-mayo-sortlu-cocuk-yengec-desenli#breadcrumb","itemListElement":[{"@type":"ListItem","position":1,"name":"Homepage","item":"https:\/\/burkinistar.com\/"},{"@type":"ListItem","position":2,"name":"All Products","item":"https:\/\/burkinistar.com\/?page_id=8"},{"@type":"ListItem","position":3,"name":"Y\u00fcz\u00fcc\u00fc Tulum Mayo \u015eortlu \u00c7ocuk Yenge\u00e7 Desenli"}]},{"@type":"WebSite","@id":"https:\/\/burkinistar.com\/#website","url":"https:\/\/burkinistar.com\/","name":"BURKINISTAR","description":"The Best Modest Swimwear and Bikini Store | Burkinistar","potentialAction":[{"@type":"SearchAction","target":{"@type":"EntryPoint","urlTemplate":"https:\/\/burkinistar.com\/?s={search_term_string}"},"query-input":{"@type":"PropertyValueSpecification","valueRequired":true,"valueName":"search_term_string"}}],"inLanguage":"en-US"}]}},"_links":{"self":[{"href":"https:\/\/burkinistar.com\/index.php?rest_route=\/wp\/v2\/product\/50989","targetHints":{"allow":["GET"]}}],"collection":[{"href":"https:\/\/burkinistar.com\/index.php?rest_route=\/wp\/v2\/product"}],"about":[{"href":"https:\/\/burkinistar.com\/index.php?rest_route=\/wp\/v2\/types\/product"}],"replies":[{"embeddable":true,"href":"https:\/\/burkinistar.com\/index.php?rest_route=%2Fwp%2Fv2%2Fcomments&post=50989"}],"version-history":[{"count":1,"href":"https:\/\/burkinistar.com\/index.php?rest_route=\/wp\/v2\/product\/50989\/revisions"}],"predecessor-version":[{"id":50990,"href":"https:\/\/burkinistar.com\/index.php?rest_route=\/wp\/v2\/product\/50989\/revisions\/50990"}],"wp:featuredmedia":[{"embeddable":true,"href":"https:\/\/burkinistar.com\/index.php?rest_route=\/wp\/v2\/media\/50992"}],"wp:attachment":[{"href":"https:\/\/burkinistar.com\/index.php?rest_route=%2Fwp%2Fv2%2Fmedia&parent=50989"}],"wp:term":[{"taxonomy":"product_brand","embeddable":true,"href":"https:\/\/burkinistar.com\/index.php?rest_route=%2Fwp%2Fv2%2Fproduct_brand&post=50989"},{"taxonomy":"product_cat","embeddable":true,"href":"https:\/\/burkinistar.com\/index.php?rest_route=%2Fwp%2Fv2%2Fproduct_cat&post=50989"},{"taxonomy":"product_tag","embeddable":true,"href":"https:\/\/burkinistar.com\/index.php?rest_route=%2Fwp%2Fv2%2Fproduct_tag&post=50989"}],"curies":[{"name":"wp","href":"https:\/\/api.w.org\/{rel}","templated":true}]}}