{"id":51374,"date":"2025-08-30T11:31:08","date_gmt":"2025-08-30T11:31:08","guid":{"rendered":"https:\/\/burkinistar.com\/?product=tesettur-mayo-rahat-kesim-siyah-uzerine-mavi-yaprak"},"modified":"2025-08-30T11:31:34","modified_gmt":"2025-08-30T11:31:34","slug":"tesettur-mayo-rahat-kesim-siyah-uzerine-mavi-yaprak","status":"publish","type":"product","link":"https:\/\/burkinistar.com\/?product=tesettur-mayo-rahat-kesim-siyah-uzerine-mavi-yaprak","title":{"rendered":"Tesett\u00fcr Mayo Rahat Kesim Siyah \u00dczerine Mavi Yaprak"},"content":{"rendered":"<p>Rahat kesim tam kapal\u0131 mayo tak\u0131m\u0131nda para\u015f\u00fct pantolon ve tunik, likral\u0131 e\u015farp ve b\u00fcstiyer vard\u0131r. Para\u015f\u00fct desenli tuni\u011fin su itici \u00f6zelli\u011fi vard\u0131r. Bone ve b\u00fcstiyer g\u00fcne\u015fte h\u0131zl\u0131 kurur. Belinde ve pa\u00e7as\u0131ndaki lastikler sayesinde v\u00fccudunuza g\u00f6re ayarlayabilirsiniz. E\u015farb\u0131n tuni\u011fin i\u00e7inde kalan k\u0131sm\u0131 fazla oldu\u011fundan a\u00e7\u0131lma gibi bir durum olmaz. Denizde, havuzda ve termal sularda giyinmeye uygundur. Pantolonunu spor yaparkende giyinebilirsiniz. <a href=\"tel:38-40-42-44-46\">38-40-42-44-46<\/a> bedenleri vard\u0131r. Beden se\u00e7imi yaparken \u00f6l\u00e7\u00fc tablosunu dikkate alman\u0131z\u0131 \u00f6neririz. Fermuar\u0131 boydan boya a\u00e7\u0131ld\u0131\u011f\u0131ndan rahat\u00e7a giyinebilirsiniz.<\/p>\n","protected":false},"excerpt":{"rendered":"<p>Rahat kesim tam kapal\u0131 mayo tak\u0131m\u0131nda para\u015f\u00fct pantolon ve tunik, likral\u0131 e\u015farp ve b\u00fcstiyer vard\u0131r.&hellip;<\/p>\n","protected":false},"featured_media":51377,"comment_status":"closed","ping_status":"open","template":"","meta":[],"product_brand":[2562],"product_cat":[2563,2556],"product_tag":[],"class_list":{"0":"post-51374","1":"product","2":"type-product","3":"status-publish","4":"has-post-thumbnail","6":"product_brand-starinci-mayo","7":"product_cat-tam-kapali-tesettur-mayo","8":"product_cat-tesettur-mayo","9":"pa_color-siyah","10":"pa_size-2581","11":"pa_size-2582","12":"pa_size-2583","13":"pa_size-2584","14":"pa_size-2585","16":"first","17":"instock","18":"shipping-taxable","19":"purchasable","20":"product-type-variable","21":"layout-style-2","22":"col-md-4 col-sm-4 col-xs-6","23":"col-lg-4","24":"product-has-gallery","25":"product-style-slider"},"yoast_head":"<!-- This site is optimized with the Yoast SEO plugin v25.8 - https:\/\/yoast.com\/wordpress\/plugins\/seo\/ -->\n<title>Tesett\u00fcr Mayo Rahat Kesim Siyah \u00dczerine Mavi Yaprak - BURKINISTAR<\/title>\n<meta name=\"robots\" content=\"index, follow, max-snippet:-1, max-image-preview:large, max-video-preview:-1\" \/>\n<link rel=\"canonical\" href=\"https:\/\/burkinistar.com\/?product=tesettur-mayo-rahat-kesim-siyah-uzerine-mavi-yaprak\" \/>\n<meta property=\"og:locale\" content=\"en_US\" \/>\n<meta property=\"og:type\" content=\"article\" \/>\n<meta property=\"og:title\" content=\"Tesett\u00fcr Mayo Rahat Kesim Siyah \u00dczerine Mavi Yaprak - BURKINISTAR\" \/>\n<meta property=\"og:description\" content=\"Rahat kesim tam kapal\u0131 mayo tak\u0131m\u0131nda para\u015f\u00fct pantolon ve tunik, likral\u0131 e\u015farp ve b\u00fcstiyer vard\u0131r.&hellip;\" \/>\n<meta property=\"og:url\" content=\"https:\/\/burkinistar.com\/?product=tesettur-mayo-rahat-kesim-siyah-uzerine-mavi-yaprak\" \/>\n<meta property=\"og:site_name\" content=\"BURKINISTAR\" \/>\n<meta property=\"article:modified_time\" content=\"2025-08-30T11:31:34+00:00\" \/>\n<meta property=\"og:image\" content=\"https:\/\/burkinistar.com\/wp-content\/uploads\/2025\/08\/tam-kapali-tesettur-mayotesettur-mayo-fcd-5f.jpg\" \/>\n\t<meta property=\"og:image:width\" content=\"600\" \/>\n\t<meta property=\"og:image:height\" content=\"900\" \/>\n\t<meta property=\"og:image:type\" content=\"image\/jpeg\" \/>\n<meta name=\"twitter:card\" content=\"summary_large_image\" \/>\n<meta name=\"twitter:label1\" content=\"Est. reading time\" \/>\n\t<meta name=\"twitter:data1\" content=\"1 minute\" \/>\n<script type=\"application\/ld+json\" class=\"yoast-schema-graph\">{\"@context\":\"https:\/\/schema.org\",\"@graph\":[{\"@type\":\"WebPage\",\"@id\":\"https:\/\/burkinistar.com\/?product=tesettur-mayo-rahat-kesim-siyah-uzerine-mavi-yaprak\",\"url\":\"https:\/\/burkinistar.com\/?product=tesettur-mayo-rahat-kesim-siyah-uzerine-mavi-yaprak\",\"name\":\"Tesett\u00fcr Mayo Rahat Kesim Siyah \u00dczerine Mavi Yaprak - BURKINISTAR\",\"isPartOf\":{\"@id\":\"https:\/\/burkinistar.com\/#website\"},\"primaryImageOfPage\":{\"@id\":\"https:\/\/burkinistar.com\/?product=tesettur-mayo-rahat-kesim-siyah-uzerine-mavi-yaprak#primaryimage\"},\"image\":{\"@id\":\"https:\/\/burkinistar.com\/?product=tesettur-mayo-rahat-kesim-siyah-uzerine-mavi-yaprak#primaryimage\"},\"thumbnailUrl\":\"https:\/\/burkinistar.com\/wp-content\/uploads\/2025\/08\/tam-kapali-tesettur-mayotesettur-mayo-fcd-5f.jpg\",\"datePublished\":\"2025-08-30T11:31:08+00:00\",\"dateModified\":\"2025-08-30T11:31:34+00:00\",\"breadcrumb\":{\"@id\":\"https:\/\/burkinistar.com\/?product=tesettur-mayo-rahat-kesim-siyah-uzerine-mavi-yaprak#breadcrumb\"},\"inLanguage\":\"en-US\",\"potentialAction\":[{\"@type\":\"ReadAction\",\"target\":[\"https:\/\/burkinistar.com\/?product=tesettur-mayo-rahat-kesim-siyah-uzerine-mavi-yaprak\"]}]},{\"@type\":\"ImageObject\",\"inLanguage\":\"en-US\",\"@id\":\"https:\/\/burkinistar.com\/?product=tesettur-mayo-rahat-kesim-siyah-uzerine-mavi-yaprak#primaryimage\",\"url\":\"https:\/\/burkinistar.com\/wp-content\/uploads\/2025\/08\/tam-kapali-tesettur-mayotesettur-mayo-fcd-5f.jpg\",\"contentUrl\":\"https:\/\/burkinistar.com\/wp-content\/uploads\/2025\/08\/tam-kapali-tesettur-mayotesettur-mayo-fcd-5f.jpg\",\"width\":600,\"height\":900},{\"@type\":\"BreadcrumbList\",\"@id\":\"https:\/\/burkinistar.com\/?product=tesettur-mayo-rahat-kesim-siyah-uzerine-mavi-yaprak#breadcrumb\",\"itemListElement\":[{\"@type\":\"ListItem\",\"position\":1,\"name\":\"Homepage\",\"item\":\"https:\/\/burkinistar.com\/\"},{\"@type\":\"ListItem\",\"position\":2,\"name\":\"All Products\",\"item\":\"https:\/\/burkinistar.com\/?page_id=8\"},{\"@type\":\"ListItem\",\"position\":3,\"name\":\"Tesett\u00fcr Mayo Rahat Kesim Siyah \u00dczerine Mavi Yaprak\"}]},{\"@type\":\"WebSite\",\"@id\":\"https:\/\/burkinistar.com\/#website\",\"url\":\"https:\/\/burkinistar.com\/\",\"name\":\"BURKINISTAR\",\"description\":\"The Best Modest Swimwear and Bikini Store | Burkinistar\",\"potentialAction\":[{\"@type\":\"SearchAction\",\"target\":{\"@type\":\"EntryPoint\",\"urlTemplate\":\"https:\/\/burkinistar.com\/?s={search_term_string}\"},\"query-input\":{\"@type\":\"PropertyValueSpecification\",\"valueRequired\":true,\"valueName\":\"search_term_string\"}}],\"inLanguage\":\"en-US\"}]}<\/script>\n<!-- \/ Yoast SEO plugin. -->","yoast_head_json":{"title":"Tesett\u00fcr Mayo Rahat Kesim Siyah \u00dczerine Mavi Yaprak - BURKINISTAR","robots":{"index":"index","follow":"follow","max-snippet":"max-snippet:-1","max-image-preview":"max-image-preview:large","max-video-preview":"max-video-preview:-1"},"canonical":"https:\/\/burkinistar.com\/?product=tesettur-mayo-rahat-kesim-siyah-uzerine-mavi-yaprak","og_locale":"en_US","og_type":"article","og_title":"Tesett\u00fcr Mayo Rahat Kesim Siyah \u00dczerine Mavi Yaprak - BURKINISTAR","og_description":"Rahat kesim tam kapal\u0131 mayo tak\u0131m\u0131nda para\u015f\u00fct pantolon ve tunik, likral\u0131 e\u015farp ve b\u00fcstiyer vard\u0131r.&hellip;","og_url":"https:\/\/burkinistar.com\/?product=tesettur-mayo-rahat-kesim-siyah-uzerine-mavi-yaprak","og_site_name":"BURKINISTAR","article_modified_time":"2025-08-30T11:31:34+00:00","og_image":[{"width":600,"height":900,"url":"https:\/\/burkinistar.com\/wp-content\/uploads\/2025\/08\/tam-kapali-tesettur-mayotesettur-mayo-fcd-5f.jpg","type":"image\/jpeg"}],"twitter_card":"summary_large_image","twitter_misc":{"Est. reading time":"1 minute"},"schema":{"@context":"https:\/\/schema.org","@graph":[{"@type":"WebPage","@id":"https:\/\/burkinistar.com\/?product=tesettur-mayo-rahat-kesim-siyah-uzerine-mavi-yaprak","url":"https:\/\/burkinistar.com\/?product=tesettur-mayo-rahat-kesim-siyah-uzerine-mavi-yaprak","name":"Tesett\u00fcr Mayo Rahat Kesim Siyah \u00dczerine Mavi Yaprak - BURKINISTAR","isPartOf":{"@id":"https:\/\/burkinistar.com\/#website"},"primaryImageOfPage":{"@id":"https:\/\/burkinistar.com\/?product=tesettur-mayo-rahat-kesim-siyah-uzerine-mavi-yaprak#primaryimage"},"image":{"@id":"https:\/\/burkinistar.com\/?product=tesettur-mayo-rahat-kesim-siyah-uzerine-mavi-yaprak#primaryimage"},"thumbnailUrl":"https:\/\/burkinistar.com\/wp-content\/uploads\/2025\/08\/tam-kapali-tesettur-mayotesettur-mayo-fcd-5f.jpg","datePublished":"2025-08-30T11:31:08+00:00","dateModified":"2025-08-30T11:31:34+00:00","breadcrumb":{"@id":"https:\/\/burkinistar.com\/?product=tesettur-mayo-rahat-kesim-siyah-uzerine-mavi-yaprak#breadcrumb"},"inLanguage":"en-US","potentialAction":[{"@type":"ReadAction","target":["https:\/\/burkinistar.com\/?product=tesettur-mayo-rahat-kesim-siyah-uzerine-mavi-yaprak"]}]},{"@type":"ImageObject","inLanguage":"en-US","@id":"https:\/\/burkinistar.com\/?product=tesettur-mayo-rahat-kesim-siyah-uzerine-mavi-yaprak#primaryimage","url":"https:\/\/burkinistar.com\/wp-content\/uploads\/2025\/08\/tam-kapali-tesettur-mayotesettur-mayo-fcd-5f.jpg","contentUrl":"https:\/\/burkinistar.com\/wp-content\/uploads\/2025\/08\/tam-kapali-tesettur-mayotesettur-mayo-fcd-5f.jpg","width":600,"height":900},{"@type":"BreadcrumbList","@id":"https:\/\/burkinistar.com\/?product=tesettur-mayo-rahat-kesim-siyah-uzerine-mavi-yaprak#breadcrumb","itemListElement":[{"@type":"ListItem","position":1,"name":"Homepage","item":"https:\/\/burkinistar.com\/"},{"@type":"ListItem","position":2,"name":"All Products","item":"https:\/\/burkinistar.com\/?page_id=8"},{"@type":"ListItem","position":3,"name":"Tesett\u00fcr Mayo Rahat Kesim Siyah \u00dczerine Mavi Yaprak"}]},{"@type":"WebSite","@id":"https:\/\/burkinistar.com\/#website","url":"https:\/\/burkinistar.com\/","name":"BURKINISTAR","description":"The Best Modest Swimwear and Bikini Store | Burkinistar","potentialAction":[{"@type":"SearchAction","target":{"@type":"EntryPoint","urlTemplate":"https:\/\/burkinistar.com\/?s={search_term_string}"},"query-input":{"@type":"PropertyValueSpecification","valueRequired":true,"valueName":"search_term_string"}}],"inLanguage":"en-US"}]}},"_links":{"self":[{"href":"https:\/\/burkinistar.com\/index.php?rest_route=\/wp\/v2\/product\/51374","targetHints":{"allow":["GET"]}}],"collection":[{"href":"https:\/\/burkinistar.com\/index.php?rest_route=\/wp\/v2\/product"}],"about":[{"href":"https:\/\/burkinistar.com\/index.php?rest_route=\/wp\/v2\/types\/product"}],"replies":[{"embeddable":true,"href":"https:\/\/burkinistar.com\/index.php?rest_route=%2Fwp%2Fv2%2Fcomments&post=51374"}],"version-history":[{"count":1,"href":"https:\/\/burkinistar.com\/index.php?rest_route=\/wp\/v2\/product\/51374\/revisions"}],"predecessor-version":[{"id":51375,"href":"https:\/\/burkinistar.com\/index.php?rest_route=\/wp\/v2\/product\/51374\/revisions\/51375"}],"wp:featuredmedia":[{"embeddable":true,"href":"https:\/\/burkinistar.com\/index.php?rest_route=\/wp\/v2\/media\/51377"}],"wp:attachment":[{"href":"https:\/\/burkinistar.com\/index.php?rest_route=%2Fwp%2Fv2%2Fmedia&parent=51374"}],"wp:term":[{"taxonomy":"product_brand","embeddable":true,"href":"https:\/\/burkinistar.com\/index.php?rest_route=%2Fwp%2Fv2%2Fproduct_brand&post=51374"},{"taxonomy":"product_cat","embeddable":true,"href":"https:\/\/burkinistar.com\/index.php?rest_route=%2Fwp%2Fv2%2Fproduct_cat&post=51374"},{"taxonomy":"product_tag","embeddable":true,"href":"https:\/\/burkinistar.com\/index.php?rest_route=%2Fwp%2Fv2%2Fproduct_tag&post=51374"}],"curies":[{"name":"wp","href":"https:\/\/api.w.org\/{rel}","templated":true}]}}