{"id":51411,"date":"2025-08-30T11:31:08","date_gmt":"2025-08-30T11:31:08","guid":{"rendered":"https:\/\/burkinistar.com\/?product=genc-bikini-takimi-badyli-pembe-yarim-kol"},"modified":"2025-08-30T11:31:34","modified_gmt":"2025-08-30T11:31:34","slug":"genc-bikini-takimi-badyli-pembe-yarim-kol","status":"publish","type":"product","link":"https:\/\/burkinistar.com\/?product=genc-bikini-takimi-badyli-pembe-yarim-kol","title":{"rendered":"Gen\u00e7 Bikini Tak\u0131m\u0131 Badyli Pembe Yar\u0131m Kol"},"content":{"rendered":"<p>Gen\u00e7 k\u0131z bikini tak\u0131m\u0131 slip ve badyden olu\u015fmaktad\u0131r. Manken 34 beden giyinmi\u015ftir. Tamam\u0131 astarl\u0131d\u0131r. Astar\u0131 tulum \u015feklinde dikildi\u011finden v\u00fccuda rahats\u0131zl\u0131k vermez. Slipin kenar inceli\u011fi ve badynin \u00f6n inceli\u011fi ayarlanabilir. \u0130pleri i\u015flevseldir.<\/p>\n","protected":false},"excerpt":{"rendered":"<p>Gen\u00e7 k\u0131z bikini tak\u0131m\u0131 slip ve badyden olu\u015fmaktad\u0131r. Manken 34 beden giyinmi\u015ftir. Tamam\u0131 astarl\u0131d\u0131r. Astar\u0131&hellip;<\/p>\n","protected":false},"featured_media":51414,"comment_status":"closed","ping_status":"open","template":"","meta":[],"product_brand":[2562],"product_cat":[2503],"product_tag":[],"class_list":{"0":"post-51411","1":"product","2":"type-product","3":"status-publish","4":"has-post-thumbnail","6":"product_brand-starinci-mayo","7":"product_cat-bikini","8":"pa_color-pembe","9":"pa_size-2638","10":"pa_size-2639","11":"pa_size-2631","12":"pa_size-2612","14":"first","15":"instock","16":"shipping-taxable","17":"purchasable","18":"product-type-variable","19":"layout-style-2","20":"col-md-4 col-sm-4 col-xs-6","21":"col-lg-4","22":"product-has-gallery","23":"product-style-slider"},"yoast_head":"<!-- This site is optimized with the Yoast SEO plugin v25.8 - https:\/\/yoast.com\/wordpress\/plugins\/seo\/ -->\n<title>Gen\u00e7 Bikini Tak\u0131m\u0131 Badyli Pembe Yar\u0131m Kol - BURKINISTAR<\/title>\n<meta name=\"robots\" content=\"index, follow, max-snippet:-1, max-image-preview:large, max-video-preview:-1\" \/>\n<link rel=\"canonical\" href=\"https:\/\/burkinistar.com\/?product=genc-bikini-takimi-badyli-pembe-yarim-kol\" \/>\n<meta property=\"og:locale\" content=\"en_US\" \/>\n<meta property=\"og:type\" content=\"article\" \/>\n<meta property=\"og:title\" content=\"Gen\u00e7 Bikini Tak\u0131m\u0131 Badyli Pembe Yar\u0131m Kol - BURKINISTAR\" \/>\n<meta property=\"og:description\" content=\"Gen\u00e7 k\u0131z bikini tak\u0131m\u0131 slip ve badyden olu\u015fmaktad\u0131r. Manken 34 beden giyinmi\u015ftir. Tamam\u0131 astarl\u0131d\u0131r. Astar\u0131&hellip;\" \/>\n<meta property=\"og:url\" content=\"https:\/\/burkinistar.com\/?product=genc-bikini-takimi-badyli-pembe-yarim-kol\" \/>\n<meta property=\"og:site_name\" content=\"BURKINISTAR\" \/>\n<meta property=\"article:modified_time\" content=\"2025-08-30T11:31:34+00:00\" \/>\n<meta property=\"og:image\" content=\"https:\/\/burkinistar.com\/wp-content\/uploads\/2025\/08\/bikinigenc-bikini-takimi-badyli-pembe-84ce-9.jpg\" \/>\n\t<meta property=\"og:image:width\" content=\"600\" \/>\n\t<meta property=\"og:image:height\" content=\"900\" \/>\n\t<meta property=\"og:image:type\" content=\"image\/jpeg\" \/>\n<meta name=\"twitter:card\" content=\"summary_large_image\" \/>\n<script type=\"application\/ld+json\" class=\"yoast-schema-graph\">{\"@context\":\"https:\/\/schema.org\",\"@graph\":[{\"@type\":\"WebPage\",\"@id\":\"https:\/\/burkinistar.com\/?product=genc-bikini-takimi-badyli-pembe-yarim-kol\",\"url\":\"https:\/\/burkinistar.com\/?product=genc-bikini-takimi-badyli-pembe-yarim-kol\",\"name\":\"Gen\u00e7 Bikini Tak\u0131m\u0131 Badyli Pembe Yar\u0131m Kol - BURKINISTAR\",\"isPartOf\":{\"@id\":\"https:\/\/burkinistar.com\/#website\"},\"primaryImageOfPage\":{\"@id\":\"https:\/\/burkinistar.com\/?product=genc-bikini-takimi-badyli-pembe-yarim-kol#primaryimage\"},\"image\":{\"@id\":\"https:\/\/burkinistar.com\/?product=genc-bikini-takimi-badyli-pembe-yarim-kol#primaryimage\"},\"thumbnailUrl\":\"https:\/\/burkinistar.com\/wp-content\/uploads\/2025\/08\/bikinigenc-bikini-takimi-badyli-pembe-84ce-9.jpg\",\"datePublished\":\"2025-08-30T11:31:08+00:00\",\"dateModified\":\"2025-08-30T11:31:34+00:00\",\"breadcrumb\":{\"@id\":\"https:\/\/burkinistar.com\/?product=genc-bikini-takimi-badyli-pembe-yarim-kol#breadcrumb\"},\"inLanguage\":\"en-US\",\"potentialAction\":[{\"@type\":\"ReadAction\",\"target\":[\"https:\/\/burkinistar.com\/?product=genc-bikini-takimi-badyli-pembe-yarim-kol\"]}]},{\"@type\":\"ImageObject\",\"inLanguage\":\"en-US\",\"@id\":\"https:\/\/burkinistar.com\/?product=genc-bikini-takimi-badyli-pembe-yarim-kol#primaryimage\",\"url\":\"https:\/\/burkinistar.com\/wp-content\/uploads\/2025\/08\/bikinigenc-bikini-takimi-badyli-pembe-84ce-9.jpg\",\"contentUrl\":\"https:\/\/burkinistar.com\/wp-content\/uploads\/2025\/08\/bikinigenc-bikini-takimi-badyli-pembe-84ce-9.jpg\",\"width\":600,\"height\":900},{\"@type\":\"BreadcrumbList\",\"@id\":\"https:\/\/burkinistar.com\/?product=genc-bikini-takimi-badyli-pembe-yarim-kol#breadcrumb\",\"itemListElement\":[{\"@type\":\"ListItem\",\"position\":1,\"name\":\"Homepage\",\"item\":\"https:\/\/burkinistar.com\/\"},{\"@type\":\"ListItem\",\"position\":2,\"name\":\"All Products\",\"item\":\"https:\/\/burkinistar.com\/?page_id=8\"},{\"@type\":\"ListItem\",\"position\":3,\"name\":\"Gen\u00e7 Bikini Tak\u0131m\u0131 Badyli Pembe Yar\u0131m Kol\"}]},{\"@type\":\"WebSite\",\"@id\":\"https:\/\/burkinistar.com\/#website\",\"url\":\"https:\/\/burkinistar.com\/\",\"name\":\"BURKINISTAR\",\"description\":\"The Best Modest Swimwear and Bikini Store | Burkinistar\",\"potentialAction\":[{\"@type\":\"SearchAction\",\"target\":{\"@type\":\"EntryPoint\",\"urlTemplate\":\"https:\/\/burkinistar.com\/?s={search_term_string}\"},\"query-input\":{\"@type\":\"PropertyValueSpecification\",\"valueRequired\":true,\"valueName\":\"search_term_string\"}}],\"inLanguage\":\"en-US\"}]}<\/script>\n<!-- \/ Yoast SEO plugin. -->","yoast_head_json":{"title":"Gen\u00e7 Bikini Tak\u0131m\u0131 Badyli Pembe Yar\u0131m Kol - BURKINISTAR","robots":{"index":"index","follow":"follow","max-snippet":"max-snippet:-1","max-image-preview":"max-image-preview:large","max-video-preview":"max-video-preview:-1"},"canonical":"https:\/\/burkinistar.com\/?product=genc-bikini-takimi-badyli-pembe-yarim-kol","og_locale":"en_US","og_type":"article","og_title":"Gen\u00e7 Bikini Tak\u0131m\u0131 Badyli Pembe Yar\u0131m Kol - BURKINISTAR","og_description":"Gen\u00e7 k\u0131z bikini tak\u0131m\u0131 slip ve badyden olu\u015fmaktad\u0131r. Manken 34 beden giyinmi\u015ftir. Tamam\u0131 astarl\u0131d\u0131r. Astar\u0131&hellip;","og_url":"https:\/\/burkinistar.com\/?product=genc-bikini-takimi-badyli-pembe-yarim-kol","og_site_name":"BURKINISTAR","article_modified_time":"2025-08-30T11:31:34+00:00","og_image":[{"width":600,"height":900,"url":"https:\/\/burkinistar.com\/wp-content\/uploads\/2025\/08\/bikinigenc-bikini-takimi-badyli-pembe-84ce-9.jpg","type":"image\/jpeg"}],"twitter_card":"summary_large_image","schema":{"@context":"https:\/\/schema.org","@graph":[{"@type":"WebPage","@id":"https:\/\/burkinistar.com\/?product=genc-bikini-takimi-badyli-pembe-yarim-kol","url":"https:\/\/burkinistar.com\/?product=genc-bikini-takimi-badyli-pembe-yarim-kol","name":"Gen\u00e7 Bikini Tak\u0131m\u0131 Badyli Pembe Yar\u0131m Kol - BURKINISTAR","isPartOf":{"@id":"https:\/\/burkinistar.com\/#website"},"primaryImageOfPage":{"@id":"https:\/\/burkinistar.com\/?product=genc-bikini-takimi-badyli-pembe-yarim-kol#primaryimage"},"image":{"@id":"https:\/\/burkinistar.com\/?product=genc-bikini-takimi-badyli-pembe-yarim-kol#primaryimage"},"thumbnailUrl":"https:\/\/burkinistar.com\/wp-content\/uploads\/2025\/08\/bikinigenc-bikini-takimi-badyli-pembe-84ce-9.jpg","datePublished":"2025-08-30T11:31:08+00:00","dateModified":"2025-08-30T11:31:34+00:00","breadcrumb":{"@id":"https:\/\/burkinistar.com\/?product=genc-bikini-takimi-badyli-pembe-yarim-kol#breadcrumb"},"inLanguage":"en-US","potentialAction":[{"@type":"ReadAction","target":["https:\/\/burkinistar.com\/?product=genc-bikini-takimi-badyli-pembe-yarim-kol"]}]},{"@type":"ImageObject","inLanguage":"en-US","@id":"https:\/\/burkinistar.com\/?product=genc-bikini-takimi-badyli-pembe-yarim-kol#primaryimage","url":"https:\/\/burkinistar.com\/wp-content\/uploads\/2025\/08\/bikinigenc-bikini-takimi-badyli-pembe-84ce-9.jpg","contentUrl":"https:\/\/burkinistar.com\/wp-content\/uploads\/2025\/08\/bikinigenc-bikini-takimi-badyli-pembe-84ce-9.jpg","width":600,"height":900},{"@type":"BreadcrumbList","@id":"https:\/\/burkinistar.com\/?product=genc-bikini-takimi-badyli-pembe-yarim-kol#breadcrumb","itemListElement":[{"@type":"ListItem","position":1,"name":"Homepage","item":"https:\/\/burkinistar.com\/"},{"@type":"ListItem","position":2,"name":"All Products","item":"https:\/\/burkinistar.com\/?page_id=8"},{"@type":"ListItem","position":3,"name":"Gen\u00e7 Bikini Tak\u0131m\u0131 Badyli Pembe Yar\u0131m Kol"}]},{"@type":"WebSite","@id":"https:\/\/burkinistar.com\/#website","url":"https:\/\/burkinistar.com\/","name":"BURKINISTAR","description":"The Best Modest Swimwear and Bikini Store | Burkinistar","potentialAction":[{"@type":"SearchAction","target":{"@type":"EntryPoint","urlTemplate":"https:\/\/burkinistar.com\/?s={search_term_string}"},"query-input":{"@type":"PropertyValueSpecification","valueRequired":true,"valueName":"search_term_string"}}],"inLanguage":"en-US"}]}},"_links":{"self":[{"href":"https:\/\/burkinistar.com\/index.php?rest_route=\/wp\/v2\/product\/51411","targetHints":{"allow":["GET"]}}],"collection":[{"href":"https:\/\/burkinistar.com\/index.php?rest_route=\/wp\/v2\/product"}],"about":[{"href":"https:\/\/burkinistar.com\/index.php?rest_route=\/wp\/v2\/types\/product"}],"replies":[{"embeddable":true,"href":"https:\/\/burkinistar.com\/index.php?rest_route=%2Fwp%2Fv2%2Fcomments&post=51411"}],"version-history":[{"count":1,"href":"https:\/\/burkinistar.com\/index.php?rest_route=\/wp\/v2\/product\/51411\/revisions"}],"predecessor-version":[{"id":51412,"href":"https:\/\/burkinistar.com\/index.php?rest_route=\/wp\/v2\/product\/51411\/revisions\/51412"}],"wp:featuredmedia":[{"embeddable":true,"href":"https:\/\/burkinistar.com\/index.php?rest_route=\/wp\/v2\/media\/51414"}],"wp:attachment":[{"href":"https:\/\/burkinistar.com\/index.php?rest_route=%2Fwp%2Fv2%2Fmedia&parent=51411"}],"wp:term":[{"taxonomy":"product_brand","embeddable":true,"href":"https:\/\/burkinistar.com\/index.php?rest_route=%2Fwp%2Fv2%2Fproduct_brand&post=51411"},{"taxonomy":"product_cat","embeddable":true,"href":"https:\/\/burkinistar.com\/index.php?rest_route=%2Fwp%2Fv2%2Fproduct_cat&post=51411"},{"taxonomy":"product_tag","embeddable":true,"href":"https:\/\/burkinistar.com\/index.php?rest_route=%2Fwp%2Fv2%2Fproduct_tag&post=51411"}],"curies":[{"name":"wp","href":"https:\/\/api.w.org\/{rel}","templated":true}]}}