{"id":52670,"date":"2025-08-30T11:38:53","date_gmt":"2025-08-30T11:38:53","guid":{"rendered":"https:\/\/burkinistar.com\/?product=etekli-mayo-ince-askili-yari-kapali-yesil"},"modified":"2025-08-30T11:39:08","modified_gmt":"2025-08-30T11:39:08","slug":"etekli-mayo-ince-askili-yari-kapali-yesil","status":"publish","type":"product","link":"https:\/\/burkinistar.com\/?product=etekli-mayo-ince-askili-yari-kapali-yesil","title":{"rendered":"Etekli Mayo \u0130nce Ask\u0131l\u0131 Yar\u0131 Kapal\u0131 Ye\u015fil"},"content":{"rendered":"<p>\u0130nce ask\u0131l\u0131 etekli mayonun alt\u0131 \u015fort \u015feklindedir. Likral\u0131 kuma\u015ftan \u00fcretilmi\u015ftir. G\u00f6\u011f\u00fcs pedi vard\u0131r. Manken \u00f6l\u00e7\u00fcleri 85 -62 92&#8217;dir. Ask\u0131lar\u0131 ayarlanabilir.<\/p>\n","protected":false},"excerpt":{"rendered":"<p>\u0130nce ask\u0131l\u0131 etekli mayonun alt\u0131 \u015fort \u015feklindedir. Likral\u0131 kuma\u015ftan \u00fcretilmi\u015ftir. G\u00f6\u011f\u00fcs pedi vard\u0131r. Manken \u00f6l\u00e7\u00fcleri&hellip;<\/p>\n","protected":false},"featured_media":52673,"comment_status":"closed","ping_status":"open","template":"","meta":[],"product_brand":[2562],"product_cat":[2567],"product_tag":[],"class_list":{"0":"post-52670","1":"product","2":"type-product","3":"status-publish","4":"has-post-thumbnail","6":"product_brand-starinci-mayo","7":"product_cat-elbise-mayo","8":"pa_color-yesil","9":"pa_size-2587","11":"first","12":"instock","13":"shipping-taxable","14":"purchasable","15":"product-type-variable","16":"layout-style-2","17":"col-md-4 col-sm-4 col-xs-6","18":"col-lg-4","19":"product-has-gallery","20":"product-style-slider"},"yoast_head":"<!-- This site is optimized with the Yoast SEO plugin v25.8 - https:\/\/yoast.com\/wordpress\/plugins\/seo\/ -->\n<title>Etekli Mayo \u0130nce Ask\u0131l\u0131 Yar\u0131 Kapal\u0131 Ye\u015fil - BURKINISTAR<\/title>\n<meta name=\"robots\" content=\"index, follow, max-snippet:-1, max-image-preview:large, max-video-preview:-1\" \/>\n<link rel=\"canonical\" href=\"https:\/\/burkinistar.com\/?product=etekli-mayo-ince-askili-yari-kapali-yesil\" \/>\n<meta property=\"og:locale\" content=\"en_US\" \/>\n<meta property=\"og:type\" content=\"article\" \/>\n<meta property=\"og:title\" content=\"Etekli Mayo \u0130nce Ask\u0131l\u0131 Yar\u0131 Kapal\u0131 Ye\u015fil - BURKINISTAR\" \/>\n<meta property=\"og:description\" content=\"\u0130nce ask\u0131l\u0131 etekli mayonun alt\u0131 \u015fort \u015feklindedir. Likral\u0131 kuma\u015ftan \u00fcretilmi\u015ftir. G\u00f6\u011f\u00fcs pedi vard\u0131r. Manken \u00f6l\u00e7\u00fcleri&hellip;\" \/>\n<meta property=\"og:url\" content=\"https:\/\/burkinistar.com\/?product=etekli-mayo-ince-askili-yari-kapali-yesil\" \/>\n<meta property=\"og:site_name\" content=\"BURKINISTAR\" \/>\n<meta property=\"article:modified_time\" content=\"2025-08-30T11:39:08+00:00\" \/>\n<meta property=\"og:image\" content=\"https:\/\/burkinistar.com\/wp-content\/uploads\/2025\/08\/elbise-mayoetekli-mayo-ince-askili-yar-fa-9be.jpg\" \/>\n\t<meta property=\"og:image:width\" content=\"600\" \/>\n\t<meta property=\"og:image:height\" content=\"900\" \/>\n\t<meta property=\"og:image:type\" content=\"image\/jpeg\" \/>\n<meta name=\"twitter:card\" content=\"summary_large_image\" \/>\n<script type=\"application\/ld+json\" class=\"yoast-schema-graph\">{\"@context\":\"https:\/\/schema.org\",\"@graph\":[{\"@type\":\"WebPage\",\"@id\":\"https:\/\/burkinistar.com\/?product=etekli-mayo-ince-askili-yari-kapali-yesil\",\"url\":\"https:\/\/burkinistar.com\/?product=etekli-mayo-ince-askili-yari-kapali-yesil\",\"name\":\"Etekli Mayo \u0130nce Ask\u0131l\u0131 Yar\u0131 Kapal\u0131 Ye\u015fil - BURKINISTAR\",\"isPartOf\":{\"@id\":\"https:\/\/burkinistar.com\/#website\"},\"primaryImageOfPage\":{\"@id\":\"https:\/\/burkinistar.com\/?product=etekli-mayo-ince-askili-yari-kapali-yesil#primaryimage\"},\"image\":{\"@id\":\"https:\/\/burkinistar.com\/?product=etekli-mayo-ince-askili-yari-kapali-yesil#primaryimage\"},\"thumbnailUrl\":\"https:\/\/burkinistar.com\/wp-content\/uploads\/2025\/08\/elbise-mayoetekli-mayo-ince-askili-yar-fa-9be.jpg\",\"datePublished\":\"2025-08-30T11:38:53+00:00\",\"dateModified\":\"2025-08-30T11:39:08+00:00\",\"breadcrumb\":{\"@id\":\"https:\/\/burkinistar.com\/?product=etekli-mayo-ince-askili-yari-kapali-yesil#breadcrumb\"},\"inLanguage\":\"en-US\",\"potentialAction\":[{\"@type\":\"ReadAction\",\"target\":[\"https:\/\/burkinistar.com\/?product=etekli-mayo-ince-askili-yari-kapali-yesil\"]}]},{\"@type\":\"ImageObject\",\"inLanguage\":\"en-US\",\"@id\":\"https:\/\/burkinistar.com\/?product=etekli-mayo-ince-askili-yari-kapali-yesil#primaryimage\",\"url\":\"https:\/\/burkinistar.com\/wp-content\/uploads\/2025\/08\/elbise-mayoetekli-mayo-ince-askili-yar-fa-9be.jpg\",\"contentUrl\":\"https:\/\/burkinistar.com\/wp-content\/uploads\/2025\/08\/elbise-mayoetekli-mayo-ince-askili-yar-fa-9be.jpg\",\"width\":600,\"height\":900},{\"@type\":\"BreadcrumbList\",\"@id\":\"https:\/\/burkinistar.com\/?product=etekli-mayo-ince-askili-yari-kapali-yesil#breadcrumb\",\"itemListElement\":[{\"@type\":\"ListItem\",\"position\":1,\"name\":\"Homepage\",\"item\":\"https:\/\/burkinistar.com\/\"},{\"@type\":\"ListItem\",\"position\":2,\"name\":\"All Products\",\"item\":\"https:\/\/burkinistar.com\/?page_id=8\"},{\"@type\":\"ListItem\",\"position\":3,\"name\":\"Etekli Mayo \u0130nce Ask\u0131l\u0131 Yar\u0131 Kapal\u0131 Ye\u015fil\"}]},{\"@type\":\"WebSite\",\"@id\":\"https:\/\/burkinistar.com\/#website\",\"url\":\"https:\/\/burkinistar.com\/\",\"name\":\"BURKINISTAR\",\"description\":\"The Best Modest Swimwear and Bikini Store | Burkinistar\",\"potentialAction\":[{\"@type\":\"SearchAction\",\"target\":{\"@type\":\"EntryPoint\",\"urlTemplate\":\"https:\/\/burkinistar.com\/?s={search_term_string}\"},\"query-input\":{\"@type\":\"PropertyValueSpecification\",\"valueRequired\":true,\"valueName\":\"search_term_string\"}}],\"inLanguage\":\"en-US\"}]}<\/script>\n<!-- \/ Yoast SEO plugin. -->","yoast_head_json":{"title":"Etekli Mayo \u0130nce Ask\u0131l\u0131 Yar\u0131 Kapal\u0131 Ye\u015fil - BURKINISTAR","robots":{"index":"index","follow":"follow","max-snippet":"max-snippet:-1","max-image-preview":"max-image-preview:large","max-video-preview":"max-video-preview:-1"},"canonical":"https:\/\/burkinistar.com\/?product=etekli-mayo-ince-askili-yari-kapali-yesil","og_locale":"en_US","og_type":"article","og_title":"Etekli Mayo \u0130nce Ask\u0131l\u0131 Yar\u0131 Kapal\u0131 Ye\u015fil - BURKINISTAR","og_description":"\u0130nce ask\u0131l\u0131 etekli mayonun alt\u0131 \u015fort \u015feklindedir. Likral\u0131 kuma\u015ftan \u00fcretilmi\u015ftir. G\u00f6\u011f\u00fcs pedi vard\u0131r. Manken \u00f6l\u00e7\u00fcleri&hellip;","og_url":"https:\/\/burkinistar.com\/?product=etekli-mayo-ince-askili-yari-kapali-yesil","og_site_name":"BURKINISTAR","article_modified_time":"2025-08-30T11:39:08+00:00","og_image":[{"width":600,"height":900,"url":"https:\/\/burkinistar.com\/wp-content\/uploads\/2025\/08\/elbise-mayoetekli-mayo-ince-askili-yar-fa-9be.jpg","type":"image\/jpeg"}],"twitter_card":"summary_large_image","schema":{"@context":"https:\/\/schema.org","@graph":[{"@type":"WebPage","@id":"https:\/\/burkinistar.com\/?product=etekli-mayo-ince-askili-yari-kapali-yesil","url":"https:\/\/burkinistar.com\/?product=etekli-mayo-ince-askili-yari-kapali-yesil","name":"Etekli Mayo \u0130nce Ask\u0131l\u0131 Yar\u0131 Kapal\u0131 Ye\u015fil - BURKINISTAR","isPartOf":{"@id":"https:\/\/burkinistar.com\/#website"},"primaryImageOfPage":{"@id":"https:\/\/burkinistar.com\/?product=etekli-mayo-ince-askili-yari-kapali-yesil#primaryimage"},"image":{"@id":"https:\/\/burkinistar.com\/?product=etekli-mayo-ince-askili-yari-kapali-yesil#primaryimage"},"thumbnailUrl":"https:\/\/burkinistar.com\/wp-content\/uploads\/2025\/08\/elbise-mayoetekli-mayo-ince-askili-yar-fa-9be.jpg","datePublished":"2025-08-30T11:38:53+00:00","dateModified":"2025-08-30T11:39:08+00:00","breadcrumb":{"@id":"https:\/\/burkinistar.com\/?product=etekli-mayo-ince-askili-yari-kapali-yesil#breadcrumb"},"inLanguage":"en-US","potentialAction":[{"@type":"ReadAction","target":["https:\/\/burkinistar.com\/?product=etekli-mayo-ince-askili-yari-kapali-yesil"]}]},{"@type":"ImageObject","inLanguage":"en-US","@id":"https:\/\/burkinistar.com\/?product=etekli-mayo-ince-askili-yari-kapali-yesil#primaryimage","url":"https:\/\/burkinistar.com\/wp-content\/uploads\/2025\/08\/elbise-mayoetekli-mayo-ince-askili-yar-fa-9be.jpg","contentUrl":"https:\/\/burkinistar.com\/wp-content\/uploads\/2025\/08\/elbise-mayoetekli-mayo-ince-askili-yar-fa-9be.jpg","width":600,"height":900},{"@type":"BreadcrumbList","@id":"https:\/\/burkinistar.com\/?product=etekli-mayo-ince-askili-yari-kapali-yesil#breadcrumb","itemListElement":[{"@type":"ListItem","position":1,"name":"Homepage","item":"https:\/\/burkinistar.com\/"},{"@type":"ListItem","position":2,"name":"All Products","item":"https:\/\/burkinistar.com\/?page_id=8"},{"@type":"ListItem","position":3,"name":"Etekli Mayo \u0130nce Ask\u0131l\u0131 Yar\u0131 Kapal\u0131 Ye\u015fil"}]},{"@type":"WebSite","@id":"https:\/\/burkinistar.com\/#website","url":"https:\/\/burkinistar.com\/","name":"BURKINISTAR","description":"The Best Modest Swimwear and Bikini Store | Burkinistar","potentialAction":[{"@type":"SearchAction","target":{"@type":"EntryPoint","urlTemplate":"https:\/\/burkinistar.com\/?s={search_term_string}"},"query-input":{"@type":"PropertyValueSpecification","valueRequired":true,"valueName":"search_term_string"}}],"inLanguage":"en-US"}]}},"_links":{"self":[{"href":"https:\/\/burkinistar.com\/index.php?rest_route=\/wp\/v2\/product\/52670","targetHints":{"allow":["GET"]}}],"collection":[{"href":"https:\/\/burkinistar.com\/index.php?rest_route=\/wp\/v2\/product"}],"about":[{"href":"https:\/\/burkinistar.com\/index.php?rest_route=\/wp\/v2\/types\/product"}],"replies":[{"embeddable":true,"href":"https:\/\/burkinistar.com\/index.php?rest_route=%2Fwp%2Fv2%2Fcomments&post=52670"}],"version-history":[{"count":1,"href":"https:\/\/burkinistar.com\/index.php?rest_route=\/wp\/v2\/product\/52670\/revisions"}],"predecessor-version":[{"id":52671,"href":"https:\/\/burkinistar.com\/index.php?rest_route=\/wp\/v2\/product\/52670\/revisions\/52671"}],"wp:featuredmedia":[{"embeddable":true,"href":"https:\/\/burkinistar.com\/index.php?rest_route=\/wp\/v2\/media\/52673"}],"wp:attachment":[{"href":"https:\/\/burkinistar.com\/index.php?rest_route=%2Fwp%2Fv2%2Fmedia&parent=52670"}],"wp:term":[{"taxonomy":"product_brand","embeddable":true,"href":"https:\/\/burkinistar.com\/index.php?rest_route=%2Fwp%2Fv2%2Fproduct_brand&post=52670"},{"taxonomy":"product_cat","embeddable":true,"href":"https:\/\/burkinistar.com\/index.php?rest_route=%2Fwp%2Fv2%2Fproduct_cat&post=52670"},{"taxonomy":"product_tag","embeddable":true,"href":"https:\/\/burkinistar.com\/index.php?rest_route=%2Fwp%2Fv2%2Fproduct_tag&post=52670"}],"curies":[{"name":"wp","href":"https:\/\/api.w.org\/{rel}","templated":true}]}}