{"id":52686,"date":"2025-08-30T11:39:09","date_gmt":"2025-08-30T11:39:09","guid":{"rendered":"https:\/\/burkinistar.com\/?product=sortlu-tankini-boyundan-baglamali-siyah-etnik-desen"},"modified":"2025-08-30T11:39:18","modified_gmt":"2025-08-30T11:39:18","slug":"sortlu-tankini-boyundan-baglamali-siyah-etnik-desen","status":"publish","type":"product","link":"https:\/\/burkinistar.com\/?product=sortlu-tankini-boyundan-baglamali-siyah-etnik-desen","title":{"rendered":"\u015eortlu Tankini Boyundan Ba\u011flamal\u0131 Siyah Etnik Desen"},"content":{"rendered":"<p>Starinci \u015eortlu Boyundan Ba\u011flamal\u0131 Tankini Tankini \u015fort ve \u00fcst olmak \u00fczere iki par\u00e7ad\u0131r. H\u0131zl\u0131 kuruyan esnek mayo kuma\u015f\u0131ndan \u00fcretilmi\u015ftir. \u00d6n\u00fcndeki kurdela \u00e7\u0131kar\u0131labilir. \u015eortu toparlay\u0131c\u0131d\u0131r. G\u00f6\u011f\u00fcs s\u00fcngeri vard\u0131r. \u015eortu \u00e7ift kat kuma\u015ftan \u00fcretilmi\u015ftir. Manken 38 beden giyinmi\u015ftir. Manken \u00f6l\u00e7\u00fcleri 80\/61\/93 dir.<\/p>\n","protected":false},"excerpt":{"rendered":"<p>Starinci \u015eortlu Boyundan Ba\u011flamal\u0131 Tankini Tankini \u015fort ve \u00fcst olmak \u00fczere iki par\u00e7ad\u0131r. H\u0131zl\u0131 kuruyan&hellip;<\/p>\n","protected":false},"featured_media":52689,"comment_status":"closed","ping_status":"open","template":"","meta":[],"product_brand":[2562],"product_cat":[2567],"product_tag":[],"class_list":{"0":"post-52686","1":"product","2":"type-product","3":"status-publish","4":"has-post-thumbnail","6":"product_brand-starinci-mayo","7":"product_cat-elbise-mayo","8":"pa_color-siyah","9":"pa_size-2581","10":"pa_size-2582","11":"pa_size-2583","12":"pa_size-2585","13":"pa_size-2588","15":"first","16":"instock","17":"shipping-taxable","18":"purchasable","19":"product-type-variable","20":"layout-style-2","21":"col-md-4 col-sm-4 col-xs-6","22":"col-lg-4","23":"product-has-gallery","24":"product-style-slider"},"yoast_head":"<!-- This site is optimized with the Yoast SEO plugin v25.8 - https:\/\/yoast.com\/wordpress\/plugins\/seo\/ -->\n<title>\u015eortlu Tankini Boyundan Ba\u011flamal\u0131 Siyah Etnik Desen - BURKINISTAR<\/title>\n<meta name=\"robots\" content=\"index, follow, max-snippet:-1, max-image-preview:large, max-video-preview:-1\" \/>\n<link rel=\"canonical\" href=\"https:\/\/burkinistar.com\/?product=sortlu-tankini-boyundan-baglamali-siyah-etnik-desen\" \/>\n<meta property=\"og:locale\" content=\"en_US\" \/>\n<meta property=\"og:type\" content=\"article\" \/>\n<meta property=\"og:title\" content=\"\u015eortlu Tankini Boyundan Ba\u011flamal\u0131 Siyah Etnik Desen - BURKINISTAR\" \/>\n<meta property=\"og:description\" content=\"Starinci \u015eortlu Boyundan Ba\u011flamal\u0131 Tankini Tankini \u015fort ve \u00fcst olmak \u00fczere iki par\u00e7ad\u0131r. H\u0131zl\u0131 kuruyan&hellip;\" \/>\n<meta property=\"og:url\" content=\"https:\/\/burkinistar.com\/?product=sortlu-tankini-boyundan-baglamali-siyah-etnik-desen\" \/>\n<meta property=\"og:site_name\" content=\"BURKINISTAR\" \/>\n<meta property=\"article:modified_time\" content=\"2025-08-30T11:39:18+00:00\" \/>\n<meta property=\"og:image\" content=\"https:\/\/burkinistar.com\/wp-content\/uploads\/2025\/08\/elbise-mayosortlu-tankini-boyundan-bag-ca43f9.jpg\" \/>\n\t<meta property=\"og:image:width\" content=\"600\" \/>\n\t<meta property=\"og:image:height\" content=\"900\" \/>\n\t<meta property=\"og:image:type\" content=\"image\/jpeg\" \/>\n<meta name=\"twitter:card\" content=\"summary_large_image\" \/>\n<script type=\"application\/ld+json\" class=\"yoast-schema-graph\">{\"@context\":\"https:\/\/schema.org\",\"@graph\":[{\"@type\":\"WebPage\",\"@id\":\"https:\/\/burkinistar.com\/?product=sortlu-tankini-boyundan-baglamali-siyah-etnik-desen\",\"url\":\"https:\/\/burkinistar.com\/?product=sortlu-tankini-boyundan-baglamali-siyah-etnik-desen\",\"name\":\"\u015eortlu Tankini Boyundan Ba\u011flamal\u0131 Siyah Etnik Desen - BURKINISTAR\",\"isPartOf\":{\"@id\":\"https:\/\/burkinistar.com\/#website\"},\"primaryImageOfPage\":{\"@id\":\"https:\/\/burkinistar.com\/?product=sortlu-tankini-boyundan-baglamali-siyah-etnik-desen#primaryimage\"},\"image\":{\"@id\":\"https:\/\/burkinistar.com\/?product=sortlu-tankini-boyundan-baglamali-siyah-etnik-desen#primaryimage\"},\"thumbnailUrl\":\"https:\/\/burkinistar.com\/wp-content\/uploads\/2025\/08\/elbise-mayosortlu-tankini-boyundan-bag-ca43f9.jpg\",\"datePublished\":\"2025-08-30T11:39:09+00:00\",\"dateModified\":\"2025-08-30T11:39:18+00:00\",\"breadcrumb\":{\"@id\":\"https:\/\/burkinistar.com\/?product=sortlu-tankini-boyundan-baglamali-siyah-etnik-desen#breadcrumb\"},\"inLanguage\":\"en-US\",\"potentialAction\":[{\"@type\":\"ReadAction\",\"target\":[\"https:\/\/burkinistar.com\/?product=sortlu-tankini-boyundan-baglamali-siyah-etnik-desen\"]}]},{\"@type\":\"ImageObject\",\"inLanguage\":\"en-US\",\"@id\":\"https:\/\/burkinistar.com\/?product=sortlu-tankini-boyundan-baglamali-siyah-etnik-desen#primaryimage\",\"url\":\"https:\/\/burkinistar.com\/wp-content\/uploads\/2025\/08\/elbise-mayosortlu-tankini-boyundan-bag-ca43f9.jpg\",\"contentUrl\":\"https:\/\/burkinistar.com\/wp-content\/uploads\/2025\/08\/elbise-mayosortlu-tankini-boyundan-bag-ca43f9.jpg\",\"width\":600,\"height\":900},{\"@type\":\"BreadcrumbList\",\"@id\":\"https:\/\/burkinistar.com\/?product=sortlu-tankini-boyundan-baglamali-siyah-etnik-desen#breadcrumb\",\"itemListElement\":[{\"@type\":\"ListItem\",\"position\":1,\"name\":\"Homepage\",\"item\":\"https:\/\/burkinistar.com\/\"},{\"@type\":\"ListItem\",\"position\":2,\"name\":\"All Products\",\"item\":\"https:\/\/burkinistar.com\/?page_id=8\"},{\"@type\":\"ListItem\",\"position\":3,\"name\":\"\u015eortlu Tankini Boyundan Ba\u011flamal\u0131 Siyah Etnik Desen\"}]},{\"@type\":\"WebSite\",\"@id\":\"https:\/\/burkinistar.com\/#website\",\"url\":\"https:\/\/burkinistar.com\/\",\"name\":\"BURKINISTAR\",\"description\":\"The Best Modest Swimwear and Bikini Store | Burkinistar\",\"potentialAction\":[{\"@type\":\"SearchAction\",\"target\":{\"@type\":\"EntryPoint\",\"urlTemplate\":\"https:\/\/burkinistar.com\/?s={search_term_string}\"},\"query-input\":{\"@type\":\"PropertyValueSpecification\",\"valueRequired\":true,\"valueName\":\"search_term_string\"}}],\"inLanguage\":\"en-US\"}]}<\/script>\n<!-- \/ Yoast SEO plugin. -->","yoast_head_json":{"title":"\u015eortlu Tankini Boyundan Ba\u011flamal\u0131 Siyah Etnik Desen - BURKINISTAR","robots":{"index":"index","follow":"follow","max-snippet":"max-snippet:-1","max-image-preview":"max-image-preview:large","max-video-preview":"max-video-preview:-1"},"canonical":"https:\/\/burkinistar.com\/?product=sortlu-tankini-boyundan-baglamali-siyah-etnik-desen","og_locale":"en_US","og_type":"article","og_title":"\u015eortlu Tankini Boyundan Ba\u011flamal\u0131 Siyah Etnik Desen - BURKINISTAR","og_description":"Starinci \u015eortlu Boyundan Ba\u011flamal\u0131 Tankini Tankini \u015fort ve \u00fcst olmak \u00fczere iki par\u00e7ad\u0131r. H\u0131zl\u0131 kuruyan&hellip;","og_url":"https:\/\/burkinistar.com\/?product=sortlu-tankini-boyundan-baglamali-siyah-etnik-desen","og_site_name":"BURKINISTAR","article_modified_time":"2025-08-30T11:39:18+00:00","og_image":[{"width":600,"height":900,"url":"https:\/\/burkinistar.com\/wp-content\/uploads\/2025\/08\/elbise-mayosortlu-tankini-boyundan-bag-ca43f9.jpg","type":"image\/jpeg"}],"twitter_card":"summary_large_image","schema":{"@context":"https:\/\/schema.org","@graph":[{"@type":"WebPage","@id":"https:\/\/burkinistar.com\/?product=sortlu-tankini-boyundan-baglamali-siyah-etnik-desen","url":"https:\/\/burkinistar.com\/?product=sortlu-tankini-boyundan-baglamali-siyah-etnik-desen","name":"\u015eortlu Tankini Boyundan Ba\u011flamal\u0131 Siyah Etnik Desen - BURKINISTAR","isPartOf":{"@id":"https:\/\/burkinistar.com\/#website"},"primaryImageOfPage":{"@id":"https:\/\/burkinistar.com\/?product=sortlu-tankini-boyundan-baglamali-siyah-etnik-desen#primaryimage"},"image":{"@id":"https:\/\/burkinistar.com\/?product=sortlu-tankini-boyundan-baglamali-siyah-etnik-desen#primaryimage"},"thumbnailUrl":"https:\/\/burkinistar.com\/wp-content\/uploads\/2025\/08\/elbise-mayosortlu-tankini-boyundan-bag-ca43f9.jpg","datePublished":"2025-08-30T11:39:09+00:00","dateModified":"2025-08-30T11:39:18+00:00","breadcrumb":{"@id":"https:\/\/burkinistar.com\/?product=sortlu-tankini-boyundan-baglamali-siyah-etnik-desen#breadcrumb"},"inLanguage":"en-US","potentialAction":[{"@type":"ReadAction","target":["https:\/\/burkinistar.com\/?product=sortlu-tankini-boyundan-baglamali-siyah-etnik-desen"]}]},{"@type":"ImageObject","inLanguage":"en-US","@id":"https:\/\/burkinistar.com\/?product=sortlu-tankini-boyundan-baglamali-siyah-etnik-desen#primaryimage","url":"https:\/\/burkinistar.com\/wp-content\/uploads\/2025\/08\/elbise-mayosortlu-tankini-boyundan-bag-ca43f9.jpg","contentUrl":"https:\/\/burkinistar.com\/wp-content\/uploads\/2025\/08\/elbise-mayosortlu-tankini-boyundan-bag-ca43f9.jpg","width":600,"height":900},{"@type":"BreadcrumbList","@id":"https:\/\/burkinistar.com\/?product=sortlu-tankini-boyundan-baglamali-siyah-etnik-desen#breadcrumb","itemListElement":[{"@type":"ListItem","position":1,"name":"Homepage","item":"https:\/\/burkinistar.com\/"},{"@type":"ListItem","position":2,"name":"All Products","item":"https:\/\/burkinistar.com\/?page_id=8"},{"@type":"ListItem","position":3,"name":"\u015eortlu Tankini Boyundan Ba\u011flamal\u0131 Siyah Etnik Desen"}]},{"@type":"WebSite","@id":"https:\/\/burkinistar.com\/#website","url":"https:\/\/burkinistar.com\/","name":"BURKINISTAR","description":"The Best Modest Swimwear and Bikini Store | Burkinistar","potentialAction":[{"@type":"SearchAction","target":{"@type":"EntryPoint","urlTemplate":"https:\/\/burkinistar.com\/?s={search_term_string}"},"query-input":{"@type":"PropertyValueSpecification","valueRequired":true,"valueName":"search_term_string"}}],"inLanguage":"en-US"}]}},"_links":{"self":[{"href":"https:\/\/burkinistar.com\/index.php?rest_route=\/wp\/v2\/product\/52686","targetHints":{"allow":["GET"]}}],"collection":[{"href":"https:\/\/burkinistar.com\/index.php?rest_route=\/wp\/v2\/product"}],"about":[{"href":"https:\/\/burkinistar.com\/index.php?rest_route=\/wp\/v2\/types\/product"}],"replies":[{"embeddable":true,"href":"https:\/\/burkinistar.com\/index.php?rest_route=%2Fwp%2Fv2%2Fcomments&post=52686"}],"version-history":[{"count":1,"href":"https:\/\/burkinistar.com\/index.php?rest_route=\/wp\/v2\/product\/52686\/revisions"}],"predecessor-version":[{"id":52687,"href":"https:\/\/burkinistar.com\/index.php?rest_route=\/wp\/v2\/product\/52686\/revisions\/52687"}],"wp:featuredmedia":[{"embeddable":true,"href":"https:\/\/burkinistar.com\/index.php?rest_route=\/wp\/v2\/media\/52689"}],"wp:attachment":[{"href":"https:\/\/burkinistar.com\/index.php?rest_route=%2Fwp%2Fv2%2Fmedia&parent=52686"}],"wp:term":[{"taxonomy":"product_brand","embeddable":true,"href":"https:\/\/burkinistar.com\/index.php?rest_route=%2Fwp%2Fv2%2Fproduct_brand&post=52686"},{"taxonomy":"product_cat","embeddable":true,"href":"https:\/\/burkinistar.com\/index.php?rest_route=%2Fwp%2Fv2%2Fproduct_cat&post=52686"},{"taxonomy":"product_tag","embeddable":true,"href":"https:\/\/burkinistar.com\/index.php?rest_route=%2Fwp%2Fv2%2Fproduct_tag&post=52686"}],"curies":[{"name":"wp","href":"https:\/\/api.w.org\/{rel}","templated":true}]}}