{"id":52943,"date":"2025-08-30T11:40:04","date_gmt":"2025-08-30T11:40:04","guid":{"rendered":"https:\/\/burkinistar.com\/?product=bikini-takimi-toparlayici-lacivert-puantiyeli"},"modified":"2025-08-30T11:40:17","modified_gmt":"2025-08-30T11:40:17","slug":"bikini-takimi-toparlayici-lacivert-puantiyeli","status":"publish","type":"product","link":"https:\/\/burkinistar.com\/?product=bikini-takimi-toparlayici-lacivert-puantiyeli","title":{"rendered":"Bikini Tak\u0131m\u0131 Toparlay\u0131c\u0131 Lacivert Puantiyeli"},"content":{"rendered":"<p>Bikini Tak\u0131m\u0131 Toparlay\u0131c\u0131 Lacivert Tak\u0131m\u0131 bikini alt\u0131 ve bikini \u00fcst\u00fc olmak \u00fczere iki par\u00e7ad\u0131r. G\u00f6\u011f\u00fcs pedi vard\u0131r. H\u0131zl\u0131 kuruma \u00f6zelli\u011fi olan esnek kuma\u015ftan \u00fcretilmi\u015ftir. Bu \u00fcr\u00fcn ba\u015fka markalar taraf\u0131ndan starinci i\u00e7in \u00fcretilmi\u015ftir.<\/p>\n","protected":false},"excerpt":{"rendered":"<p>Bikini Tak\u0131m\u0131 Toparlay\u0131c\u0131 Lacivert Tak\u0131m\u0131 bikini alt\u0131 ve bikini \u00fcst\u00fc olmak \u00fczere iki par\u00e7ad\u0131r. G\u00f6\u011f\u00fcs&hellip;<\/p>\n","protected":false},"featured_media":52946,"comment_status":"closed","ping_status":"open","template":"","meta":[],"product_brand":[2562],"product_cat":[2503],"product_tag":[],"class_list":{"0":"post-52943","1":"product","2":"type-product","3":"status-publish","4":"has-post-thumbnail","6":"product_brand-starinci-mayo","7":"product_cat-bikini","8":"pa_color-lacivert","9":"pa_size-2583","11":"first","12":"instock","13":"shipping-taxable","14":"purchasable","15":"product-type-variable","16":"layout-style-2","17":"col-md-4 col-sm-4 col-xs-6","18":"col-lg-4","19":"product-has-gallery","20":"product-style-slider"},"yoast_head":"<!-- This site is optimized with the Yoast SEO plugin v25.8 - https:\/\/yoast.com\/wordpress\/plugins\/seo\/ -->\n<title>Bikini Tak\u0131m\u0131 Toparlay\u0131c\u0131 Lacivert Puantiyeli - BURKINISTAR<\/title>\n<meta name=\"robots\" content=\"index, follow, max-snippet:-1, max-image-preview:large, max-video-preview:-1\" \/>\n<link rel=\"canonical\" href=\"https:\/\/burkinistar.com\/?product=bikini-takimi-toparlayici-lacivert-puantiyeli\" \/>\n<meta property=\"og:locale\" content=\"en_US\" \/>\n<meta property=\"og:type\" content=\"article\" \/>\n<meta property=\"og:title\" content=\"Bikini Tak\u0131m\u0131 Toparlay\u0131c\u0131 Lacivert Puantiyeli - BURKINISTAR\" \/>\n<meta property=\"og:description\" content=\"Bikini Tak\u0131m\u0131 Toparlay\u0131c\u0131 Lacivert Tak\u0131m\u0131 bikini alt\u0131 ve bikini \u00fcst\u00fc olmak \u00fczere iki par\u00e7ad\u0131r. G\u00f6\u011f\u00fcs&hellip;\" \/>\n<meta property=\"og:url\" content=\"https:\/\/burkinistar.com\/?product=bikini-takimi-toparlayici-lacivert-puantiyeli\" \/>\n<meta property=\"og:site_name\" content=\"BURKINISTAR\" \/>\n<meta property=\"article:modified_time\" content=\"2025-08-30T11:40:17+00:00\" \/>\n<meta property=\"og:image\" content=\"https:\/\/burkinistar.com\/wp-content\/uploads\/2025\/08\/bikinibikini-takimi-toparlayici-lacive-322-a4.jpg\" \/>\n\t<meta property=\"og:image:width\" content=\"600\" \/>\n\t<meta property=\"og:image:height\" content=\"900\" \/>\n\t<meta property=\"og:image:type\" content=\"image\/jpeg\" \/>\n<meta name=\"twitter:card\" content=\"summary_large_image\" \/>\n<script type=\"application\/ld+json\" class=\"yoast-schema-graph\">{\"@context\":\"https:\/\/schema.org\",\"@graph\":[{\"@type\":\"WebPage\",\"@id\":\"https:\/\/burkinistar.com\/?product=bikini-takimi-toparlayici-lacivert-puantiyeli\",\"url\":\"https:\/\/burkinistar.com\/?product=bikini-takimi-toparlayici-lacivert-puantiyeli\",\"name\":\"Bikini Tak\u0131m\u0131 Toparlay\u0131c\u0131 Lacivert Puantiyeli - BURKINISTAR\",\"isPartOf\":{\"@id\":\"https:\/\/burkinistar.com\/#website\"},\"primaryImageOfPage\":{\"@id\":\"https:\/\/burkinistar.com\/?product=bikini-takimi-toparlayici-lacivert-puantiyeli#primaryimage\"},\"image\":{\"@id\":\"https:\/\/burkinistar.com\/?product=bikini-takimi-toparlayici-lacivert-puantiyeli#primaryimage\"},\"thumbnailUrl\":\"https:\/\/burkinistar.com\/wp-content\/uploads\/2025\/08\/bikinibikini-takimi-toparlayici-lacive-322-a4.jpg\",\"datePublished\":\"2025-08-30T11:40:04+00:00\",\"dateModified\":\"2025-08-30T11:40:17+00:00\",\"breadcrumb\":{\"@id\":\"https:\/\/burkinistar.com\/?product=bikini-takimi-toparlayici-lacivert-puantiyeli#breadcrumb\"},\"inLanguage\":\"en-US\",\"potentialAction\":[{\"@type\":\"ReadAction\",\"target\":[\"https:\/\/burkinistar.com\/?product=bikini-takimi-toparlayici-lacivert-puantiyeli\"]}]},{\"@type\":\"ImageObject\",\"inLanguage\":\"en-US\",\"@id\":\"https:\/\/burkinistar.com\/?product=bikini-takimi-toparlayici-lacivert-puantiyeli#primaryimage\",\"url\":\"https:\/\/burkinistar.com\/wp-content\/uploads\/2025\/08\/bikinibikini-takimi-toparlayici-lacive-322-a4.jpg\",\"contentUrl\":\"https:\/\/burkinistar.com\/wp-content\/uploads\/2025\/08\/bikinibikini-takimi-toparlayici-lacive-322-a4.jpg\",\"width\":600,\"height\":900},{\"@type\":\"BreadcrumbList\",\"@id\":\"https:\/\/burkinistar.com\/?product=bikini-takimi-toparlayici-lacivert-puantiyeli#breadcrumb\",\"itemListElement\":[{\"@type\":\"ListItem\",\"position\":1,\"name\":\"Homepage\",\"item\":\"https:\/\/burkinistar.com\/\"},{\"@type\":\"ListItem\",\"position\":2,\"name\":\"All Products\",\"item\":\"https:\/\/burkinistar.com\/?page_id=8\"},{\"@type\":\"ListItem\",\"position\":3,\"name\":\"Bikini Tak\u0131m\u0131 Toparlay\u0131c\u0131 Lacivert Puantiyeli\"}]},{\"@type\":\"WebSite\",\"@id\":\"https:\/\/burkinistar.com\/#website\",\"url\":\"https:\/\/burkinistar.com\/\",\"name\":\"BURKINISTAR\",\"description\":\"The Best Modest Swimwear and Bikini Store | Burkinistar\",\"potentialAction\":[{\"@type\":\"SearchAction\",\"target\":{\"@type\":\"EntryPoint\",\"urlTemplate\":\"https:\/\/burkinistar.com\/?s={search_term_string}\"},\"query-input\":{\"@type\":\"PropertyValueSpecification\",\"valueRequired\":true,\"valueName\":\"search_term_string\"}}],\"inLanguage\":\"en-US\"}]}<\/script>\n<!-- \/ Yoast SEO plugin. -->","yoast_head_json":{"title":"Bikini Tak\u0131m\u0131 Toparlay\u0131c\u0131 Lacivert Puantiyeli - BURKINISTAR","robots":{"index":"index","follow":"follow","max-snippet":"max-snippet:-1","max-image-preview":"max-image-preview:large","max-video-preview":"max-video-preview:-1"},"canonical":"https:\/\/burkinistar.com\/?product=bikini-takimi-toparlayici-lacivert-puantiyeli","og_locale":"en_US","og_type":"article","og_title":"Bikini Tak\u0131m\u0131 Toparlay\u0131c\u0131 Lacivert Puantiyeli - BURKINISTAR","og_description":"Bikini Tak\u0131m\u0131 Toparlay\u0131c\u0131 Lacivert Tak\u0131m\u0131 bikini alt\u0131 ve bikini \u00fcst\u00fc olmak \u00fczere iki par\u00e7ad\u0131r. G\u00f6\u011f\u00fcs&hellip;","og_url":"https:\/\/burkinistar.com\/?product=bikini-takimi-toparlayici-lacivert-puantiyeli","og_site_name":"BURKINISTAR","article_modified_time":"2025-08-30T11:40:17+00:00","og_image":[{"width":600,"height":900,"url":"https:\/\/burkinistar.com\/wp-content\/uploads\/2025\/08\/bikinibikini-takimi-toparlayici-lacive-322-a4.jpg","type":"image\/jpeg"}],"twitter_card":"summary_large_image","schema":{"@context":"https:\/\/schema.org","@graph":[{"@type":"WebPage","@id":"https:\/\/burkinistar.com\/?product=bikini-takimi-toparlayici-lacivert-puantiyeli","url":"https:\/\/burkinistar.com\/?product=bikini-takimi-toparlayici-lacivert-puantiyeli","name":"Bikini Tak\u0131m\u0131 Toparlay\u0131c\u0131 Lacivert Puantiyeli - BURKINISTAR","isPartOf":{"@id":"https:\/\/burkinistar.com\/#website"},"primaryImageOfPage":{"@id":"https:\/\/burkinistar.com\/?product=bikini-takimi-toparlayici-lacivert-puantiyeli#primaryimage"},"image":{"@id":"https:\/\/burkinistar.com\/?product=bikini-takimi-toparlayici-lacivert-puantiyeli#primaryimage"},"thumbnailUrl":"https:\/\/burkinistar.com\/wp-content\/uploads\/2025\/08\/bikinibikini-takimi-toparlayici-lacive-322-a4.jpg","datePublished":"2025-08-30T11:40:04+00:00","dateModified":"2025-08-30T11:40:17+00:00","breadcrumb":{"@id":"https:\/\/burkinistar.com\/?product=bikini-takimi-toparlayici-lacivert-puantiyeli#breadcrumb"},"inLanguage":"en-US","potentialAction":[{"@type":"ReadAction","target":["https:\/\/burkinistar.com\/?product=bikini-takimi-toparlayici-lacivert-puantiyeli"]}]},{"@type":"ImageObject","inLanguage":"en-US","@id":"https:\/\/burkinistar.com\/?product=bikini-takimi-toparlayici-lacivert-puantiyeli#primaryimage","url":"https:\/\/burkinistar.com\/wp-content\/uploads\/2025\/08\/bikinibikini-takimi-toparlayici-lacive-322-a4.jpg","contentUrl":"https:\/\/burkinistar.com\/wp-content\/uploads\/2025\/08\/bikinibikini-takimi-toparlayici-lacive-322-a4.jpg","width":600,"height":900},{"@type":"BreadcrumbList","@id":"https:\/\/burkinistar.com\/?product=bikini-takimi-toparlayici-lacivert-puantiyeli#breadcrumb","itemListElement":[{"@type":"ListItem","position":1,"name":"Homepage","item":"https:\/\/burkinistar.com\/"},{"@type":"ListItem","position":2,"name":"All Products","item":"https:\/\/burkinistar.com\/?page_id=8"},{"@type":"ListItem","position":3,"name":"Bikini Tak\u0131m\u0131 Toparlay\u0131c\u0131 Lacivert Puantiyeli"}]},{"@type":"WebSite","@id":"https:\/\/burkinistar.com\/#website","url":"https:\/\/burkinistar.com\/","name":"BURKINISTAR","description":"The Best Modest Swimwear and Bikini Store | Burkinistar","potentialAction":[{"@type":"SearchAction","target":{"@type":"EntryPoint","urlTemplate":"https:\/\/burkinistar.com\/?s={search_term_string}"},"query-input":{"@type":"PropertyValueSpecification","valueRequired":true,"valueName":"search_term_string"}}],"inLanguage":"en-US"}]}},"_links":{"self":[{"href":"https:\/\/burkinistar.com\/index.php?rest_route=\/wp\/v2\/product\/52943","targetHints":{"allow":["GET"]}}],"collection":[{"href":"https:\/\/burkinistar.com\/index.php?rest_route=\/wp\/v2\/product"}],"about":[{"href":"https:\/\/burkinistar.com\/index.php?rest_route=\/wp\/v2\/types\/product"}],"replies":[{"embeddable":true,"href":"https:\/\/burkinistar.com\/index.php?rest_route=%2Fwp%2Fv2%2Fcomments&post=52943"}],"version-history":[{"count":1,"href":"https:\/\/burkinistar.com\/index.php?rest_route=\/wp\/v2\/product\/52943\/revisions"}],"predecessor-version":[{"id":52944,"href":"https:\/\/burkinistar.com\/index.php?rest_route=\/wp\/v2\/product\/52943\/revisions\/52944"}],"wp:featuredmedia":[{"embeddable":true,"href":"https:\/\/burkinistar.com\/index.php?rest_route=\/wp\/v2\/media\/52946"}],"wp:attachment":[{"href":"https:\/\/burkinistar.com\/index.php?rest_route=%2Fwp%2Fv2%2Fmedia&parent=52943"}],"wp:term":[{"taxonomy":"product_brand","embeddable":true,"href":"https:\/\/burkinistar.com\/index.php?rest_route=%2Fwp%2Fv2%2Fproduct_brand&post=52943"},{"taxonomy":"product_cat","embeddable":true,"href":"https:\/\/burkinistar.com\/index.php?rest_route=%2Fwp%2Fv2%2Fproduct_cat&post=52943"},{"taxonomy":"product_tag","embeddable":true,"href":"https:\/\/burkinistar.com\/index.php?rest_route=%2Fwp%2Fv2%2Fproduct_tag&post=52943"}],"curies":[{"name":"wp","href":"https:\/\/api.w.org\/{rel}","templated":true}]}}