{"id":53561,"date":"2025-08-30T11:43:41","date_gmt":"2025-08-30T11:43:41","guid":{"rendered":"https:\/\/burkinistar.com\/?product=tesettur-mayo-likrali-kanguru-cepli"},"modified":"2025-08-30T11:43:57","modified_gmt":"2025-08-30T11:43:57","slug":"tesettur-mayo-likrali-kanguru-cepli","status":"publish","type":"product","link":"https:\/\/burkinistar.com\/?product=tesettur-mayo-likrali-kanguru-cepli","title":{"rendered":"Tesett\u00fcr Mayo Likral\u0131 Kanguru Cepli"},"content":{"rendered":"<p><P>Kanguru cepli likral\u0131 tesett\u00fcr mayo tak\u0131m\u0131; pantolon, tunik, e\u015farp ve b\u00fcstiyerden olu\u015fmaktad\u0131r. H\u0131zl\u0131 kuruma \u00f6zelli\u011fi olan likral\u0131 polyester kar\u0131\u015f\u0131ml\u0131 kuma\u015ftan \u00fcretilmi\u015ftir. \u00d6n\u00fcndeki cep i\u015flevseldir. Beden se\u00e7imi i\u00e7in g\u00f6rsellerdeki beden tablosunu dikkate alman\u0131z\u0131 tavsiye ederiz. Bonesi e\u015farp \u015feklinde oldu\u011fundan ve omuzlara kadar devam eden kuma\u015f\u0131 sayesinde suda a\u00e7\u0131lmaz.<\/P><br \/>\n<P><\/P><br \/>\n<P><\/P><br \/>\n<P><\/P><br \/>\n<P><\/P><br \/>\n<P><\/P><br \/>\n<P>&nbsp;<\/P><\/p>\n","protected":false},"excerpt":{"rendered":"<p>Kanguru cepli likral\u0131 tesett\u00fcr mayo tak\u0131m\u0131; pantolon, tunik, e\u015farp ve b\u00fcstiyerden olu\u015fmaktad\u0131r. H\u0131zl\u0131 kuruma \u00f6zelli\u011fi&hellip;<\/p>\n","protected":false},"featured_media":53564,"comment_status":"closed","ping_status":"open","template":"","meta":[],"product_brand":[2555],"product_cat":[2575,2556],"product_tag":[],"class_list":{"0":"post-53561","1":"product","2":"type-product","3":"status-publish","4":"has-post-thumbnail","6":"product_brand-armes","7":"product_cat-likrali-tesettur-mayo","8":"product_cat-tesettur-mayo","9":"pa_color-pembe","10":"pa_size-2581","11":"pa_size-2582","12":"pa_size-2583","13":"pa_size-2584","14":"pa_size-2585","16":"first","17":"instock","18":"shipping-taxable","19":"purchasable","20":"product-type-variable","21":"layout-style-2","22":"col-md-4 col-sm-4 col-xs-6","23":"col-lg-4","24":"product-has-gallery","25":"product-style-slider"},"yoast_head":"<!-- This site is optimized with the Yoast SEO plugin v25.8 - https:\/\/yoast.com\/wordpress\/plugins\/seo\/ -->\n<title>Tesett\u00fcr Mayo Likral\u0131 Kanguru Cepli - BURKINISTAR<\/title>\n<meta name=\"robots\" content=\"index, follow, max-snippet:-1, max-image-preview:large, max-video-preview:-1\" \/>\n<link rel=\"canonical\" href=\"https:\/\/burkinistar.com\/?product=tesettur-mayo-likrali-kanguru-cepli\" \/>\n<meta property=\"og:locale\" content=\"en_US\" \/>\n<meta property=\"og:type\" content=\"article\" \/>\n<meta property=\"og:title\" content=\"Tesett\u00fcr Mayo Likral\u0131 Kanguru Cepli - BURKINISTAR\" \/>\n<meta property=\"og:description\" content=\"Kanguru cepli likral\u0131 tesett\u00fcr mayo tak\u0131m\u0131; pantolon, tunik, e\u015farp ve b\u00fcstiyerden olu\u015fmaktad\u0131r. H\u0131zl\u0131 kuruma \u00f6zelli\u011fi&hellip;\" \/>\n<meta property=\"og:url\" content=\"https:\/\/burkinistar.com\/?product=tesettur-mayo-likrali-kanguru-cepli\" \/>\n<meta property=\"og:site_name\" content=\"BURKINISTAR\" \/>\n<meta property=\"article:modified_time\" content=\"2025-08-30T11:43:57+00:00\" \/>\n<meta property=\"og:image\" content=\"https:\/\/burkinistar.com\/wp-content\/uploads\/2025\/08\/likrali-tesettur-mayotesettur-mayo-lik-4cb7.jpg\" \/>\n\t<meta property=\"og:image:width\" content=\"600\" \/>\n\t<meta property=\"og:image:height\" content=\"900\" \/>\n\t<meta property=\"og:image:type\" content=\"image\/jpeg\" \/>\n<meta name=\"twitter:card\" content=\"summary_large_image\" \/>\n<script type=\"application\/ld+json\" class=\"yoast-schema-graph\">{\"@context\":\"https:\/\/schema.org\",\"@graph\":[{\"@type\":\"WebPage\",\"@id\":\"https:\/\/burkinistar.com\/?product=tesettur-mayo-likrali-kanguru-cepli\",\"url\":\"https:\/\/burkinistar.com\/?product=tesettur-mayo-likrali-kanguru-cepli\",\"name\":\"Tesett\u00fcr Mayo Likral\u0131 Kanguru Cepli - BURKINISTAR\",\"isPartOf\":{\"@id\":\"https:\/\/burkinistar.com\/#website\"},\"primaryImageOfPage\":{\"@id\":\"https:\/\/burkinistar.com\/?product=tesettur-mayo-likrali-kanguru-cepli#primaryimage\"},\"image\":{\"@id\":\"https:\/\/burkinistar.com\/?product=tesettur-mayo-likrali-kanguru-cepli#primaryimage\"},\"thumbnailUrl\":\"https:\/\/burkinistar.com\/wp-content\/uploads\/2025\/08\/likrali-tesettur-mayotesettur-mayo-lik-4cb7.jpg\",\"datePublished\":\"2025-08-30T11:43:41+00:00\",\"dateModified\":\"2025-08-30T11:43:57+00:00\",\"breadcrumb\":{\"@id\":\"https:\/\/burkinistar.com\/?product=tesettur-mayo-likrali-kanguru-cepli#breadcrumb\"},\"inLanguage\":\"en-US\",\"potentialAction\":[{\"@type\":\"ReadAction\",\"target\":[\"https:\/\/burkinistar.com\/?product=tesettur-mayo-likrali-kanguru-cepli\"]}]},{\"@type\":\"ImageObject\",\"inLanguage\":\"en-US\",\"@id\":\"https:\/\/burkinistar.com\/?product=tesettur-mayo-likrali-kanguru-cepli#primaryimage\",\"url\":\"https:\/\/burkinistar.com\/wp-content\/uploads\/2025\/08\/likrali-tesettur-mayotesettur-mayo-lik-4cb7.jpg\",\"contentUrl\":\"https:\/\/burkinistar.com\/wp-content\/uploads\/2025\/08\/likrali-tesettur-mayotesettur-mayo-lik-4cb7.jpg\",\"width\":600,\"height\":900},{\"@type\":\"BreadcrumbList\",\"@id\":\"https:\/\/burkinistar.com\/?product=tesettur-mayo-likrali-kanguru-cepli#breadcrumb\",\"itemListElement\":[{\"@type\":\"ListItem\",\"position\":1,\"name\":\"Homepage\",\"item\":\"https:\/\/burkinistar.com\/\"},{\"@type\":\"ListItem\",\"position\":2,\"name\":\"All Products\",\"item\":\"https:\/\/burkinistar.com\/?page_id=8\"},{\"@type\":\"ListItem\",\"position\":3,\"name\":\"Tesett\u00fcr Mayo Likral\u0131 Kanguru Cepli\"}]},{\"@type\":\"WebSite\",\"@id\":\"https:\/\/burkinistar.com\/#website\",\"url\":\"https:\/\/burkinistar.com\/\",\"name\":\"BURKINISTAR\",\"description\":\"The Best Modest Swimwear and Bikini Store | Burkinistar\",\"potentialAction\":[{\"@type\":\"SearchAction\",\"target\":{\"@type\":\"EntryPoint\",\"urlTemplate\":\"https:\/\/burkinistar.com\/?s={search_term_string}\"},\"query-input\":{\"@type\":\"PropertyValueSpecification\",\"valueRequired\":true,\"valueName\":\"search_term_string\"}}],\"inLanguage\":\"en-US\"}]}<\/script>\n<!-- \/ Yoast SEO plugin. -->","yoast_head_json":{"title":"Tesett\u00fcr Mayo Likral\u0131 Kanguru Cepli - BURKINISTAR","robots":{"index":"index","follow":"follow","max-snippet":"max-snippet:-1","max-image-preview":"max-image-preview:large","max-video-preview":"max-video-preview:-1"},"canonical":"https:\/\/burkinistar.com\/?product=tesettur-mayo-likrali-kanguru-cepli","og_locale":"en_US","og_type":"article","og_title":"Tesett\u00fcr Mayo Likral\u0131 Kanguru Cepli - BURKINISTAR","og_description":"Kanguru cepli likral\u0131 tesett\u00fcr mayo tak\u0131m\u0131; pantolon, tunik, e\u015farp ve b\u00fcstiyerden olu\u015fmaktad\u0131r. H\u0131zl\u0131 kuruma \u00f6zelli\u011fi&hellip;","og_url":"https:\/\/burkinistar.com\/?product=tesettur-mayo-likrali-kanguru-cepli","og_site_name":"BURKINISTAR","article_modified_time":"2025-08-30T11:43:57+00:00","og_image":[{"width":600,"height":900,"url":"https:\/\/burkinistar.com\/wp-content\/uploads\/2025\/08\/likrali-tesettur-mayotesettur-mayo-lik-4cb7.jpg","type":"image\/jpeg"}],"twitter_card":"summary_large_image","schema":{"@context":"https:\/\/schema.org","@graph":[{"@type":"WebPage","@id":"https:\/\/burkinistar.com\/?product=tesettur-mayo-likrali-kanguru-cepli","url":"https:\/\/burkinistar.com\/?product=tesettur-mayo-likrali-kanguru-cepli","name":"Tesett\u00fcr Mayo Likral\u0131 Kanguru Cepli - BURKINISTAR","isPartOf":{"@id":"https:\/\/burkinistar.com\/#website"},"primaryImageOfPage":{"@id":"https:\/\/burkinistar.com\/?product=tesettur-mayo-likrali-kanguru-cepli#primaryimage"},"image":{"@id":"https:\/\/burkinistar.com\/?product=tesettur-mayo-likrali-kanguru-cepli#primaryimage"},"thumbnailUrl":"https:\/\/burkinistar.com\/wp-content\/uploads\/2025\/08\/likrali-tesettur-mayotesettur-mayo-lik-4cb7.jpg","datePublished":"2025-08-30T11:43:41+00:00","dateModified":"2025-08-30T11:43:57+00:00","breadcrumb":{"@id":"https:\/\/burkinistar.com\/?product=tesettur-mayo-likrali-kanguru-cepli#breadcrumb"},"inLanguage":"en-US","potentialAction":[{"@type":"ReadAction","target":["https:\/\/burkinistar.com\/?product=tesettur-mayo-likrali-kanguru-cepli"]}]},{"@type":"ImageObject","inLanguage":"en-US","@id":"https:\/\/burkinistar.com\/?product=tesettur-mayo-likrali-kanguru-cepli#primaryimage","url":"https:\/\/burkinistar.com\/wp-content\/uploads\/2025\/08\/likrali-tesettur-mayotesettur-mayo-lik-4cb7.jpg","contentUrl":"https:\/\/burkinistar.com\/wp-content\/uploads\/2025\/08\/likrali-tesettur-mayotesettur-mayo-lik-4cb7.jpg","width":600,"height":900},{"@type":"BreadcrumbList","@id":"https:\/\/burkinistar.com\/?product=tesettur-mayo-likrali-kanguru-cepli#breadcrumb","itemListElement":[{"@type":"ListItem","position":1,"name":"Homepage","item":"https:\/\/burkinistar.com\/"},{"@type":"ListItem","position":2,"name":"All Products","item":"https:\/\/burkinistar.com\/?page_id=8"},{"@type":"ListItem","position":3,"name":"Tesett\u00fcr Mayo Likral\u0131 Kanguru Cepli"}]},{"@type":"WebSite","@id":"https:\/\/burkinistar.com\/#website","url":"https:\/\/burkinistar.com\/","name":"BURKINISTAR","description":"The Best Modest Swimwear and Bikini Store | Burkinistar","potentialAction":[{"@type":"SearchAction","target":{"@type":"EntryPoint","urlTemplate":"https:\/\/burkinistar.com\/?s={search_term_string}"},"query-input":{"@type":"PropertyValueSpecification","valueRequired":true,"valueName":"search_term_string"}}],"inLanguage":"en-US"}]}},"_links":{"self":[{"href":"https:\/\/burkinistar.com\/index.php?rest_route=\/wp\/v2\/product\/53561","targetHints":{"allow":["GET"]}}],"collection":[{"href":"https:\/\/burkinistar.com\/index.php?rest_route=\/wp\/v2\/product"}],"about":[{"href":"https:\/\/burkinistar.com\/index.php?rest_route=\/wp\/v2\/types\/product"}],"replies":[{"embeddable":true,"href":"https:\/\/burkinistar.com\/index.php?rest_route=%2Fwp%2Fv2%2Fcomments&post=53561"}],"version-history":[{"count":1,"href":"https:\/\/burkinistar.com\/index.php?rest_route=\/wp\/v2\/product\/53561\/revisions"}],"predecessor-version":[{"id":53562,"href":"https:\/\/burkinistar.com\/index.php?rest_route=\/wp\/v2\/product\/53561\/revisions\/53562"}],"wp:featuredmedia":[{"embeddable":true,"href":"https:\/\/burkinistar.com\/index.php?rest_route=\/wp\/v2\/media\/53564"}],"wp:attachment":[{"href":"https:\/\/burkinistar.com\/index.php?rest_route=%2Fwp%2Fv2%2Fmedia&parent=53561"}],"wp:term":[{"taxonomy":"product_brand","embeddable":true,"href":"https:\/\/burkinistar.com\/index.php?rest_route=%2Fwp%2Fv2%2Fproduct_brand&post=53561"},{"taxonomy":"product_cat","embeddable":true,"href":"https:\/\/burkinistar.com\/index.php?rest_route=%2Fwp%2Fv2%2Fproduct_cat&post=53561"},{"taxonomy":"product_tag","embeddable":true,"href":"https:\/\/burkinistar.com\/index.php?rest_route=%2Fwp%2Fv2%2Fproduct_tag&post=53561"}],"curies":[{"name":"wp","href":"https:\/\/api.w.org\/{rel}","templated":true}]}}